/home2/mshostin/access-logs/hall-management.ms-hostingladz.com-ssl_log
35.246.212.20 - - [08/Jun/2026:13:16:24 +0000] "GET /.git/config HTTP/1.1" 403 1242 "-" "Mozilla/5.0 (Macintosh; Intel Mac OS X 10_13_5) AppleWebKit/537.36 (KHTML, like Gecko) Chrome/75.0.3770.142 Safari/537.36"
35.228.126.123 - - [08/Jun/2026:16:14:03 +0000] "GET /wp-json/gravitysmtp/v1/tests/mock-data?page=gravitysmtp-settings HTTP/1.1" 404 2307 "-" "Mozilla/5.0 (iPhone; CPU iPhone OS 11_2_6 like Mac OS X) AppleWebKit/604.5.6 (KHTML, like Gecko) Version/11.0 Mobile/15D100 Safari/604.1"
35.228.126.123 - - [08/Jun/2026:16:14:03 +0000] "GET /wp-json/gravitysmtp/v1/settings HTTP/1.1" 404 2307 "-" "Mozilla/5.0 (iPad; CPU OS 12_2 like Mac OS X) AppleWebKit/605.1.15 (KHTML, like Gecko) Version/12.1 Mobile/15E148 Safari/604.1"
35.228.126.123 - - [08/Jun/2026:16:14:03 +0000] "GET /wp-json/gravitysmtp/v1/tests/mock-data HTTP/1.1" 404 2307 "-" "Mozilla/5.0 (Linux; Android 7.0; SM-J710FN) AppleWebKit/537.36 (KHTML, like Gecko) Chrome/76.0.3809.111 Mobile Safari/537.36"
35.228.126.123 - - [08/Jun/2026:16:14:03 +0000] "GET /wp-json/gravitysmtp/v1/config HTTP/1.1" 404 2307 "-" "Mozilla/5.0 (Windows NT 6.3; Win64; x64) AppleWebKit/537.36 (KHTML, like Gecko) Chrome/75.0.3770.142 Safari/537.36 OPR/62.0.3331.116"
35.228.126.123 - - [08/Jun/2026:16:14:03 +0000] "GET /wp-json/wp/v2/settings HTTP/1.1" 404 2307 "-" "Mozilla/5.0 (Macintosh; Intel Mac OS X 10_13_5) AppleWebKit/537.36 (KHTML, like Gecko) Chrome/75.0.3770.142 Safari/537.36"
104.164.173.133 - - [08/Jun/2026:17:01:23 +0000] "GET / HTTP/1.1" 302 179 "-" "Mozilla/5.0 (Macintosh; Intel Mac OS X 10_15_7) AppleWebKit/537.36 (KHTML, like Gecko) Chrome/130.0.0.0 Safari/537.36"
104.252.191.34 - - [08/Jun/2026:17:01:22 +0000] "GET / HTTP/1.1" 302 179 "-" "Mozilla/5.0 (Macintosh; Intel Mac OS X 10_15_7) AppleWebKit/537.36 (KHTML, like Gecko) Chrome/130.0.0.0 Safari/537.36"
104.252.191.34 - - [08/Jun/2026:17:01:25 +0000] "GET /dashboard HTTP/1.1" 302 176 "-" "Mozilla/5.0 (Macintosh; Intel Mac OS X 10_15_7) AppleWebKit/537.36 (KHTML, like Gecko) Chrome/130.0.0.0 Safari/537.36"
104.164.173.133 - - [08/Jun/2026:17:01:25 +0000] "GET /dashboard HTTP/1.1" 302 176 "-" "Mozilla/5.0 (Macintosh; Intel Mac OS X 10_15_7) AppleWebKit/537.36 (KHTML, like Gecko) Chrome/130.0.0.0 Safari/537.36"
104.252.191.34 - - [08/Jun/2026:17:01:26 +0000] "GET /login HTTP/1.1" 200 1549 "-" "Mozilla/5.0 (Macintosh; Intel Mac OS X 10_15_7) AppleWebKit/537.36 (KHTML, like Gecko) Chrome/130.0.0.0 Safari/537.36"
104.164.173.133 - - [08/Jun/2026:17:01:27 +0000] "GET /login HTTP/1.1" 200 1549 "-" "Mozilla/5.0 (Macintosh; Intel Mac OS X 10_15_7) AppleWebKit/537.36 (KHTML, like Gecko) Chrome/130.0.0.0 Safari/537.36"
107.172.195.93 - - [08/Jun/2026:17:01:39 +0000] "GET / HTTP/1.1" 302 179 "-" "Mozilla/5.0 (X11; Linux x86_64) AppleWebKit/537.36 (KHTML, like Gecko) Chrome/131.0.0.0 Safari/537.36"
104.164.173.212 - - [08/Jun/2026:17:01:40 +0000] "GET / HTTP/1.1" 302 179 "-" "Mozilla/5.0 (Macintosh; Intel Mac OS X 10_15_7) AppleWebKit/537.36 (KHTML, like Gecko) Chrome/130.0.0.0 Safari/537.36"
107.172.195.93 - - [08/Jun/2026:17:01:40 +0000] "GET /dashboard HTTP/1.1" 302 176 "-" "Mozilla/5.0 (X11; Linux x86_64) AppleWebKit/537.36 (KHTML, like Gecko) Chrome/131.0.0.0 Safari/537.36"
104.164.173.212 - - [08/Jun/2026:17:01:41 +0000] "GET /dashboard HTTP/1.1" 302 176 "-" "Mozilla/5.0 (Macintosh; Intel Mac OS X 10_15_7) AppleWebKit/537.36 (KHTML, like Gecko) Chrome/130.0.0.0 Safari/537.36"
104.164.173.212 - - [08/Jun/2026:17:01:42 +0000] "GET /login HTTP/1.1" 200 1546 "-" "Mozilla/5.0 (Macintosh; Intel Mac OS X 10_15_7) AppleWebKit/537.36 (KHTML, like Gecko) Chrome/130.0.0.0 Safari/537.36"
107.172.195.93 - - [08/Jun/2026:17:01:42 +0000] "GET /login HTTP/1.1" 200 1548 "-" "Mozilla/5.0 (X11; Linux x86_64) AppleWebKit/537.36 (KHTML, like Gecko) Chrome/131.0.0.0 Safari/537.36"
159.65.18.197 - - [08/Jun/2026:17:01:46 +0000] "GET /console/ HTTP/1.1" 301 795 "-" "Mozilla/5.0 (l9scan/2.0.4333e22323e21333e24363; +https://leakix.net)"
164.90.208.56 - - [08/Jun/2026:17:01:46 +0000] "GET /console/ HTTP/1.1" 301 795 "-" "Mozilla/5.0 (l9scan/2.0.4333e22323e21333e24363; +https://leakix.net)"
159.65.18.197 - - [08/Jun/2026:17:01:47 +0000] "GET /server HTTP/1.1" 404 2307 "-" "Mozilla/5.0 (l9scan/2.0.4333e22323e21333e24363; +https://leakix.net)"
164.90.208.56 - - [08/Jun/2026:17:01:47 +0000] "GET /server HTTP/1.1" 404 2307 "-" "Mozilla/5.0 (l9scan/2.0.4333e22323e21333e24363; +https://leakix.net)"
104.252.191.34 - - [08/Jun/2026:17:01:48 +0000] "GET / HTTP/1.1" 302 179 "-" "Mozilla/5.0 (X11; Linux x86_64) AppleWebKit/537.36 (KHTML, like Gecko) Chrome/131.0.0.0 Safari/537.36"
159.65.18.197 - - [08/Jun/2026:17:01:48 +0000] "GET /server-status HTTP/1.1" 404 2307 "-" "Mozilla/5.0 (l9scan/2.0.4333e22323e21333e24363; +https://leakix.net)"
164.90.208.56 - - [08/Jun/2026:17:01:48 +0000] "GET /server-status HTTP/1.1" 404 2307 "-" "Mozilla/5.0 (l9scan/2.0.4333e22323e21333e24363; +https://leakix.net)"
164.90.208.56 - - [08/Jun/2026:17:01:50 +0000] "GET /about HTTP/1.1" 404 2307 "-" "Mozilla/5.0 (l9scan/2.0.4333e22323e21333e24363; +https://leakix.net)"
159.65.18.197 - - [08/Jun/2026:17:01:51 +0000] "GET /login.action HTTP/1.1" 404 2307 "-" "Mozilla/5.0 (l9scan/2.0.4333e22323e21333e24363; +https://leakix.net)"
159.65.18.197 - - [08/Jun/2026:17:01:52 +0000] "GET /___proxy_subdomain_whm/login HTTP/1.1" 404 2307 "-" "Mozilla/5.0 (l9scan/2.0.4333e22323e21333e24363; +https://leakix.net)"
159.65.18.197 - - [08/Jun/2026:17:01:45 +0000] "GET / HTTP/1.1" 302 470 "-" "Mozilla/5.0 (l9scan/2.0.4333e22323e21333e24363; +https://leakix.net)"
164.90.208.56 - - [08/Jun/2026:17:01:45 +0000] "GET / HTTP/1.1" 302 454 "-" "Mozilla/5.0 (l9scan/2.0.4333e22323e21333e24363; +https://leakix.net)"
159.65.18.197 - - [08/Jun/2026:17:01:50 +0000] "GET /about HTTP/1.1" 404 2307 "-" "Mozilla/5.0 (l9scan/2.0.4333e22323e21333e24363; +https://leakix.net)"
107.172.195.93 - - [08/Jun/2026:17:01:51 +0000] "GET / HTTP/1.1" 302 179 "-" "Mozilla/5.0 (Windows NT 10.0; Win64; x64) AppleWebKit/537.36 (KHTML, like Gecko) Chrome/131.0.0.0 Safari/537.36"
164.90.208.56 - - [08/Jun/2026:17:01:51 +0000] "GET /login.action HTTP/1.1" 404 2307 "-" "Mozilla/5.0 (l9scan/2.0.4333e22323e21333e24363; +https://leakix.net)"
159.65.18.197 - - [08/Jun/2026:17:01:52 +0000] "GET / HTTP/1.1" 302 221 "-" "Mozilla/5.0 (l9scan/2.0.4333e22323e21333e24363; +https://leakix.net)"
164.90.208.56 - - [08/Jun/2026:17:01:52 +0000] "GET / HTTP/1.1" 302 218 "-" "Mozilla/5.0 (l9scan/2.0.4333e22323e21333e24363; +https://leakix.net)"
159.65.18.197 - - [08/Jun/2026:17:01:53 +0000] "GET /___proxy_subdomain_cpanel HTTP/1.1" 404 2307 "-" "Mozilla/5.0 (l9scan/2.0.4333e22323e21333e24363; +https://leakix.net)"
164.90.208.56 - - [08/Jun/2026:17:01:53 +0000] "GET /___proxy_subdomain_cpanel HTTP/1.1" 404 2307 "-" "Mozilla/5.0 (l9scan/2.0.4333e22323e21333e24363; +https://leakix.net)"
107.172.195.93 - - [08/Jun/2026:17:01:55 +0000] "GET /dashboard HTTP/1.1" 302 176 "-" "Mozilla/5.0 (Windows NT 10.0; Win64; x64) AppleWebKit/537.36 (KHTML, like Gecko) Chrome/131.0.0.0 Safari/537.36"
164.90.208.56 - - [08/Jun/2026:17:01:55 +0000] "GET /.DS_Store HTTP/1.1" 404 2307 "-" "Mozilla/5.0 (l9scan/2.0.4333e22323e21333e24363; +https://leakix.net)"
164.90.208.56 - - [08/Jun/2026:17:01:56 +0000] "GET /.env HTTP/1.1" 404 2307 "-" "Mozilla/5.0 (l9scan/2.0.4333e22323e21333e24363; +https://leakix.net)"
159.65.18.197 - - [08/Jun/2026:17:01:58 +0000] "GET /ecp/Current/exporttool/microsoft.exchange.ediscovery.exporttool.application HTTP/1.1" 404 2307 "-" "Mozilla/5.0 (l9scan/2.0.4333e22323e21333e24363; +https://leakix.net)"
159.65.18.197 - - [08/Jun/2026:17:02:00 +0000] "GET /.git/config HTTP/1.1" 403 1242 "-" "Mozilla/5.0 (l9scan/2.0.4333e22323e21333e24363; +https://leakix.net)"
164.90.208.56 - - [08/Jun/2026:17:02:00 +0000] "GET /.git/config HTTP/1.1" 403 1242 "-" "Mozilla/5.0 (l9scan/2.0.4333e22323e21333e24363; +https://leakix.net)"
159.65.18.197 - - [08/Jun/2026:17:02:01 +0000] "POST /graphql HTTP/1.1" 404 1030 "-" "Mozilla/5.0 (l9scan/2.0.4333e22323e21333e24363; +https://leakix.net)"
164.90.208.56 - - [08/Jun/2026:17:02:01 +0000] "POST /graphql HTTP/1.1" 404 1030 "-" "Mozilla/5.0 (l9scan/2.0.4333e22323e21333e24363; +https://leakix.net)"
159.65.18.197 - - [08/Jun/2026:17:02:01 +0000] "POST /api HTTP/1.1" 404 1026 "-" "Mozilla/5.0 (l9scan/2.0.4333e22323e21333e24363; +https://leakix.net)"
159.65.18.197 - - [08/Jun/2026:17:02:02 +0000] "POST /graphql/api HTTP/1.1" 404 1035 "-" "Mozilla/5.0 (l9scan/2.0.4333e22323e21333e24363; +https://leakix.net)"
164.90.208.56 - - [08/Jun/2026:17:02:03 +0000] "POST /api/graphql HTTP/1.1" 404 1038 "-" "Mozilla/5.0 (l9scan/2.0.4333e22323e21333e24363; +https://leakix.net)"
107.172.195.93 - - [08/Jun/2026:17:02:03 +0000] "GET /login HTTP/1.1" 200 1550 "-" "Mozilla/5.0 (Windows NT 10.0; Win64; x64) AppleWebKit/537.36 (KHTML, like Gecko) Chrome/131.0.0.0 Safari/537.36"
164.90.208.56 - - [08/Jun/2026:17:02:04 +0000] "POST /api/gql HTTP/1.1" 404 1035 "-" "Mozilla/5.0 (l9scan/2.0.4333e22323e21333e24363; +https://leakix.net)"
159.65.18.197 - - [08/Jun/2026:17:02:05 +0000] "GET /config.json HTTP/1.1" 404 2307 "-" "Mozilla/5.0 (l9scan/2.0.4333e22323e21333e24363; +https://leakix.net)"
159.65.18.197 - - [08/Jun/2026:17:02:07 +0000] "GET /telescope/requests HTTP/1.1" 404 2307 "-" "Mozilla/5.0 (l9scan/2.0.4333e22323e21333e24363; +https://leakix.net)"
164.90.208.56 - - [08/Jun/2026:17:01:53 +0000] "GET /___proxy_subdomain_whm/login HTTP/1.1" 404 2307 "-" "Mozilla/5.0 (l9scan/2.0.4333e22323e21333e24363; +https://leakix.net)"
104.252.191.34 - - [08/Jun/2026:17:01:53 +0000] "GET /dashboard HTTP/1.1" 302 176 "-" "Mozilla/5.0 (X11; Linux x86_64) AppleWebKit/537.36 (KHTML, like Gecko) Chrome/131.0.0.0 Safari/537.36"
159.65.18.197 - - [08/Jun/2026:17:01:54 +0000] "GET /v2/_catalog HTTP/1.1" 404 1036 "-" "Mozilla/5.0 (l9scan/2.0.4333e22323e21333e24363; +https://leakix.net)"
104.252.191.34 - - [08/Jun/2026:17:01:54 +0000] "GET /login HTTP/1.1" 200 1549 "-" "Mozilla/5.0 (X11; Linux x86_64) AppleWebKit/537.36 (KHTML, like Gecko) Chrome/131.0.0.0 Safari/537.36"
164.90.208.56 - - [08/Jun/2026:17:01:54 +0000] "GET /v2/_catalog HTTP/1.1" 404 1036 "-" "Mozilla/5.0 (l9scan/2.0.4333e22323e21333e24363; +https://leakix.net)"
104.252.191.34 - - [08/Jun/2026:17:01:54 +0000] "GET /admin/js/jquery.min.js HTTP/1.1" 200 30267 "-" "Mozilla/5.0 (X11; Linux x86_64) AppleWebKit/537.36 (KHTML, like Gecko) Chrome/131.0.0.0 Safari/537.36"
104.252.191.34 - - [08/Jun/2026:17:01:55 +0000] "GET /admin/js/pace.min.js HTTP/1.1" 200 4023 "-" "Mozilla/5.0 (X11; Linux x86_64) AppleWebKit/537.36 (KHTML, like Gecko) Chrome/131.0.0.0 Safari/537.36"
159.65.18.197 - - [08/Jun/2026:17:01:55 +0000] "GET /.DS_Store HTTP/1.1" 404 2307 "-" "Mozilla/5.0 (l9scan/2.0.4333e22323e21333e24363; +https://leakix.net)"
104.252.191.34 - - [08/Jun/2026:17:01:55 +0000] "GET /admin/js/bootstrap.bundle.min.js HTTP/1.1" 200 22899 "-" "Mozilla/5.0 (X11; Linux x86_64) AppleWebKit/537.36 (KHTML, like Gecko) Chrome/131.0.0.0 Safari/537.36"
159.65.18.197 - - [08/Jun/2026:17:01:56 +0000] "GET /.env HTTP/1.1" 404 2307 "-" "Mozilla/5.0 (l9scan/2.0.4333e22323e21333e24363; +https://leakix.net)"
164.90.208.56 - - [08/Jun/2026:17:01:58 +0000] "GET /ecp/Current/exporttool/microsoft.exchange.ediscovery.exporttool.application HTTP/1.1" 404 2307 "-" "Mozilla/5.0 (l9scan/2.0.4333e22323e21333e24363; +https://leakix.net)"
159.65.18.197 - - [08/Jun/2026:17:02:02 +0000] "POST /api/graphql HTTP/1.1" 404 1038 "-" "Mozilla/5.0 (l9scan/2.0.4333e22323e21333e24363; +https://leakix.net)"
164.90.208.56 - - [08/Jun/2026:17:02:02 +0000] "POST /api HTTP/1.1" 404 1026 "-" "Mozilla/5.0 (l9scan/2.0.4333e22323e21333e24363; +https://leakix.net)"
159.65.18.197 - - [08/Jun/2026:17:02:03 +0000] "POST /api/gql HTTP/1.1" 404 1035 "-" "Mozilla/5.0 (l9scan/2.0.4333e22323e21333e24363; +https://leakix.net)"
164.90.208.56 - - [08/Jun/2026:17:02:03 +0000] "POST /graphql/api HTTP/1.1" 404 1035 "-" "Mozilla/5.0 (l9scan/2.0.4333e22323e21333e24363; +https://leakix.net)"
159.65.18.197 - - [08/Jun/2026:17:02:04 +0000] "GET /s/4333e22323e21333e24363/_/;/META-INF/maven/com.atlassian.jira/jira-webapp-dist/pom.properties HTTP/1.1" 404 2307 "-" "Mozilla/5.0 (l9scan/2.0.4333e22323e21333e24363; +https://leakix.net)"
164.90.208.56 - - [08/Jun/2026:17:02:05 +0000] "GET /s/4333e22323e21333e24363/_/;/META-INF/maven/com.atlassian.jira/jira-webapp-dist/pom.properties HTTP/1.1" 404 2307 "-" "Mozilla/5.0 (l9scan/2.0.4333e22323e21333e24363; +https://leakix.net)"
164.90.208.56 - - [08/Jun/2026:17:02:06 +0000] "GET /config.json HTTP/1.1" 404 2307 "-" "Mozilla/5.0 (l9scan/2.0.4333e22323e21333e24363; +https://leakix.net)"
159.65.18.197 - - [08/Jun/2026:17:02:07 +0000] "GET /info.php HTTP/1.1" 404 2307 "-" "Mozilla/5.0 (l9scan/2.0.4333e22323e21333e24363; +https://leakix.net)"
164.90.208.56 - - [08/Jun/2026:17:02:08 +0000] "GET /telescope/requests HTTP/1.1" 404 2307 "-" "Mozilla/5.0 (l9scan/2.0.4333e22323e21333e24363; +https://leakix.net)"
164.90.208.56 - - [08/Jun/2026:17:02:08 +0000] "GET /info.php HTTP/1.1" 404 2307 "-" "Mozilla/5.0 (l9scan/2.0.4333e22323e21333e24363; +https://leakix.net)"
159.65.18.197 - - [08/Jun/2026:17:02:09 +0000] "GET /actuator/env HTTP/1.1" 404 2307 "-" "Mozilla/5.0 (l9scan/2.0.4333e22323e21333e24363; +https://leakix.net)"
159.65.18.197 - - [08/Jun/2026:17:02:11 +0000] "GET /@vite/env HTTP/1.1" 404 2307 "-" "Mozilla/5.0 (l9scan/2.0.4333e22323e21333e24363; +https://leakix.net)"
164.90.208.56 - - [08/Jun/2026:17:02:12 +0000] "GET /@vite/env HTTP/1.1" 404 2307 "-" "Mozilla/5.0 (l9scan/2.0.4333e22323e21333e24363; +https://leakix.net)"
159.65.18.197 - - [08/Jun/2026:17:02:12 +0000] "GET /.vscode/sftp.json HTTP/1.1" 404 2307 "-" "Mozilla/5.0 (l9scan/2.0.4333e22323e21333e24363; +https://leakix.net)"
164.90.208.56 - - [08/Jun/2026:17:02:13 +0000] "GET /.vscode/sftp.json HTTP/1.1" 404 2307 "-" "Mozilla/5.0 (l9scan/2.0.4333e22323e21333e24363; +https://leakix.net)"
159.65.18.197 - - [08/Jun/2026:17:02:14 +0000] "GET /?rest_route=/wp/v2/users/ HTTP/1.1" 302 221 "-" "Mozilla/5.0 (l9scan/2.0.4333e22323e21333e24363; +https://leakix.net)"
159.65.18.197 - - [08/Jun/2026:17:02:15 +0000] "GET /debug/default/view?panel=config HTTP/1.1" 404 2307 "-" "Mozilla/5.0 (l9scan/2.0.4333e22323e21333e24363; +https://leakix.net)"
164.90.208.56 - - [08/Jun/2026:17:02:16 +0000] "GET /debug/default/view?panel=config HTTP/1.1" 404 2307 "-" "Mozilla/5.0 (l9scan/2.0.4333e22323e21333e24363; +https://leakix.net)"
52.230.100.152 - - [08/Jun/2026:17:03:05 +0000] "GET / HTTP/1.1" 302 221 "-" "Mozilla/5.0 (Windows NT 10.0; Win64; x64) AppleWebKit/537.36 (KHTML, like Gecko) Chrome/124.0.0.0 Safari/537.36"
52.230.100.152 - - [08/Jun/2026:17:03:06 +0000] "GET /dashboard HTTP/1.1" 302 218 "-" "Mozilla/5.0 (Windows NT 10.0; Win64; x64) AppleWebKit/537.36 (KHTML, like Gecko) Chrome/124.0.0.0 Safari/537.36"
65.21.124.77 - - [08/Jun/2026:17:03:09 +0000] "GET / HTTP/1.1" 302 221 "-" "Mozilla/5.0 (Windows NT 10.0; Win64; x64) AppleWebKit/537.36 (KHTML, like Gecko) Chrome/124.0.0.0 Safari/537.36"
34.229.95.68 - - [08/Jun/2026:17:12:07 +0000] "GET / HTTP/1.1" 302 179 "-" "axios/1.16.1"
34.229.95.68 - - [08/Jun/2026:17:12:07 +0000] "GET / HTTP/1.1" 302 183 "-" "axios/1.16.1"
164.90.208.56 - - [08/Jun/2026:17:02:09 +0000] "GET /actuator/env HTTP/1.1" 404 2307 "-" "Mozilla/5.0 (l9scan/2.0.4333e22323e21333e24363; +https://leakix.net)"
159.65.18.197 - - [08/Jun/2026:17:02:10 +0000] "GET /trace.axd HTTP/1.1" 404 2307 "-" "Mozilla/5.0 (l9scan/2.0.4333e22323e21333e24363; +https://leakix.net)"
164.90.208.56 - - [08/Jun/2026:17:02:11 +0000] "GET /trace.axd HTTP/1.1" 404 2307 "-" "Mozilla/5.0 (l9scan/2.0.4333e22323e21333e24363; +https://leakix.net)"
107.172.195.93 - - [08/Jun/2026:17:02:13 +0000] "GET /admin/js/bootstrap.bundle.min.js HTTP/1.1" 200 22899 "-" "Mozilla/5.0 (Windows NT 10.0; Win64; x64) AppleWebKit/537.36 (KHTML, like Gecko) Chrome/131.0.0.0 Safari/537.36"
159.65.18.197 - - [08/Jun/2026:17:02:13 +0000] "OPTIONS / HTTP/1.1" 200 0 "-" "Mozilla/5.0 (l9scan/2.0.4333e22323e21333e24363; +https://leakix.net)"
107.172.195.93 - - [08/Jun/2026:17:02:14 +0000] "GET /admin/js/jquery.min.js HTTP/1.1" 200 30267 "-" "Mozilla/5.0 (Windows NT 10.0; Win64; x64) AppleWebKit/537.36 (KHTML, like Gecko) Chrome/131.0.0.0 Safari/537.36"
164.90.208.56 - - [08/Jun/2026:17:02:14 +0000] "OPTIONS / HTTP/1.1" 200 0 "-" "Mozilla/5.0 (l9scan/2.0.4333e22323e21333e24363; +https://leakix.net)"
164.90.208.56 - - [08/Jun/2026:17:02:15 +0000] "GET /?rest_route=/wp/v2/users/ HTTP/1.1" 302 218 "-" "Mozilla/5.0 (l9scan/2.0.4333e22323e21333e24363; +https://leakix.net)"
52.230.100.152 - - [08/Jun/2026:17:03:05 +0000] "GET / HTTP/1.1" 302 218 "-" "Mozilla/5.0 (Windows NT 10.0; Win64; x64) AppleWebKit/537.36 (KHTML, like Gecko) Chrome/124.0.0.0 Safari/537.36"
52.230.100.152 - - [08/Jun/2026:17:03:06 +0000] "GET /dashboard HTTP/1.1" 302 216 "-" "Mozilla/5.0 (Windows NT 10.0; Win64; x64) AppleWebKit/537.36 (KHTML, like Gecko) Chrome/124.0.0.0 Safari/537.36"
65.21.124.77 - - [08/Jun/2026:17:03:08 +0000] "GET / HTTP/1.1" 302 218 "-" "Mozilla/5.0 (Windows NT 10.0; Win64; x64) AppleWebKit/537.36 (KHTML, like Gecko) Chrome/124.0.0.0 Safari/537.36"
34.229.95.68 - - [08/Jun/2026:17:12:10 +0000] "GET /dashboard HTTP/1.1" 401 34 "-" "axios/1.16.1"
34.229.95.68 - - [08/Jun/2026:17:12:10 +0000] "GET /dashboard HTTP/1.1" 401 34 "-" "axios/1.16.1"
91.231.89.96 - - [08/Jun/2026:17:29:03 +0000] "GET / HTTP/1.1" 302 470 "-" "Mozilla/5.0 (X11; Ubuntu; Linux x86_64; rv:134.0) Gecko/20100101 Firefox/134.0"
91.231.89.103 - - [08/Jun/2026:17:30:01 +0000] "GET / HTTP/1.1" 302 454 "-" "Mozilla/5.0 (X11; Ubuntu; Linux x86_64; rv:134.0) Gecko/20100101 Firefox/134.0"
91.231.89.39 - - [08/Jun/2026:17:32:46 +0000] "GET /dashboard HTTP/1.1" 302 454 "-" "Mozilla/5.0 (X11; Ubuntu; Linux x86_64; rv:134.0) Gecko/20100101 Firefox/134.0"
91.196.152.227 - - [08/Jun/2026:17:33:10 +0000] "GET /dashboard HTTP/1.1" 302 438 "-" "Mozilla/5.0 (X11; Ubuntu; Linux x86_64; rv:134.0) Gecko/20100101 Firefox/134.0"
91.196.152.70 - - [08/Jun/2026:17:33:14 +0000] "GET / HTTP/1.1" 302 454 "-" "Mozilla/5.0 (X11; Ubuntu; Linux x86_64; rv:134.0) Gecko/20100101 Firefox/134.0"
91.231.89.124 - - [08/Jun/2026:17:33:43 +0000] "GET / HTTP/1.1" 302 470 "-" "Mozilla/5.0 (X11; Ubuntu; Linux x86_64; rv:134.0) Gecko/20100101 Firefox/134.0"
91.231.89.21 - - [08/Jun/2026:17:34:16 +0000] "GET / HTTP/1.1" 302 454 "-" "Mozilla/5.0 (X11; Ubuntu; Linux x86_64; rv:134.0) Gecko/20100101 Firefox/134.0"
91.196.152.48 - - [08/Jun/2026:17:34:24 +0000] "GET /login HTTP/1.1" 200 7505 "-" "Mozilla/5.0 (X11; Ubuntu; Linux x86_64; rv:134.0) Gecko/20100101 Firefox/134.0"
74.7.242.42 - - [08/Jun/2026:17:34:49 +0000] "GET / HTTP/2" 302 179 "-" "Mozilla/5.0 AppleWebKit/537.36 (KHTML, like Gecko; compatible; GPTBot/1.4; +https://openai.com/gptbot)"
74.7.242.42 - - [08/Jun/2026:17:34:49 +0000] "GET /dashboard HTTP/2" 302 176 "https://hall-management.ms-hostingladz.com/" "Mozilla/5.0 AppleWebKit/537.36 (KHTML, like Gecko; compatible; GPTBot/1.4; +https://openai.com/gptbot)"
74.7.242.42 - - [08/Jun/2026:17:34:49 +0000] "GET /login HTTP/2" 200 1548 "https://hall-management.ms-hostingladz.com/dashboard" "Mozilla/5.0 AppleWebKit/537.36 (KHTML, like Gecko; compatible; GPTBot/1.4; +https://openai.com/gptbot)"
74.7.242.42 - - [08/Jun/2026:17:34:51 +0000] "GET /admin/js/pace.min.js HTTP/2" 200 4023 "https://hall-management.ms-hostingladz.com/" "Mozilla/5.0 AppleWebKit/537.36 (KHTML, like Gecko; compatible; GPTBot/1.4; +https://openai.com/gptbot)"
74.7.242.42 - - [08/Jun/2026:17:34:54 +0000] "GET /admin/js/bootstrap.bundle.min.js HTTP/2" 200 22899 "https://hall-management.ms-hostingladz.com/" "Mozilla/5.0 AppleWebKit/537.36 (KHTML, like Gecko; compatible; GPTBot/1.4; +https://openai.com/gptbot)"
74.7.242.42 - - [08/Jun/2026:17:34:57 +0000] "GET /admin/plugins/fullcalendar/css/main.min.css HTTP/2" 200 5501 "https://hall-management.ms-hostingladz.com/" "Mozilla/5.0 AppleWebKit/537.36 (KHTML, like Gecko; compatible; GPTBot/1.4; +https://openai.com/gptbot)"
74.7.242.42 - - [08/Jun/2026:17:34:59 +0000] "GET /admin/css/bootstrap-extended.css HTTP/2" 200 2842 "https://hall-management.ms-hostingladz.com/" "Mozilla/5.0 AppleWebKit/537.36 (KHTML, like Gecko; compatible; GPTBot/1.4; +https://openai.com/gptbot)"
74.7.242.42 - - [08/Jun/2026:17:35:01 +0000] "GET /admin/sass/dark-theme.css HTTP/2" 200 1217 "https://hall-management.ms-hostingladz.com/" "Mozilla/5.0 AppleWebKit/537.36 (KHTML, like Gecko; compatible; GPTBot/1.4; +https://openai.com/gptbot)"
74.7.242.42 - - [08/Jun/2026:17:35:03 +0000] "GET /admin/css/bootstrap.min.css HTTP/2" 200 30003 "https://hall-management.ms-hostingladz.com/" "Mozilla/5.0 AppleWebKit/537.36 (KHTML, like Gecko; compatible; GPTBot/1.4; +https://openai.com/gptbot)"
74.7.242.42 - - [08/Jun/2026:17:35:04 +0000] "GET /admin/sass/semi-dark.css HTTP/2" 200 573 "https://hall-management.ms-hostingladz.com/" "Mozilla/5.0 AppleWebKit/537.36 (KHTML, like Gecko; compatible; GPTBot/1.4; +https://openai.com/gptbot)"
74.7.242.42 - - [08/Jun/2026:17:35:06 +0000] "GET /admin/sass/bordered-theme.css HTTP/2" 200 173 "https://hall-management.ms-hostingladz.com/" "Mozilla/5.0 AppleWebKit/537.36 (KHTML, like Gecko; compatible; GPTBot/1.4; +https://openai.com/gptbot)"
74.7.242.42 - - [08/Jun/2026:17:35:07 +0000] "GET /admin/css/pace.min.css HTTP/2" 200 488 "https://hall-management.ms-hostingladz.com/" "Mozilla/5.0 AppleWebKit/537.36 (KHTML, like Gecko; compatible; GPTBot/1.4; +https://openai.com/gptbot)"
91.196.152.231 - - [08/Jun/2026:17:35:07 +0000] "GET /dashboard HTTP/1.1" 302 438 "-" "Mozilla/5.0 (X11; Ubuntu; Linux x86_64; rv:134.0) Gecko/20100101 Firefox/134.0"
74.7.242.42 - - [08/Jun/2026:17:35:08 +0000] "GET /admin/plugins/perfect-scrollbar/css/perfect-scrollbar.css HTTP/2" 200 403 "https://hall-management.ms-hostingladz.com/" "Mozilla/5.0 AppleWebKit/537.36 (KHTML, like Gecko; compatible; GPTBot/1.4; +https://openai.com/gptbot)"
74.7.242.42 - - [08/Jun/2026:17:35:09 +0000] "GET /admin/js/jquery.min.js HTTP/2" 200 30267 "https://hall-management.ms-hostingladz.com/" "Mozilla/5.0 AppleWebKit/537.36 (KHTML, like Gecko; compatible; GPTBot/1.4; +https://openai.com/gptbot)"
91.196.152.53 - - [08/Jun/2026:17:35:09 +0000] "GET /dashboard HTTP/1.1" 302 454 "-" "Mozilla/5.0 (X11; Ubuntu; Linux x86_64; rv:134.0) Gecko/20100101 Firefox/134.0"
74.7.242.42 - - [08/Jun/2026:17:35:10 +0000] "GET /admin/plugins/metismenu/metisMenu.min.css HTTP/2" 200 617 "https://hall-management.ms-hostingladz.com/" "Mozilla/5.0 AppleWebKit/537.36 (KHTML, like Gecko; compatible; GPTBot/1.4; +https://openai.com/gptbot)"
74.7.242.42 - - [08/Jun/2026:17:35:11 +0000] "GET /admin/sass/main.css HTTP/2" 200 5397 "https://hall-management.ms-hostingladz.com/" "Mozilla/5.0 AppleWebKit/537.36 (KHTML, like Gecko; compatible; GPTBot/1.4; +https://openai.com/gptbot)"
74.7.242.42 - - [08/Jun/2026:17:35:12 +0000] "GET /admin/plugins/metismenu/mm-vertical.css HTTP/2" 200 279 "https://hall-management.ms-hostingladz.com/" "Mozilla/5.0 AppleWebKit/537.36 (KHTML, like Gecko; compatible; GPTBot/1.4; +https://openai.com/gptbot)"
74.7.242.42 - - [08/Jun/2026:17:35:13 +0000] "GET /admin/sass/blue-theme.css HTTP/2" 200 2885 "https://hall-management.ms-hostingladz.com/" "Mozilla/5.0 AppleWebKit/537.36 (KHTML, like Gecko; compatible; GPTBot/1.4; +https://openai.com/gptbot)"
74.7.242.42 - - [08/Jun/2026:17:35:13 +0000] "GET /admin/sass/responsive.css HTTP/2" 200 646 "https://hall-management.ms-hostingladz.com/" "Mozilla/5.0 AppleWebKit/537.36 (KHTML, like Gecko; compatible; GPTBot/1.4; +https://openai.com/gptbot)"
74.7.242.42 - - [08/Jun/2026:17:35:14 +0000] "GET /admin/plugins/simplebar/css/simplebar.css HTTP/2" 200 731 "https://hall-management.ms-hostingladz.com/" "Mozilla/5.0 AppleWebKit/537.36 (KHTML, like Gecko; compatible; GPTBot/1.4; +https://openai.com/gptbot)"
91.196.152.151 - - [08/Jun/2026:17:35:18 +0000] "GET /login HTTP/1.1" 200 7505 "-" "Mozilla/5.0 (X11; Ubuntu; Linux x86_64; rv:134.0) Gecko/20100101 Firefox/134.0"
74.7.228.11 - - [08/Jun/2026:17:35:20 +0000] "GET /robots.txt HTTP/2" 200 79 "-" "Mozilla/5.0 (Macintosh; Intel Mac OS X 10_15_7) AppleWebKit/537.36 (KHTML, like Gecko) Chrome/131.0.0.0 Safari/537.36; compatible; OAI-SearchBot/1.4; robots.txt; +https://openai.com/searchbot"
74.7.241.8 - - [08/Jun/2026:17:35:20 +0000] "GET / HTTP/2" 302 183 "-" "Mozilla/5.0 AppleWebKit/537.36 (KHTML, like Gecko; compatible; GPTBot/1.4; +https://openai.com/gptbot)"
74.7.241.8 - - [08/Jun/2026:17:35:21 +0000] "GET /dashboard HTTP/2" 302 180 "https://www.hall-management.ms-hostingladz.com/" "Mozilla/5.0 AppleWebKit/537.36 (KHTML, like Gecko; compatible; GPTBot/1.4; +https://openai.com/gptbot)"
74.7.241.8 - - [08/Jun/2026:17:35:21 +0000] "GET /login HTTP/2" 200 1548 "https://www.hall-management.ms-hostingladz.com/dashboard" "Mozilla/5.0 AppleWebKit/537.36 (KHTML, like Gecko; compatible; GPTBot/1.4; +https://openai.com/gptbot)"
74.7.241.8 - - [08/Jun/2026:17:35:24 +0000] "GET /admin/sass/responsive.css HTTP/2" 200 646 "https://www.hall-management.ms-hostingladz.com/" "Mozilla/5.0 AppleWebKit/537.36 (KHTML, like Gecko; compatible; GPTBot/1.4; +https://openai.com/gptbot)"
74.7.241.8 - - [08/Jun/2026:17:35:26 +0000] "GET /admin/css/bootstrap-extended.css HTTP/2" 200 2842 "https://www.hall-management.ms-hostingladz.com/" "Mozilla/5.0 AppleWebKit/537.36 (KHTML, like Gecko; compatible; GPTBot/1.4; +https://openai.com/gptbot)"
74.7.241.8 - - [08/Jun/2026:17:35:29 +0000] "GET /admin/css/pace.min.css HTTP/2" 200 488 "https://www.hall-management.ms-hostingladz.com/" "Mozilla/5.0 AppleWebKit/537.36 (KHTML, like Gecko; compatible; GPTBot/1.4; +https://openai.com/gptbot)"
74.7.241.8 - - [08/Jun/2026:17:35:31 +0000] "GET /admin/sass/semi-dark.css HTTP/2" 200 573 "https://www.hall-management.ms-hostingladz.com/" "Mozilla/5.0 AppleWebKit/537.36 (KHTML, like Gecko; compatible; GPTBot/1.4; +https://openai.com/gptbot)"
74.7.241.8 - - [08/Jun/2026:17:35:33 +0000] "GET /admin/sass/dark-theme.css HTTP/2" 200 1217 "https://www.hall-management.ms-hostingladz.com/" "Mozilla/5.0 AppleWebKit/537.36 (KHTML, like Gecko; compatible; GPTBot/1.4; +https://openai.com/gptbot)"
74.7.241.8 - - [08/Jun/2026:17:35:35 +0000] "GET /admin/plugins/metismenu/mm-vertical.css HTTP/2" 200 279 "https://www.hall-management.ms-hostingladz.com/" "Mozilla/5.0 AppleWebKit/537.36 (KHTML, like Gecko; compatible; GPTBot/1.4; +https://openai.com/gptbot)"
74.7.241.8 - - [08/Jun/2026:17:35:37 +0000] "GET /admin/js/pace.min.js HTTP/2" 200 4023 "https://www.hall-management.ms-hostingladz.com/" "Mozilla/5.0 AppleWebKit/537.36 (KHTML, like Gecko; compatible; GPTBot/1.4; +https://openai.com/gptbot)"
74.7.241.8 - - [08/Jun/2026:17:35:38 +0000] "GET /admin/sass/bordered-theme.css HTTP/2" 200 173 "https://www.hall-management.ms-hostingladz.com/" "Mozilla/5.0 AppleWebKit/537.36 (KHTML, like Gecko; compatible; GPTBot/1.4; +https://openai.com/gptbot)"
74.7.241.8 - - [08/Jun/2026:17:35:40 +0000] "GET /admin/plugins/fullcalendar/css/main.min.css HTTP/2" 200 5501 "https://www.hall-management.ms-hostingladz.com/" "Mozilla/5.0 AppleWebKit/537.36 (KHTML, like Gecko; compatible; GPTBot/1.4; +https://openai.com/gptbot)"
74.7.241.8 - - [08/Jun/2026:17:35:41 +0000] "GET /admin/js/bootstrap.bundle.min.js HTTP/2" 200 22899 "https://www.hall-management.ms-hostingladz.com/" "Mozilla/5.0 AppleWebKit/537.36 (KHTML, like Gecko; compatible; GPTBot/1.4; +https://openai.com/gptbot)"
74.7.241.8 - - [08/Jun/2026:17:35:42 +0000] "GET /admin/js/jquery.min.js HTTP/2" 200 30267 "https://www.hall-management.ms-hostingladz.com/" "Mozilla/5.0 AppleWebKit/537.36 (KHTML, like Gecko; compatible; GPTBot/1.4; +https://openai.com/gptbot)"
74.7.241.8 - - [08/Jun/2026:17:35:43 +0000] "GET /admin/plugins/metismenu/metisMenu.min.css HTTP/2" 200 617 "https://www.hall-management.ms-hostingladz.com/" "Mozilla/5.0 AppleWebKit/537.36 (KHTML, like Gecko; compatible; GPTBot/1.4; +https://openai.com/gptbot)"
74.7.241.8 - - [08/Jun/2026:17:35:44 +0000] "GET /admin/sass/main.css HTTP/2" 200 5397 "https://www.hall-management.ms-hostingladz.com/" "Mozilla/5.0 AppleWebKit/537.36 (KHTML, like Gecko; compatible; GPTBot/1.4; +https://openai.com/gptbot)"
74.7.241.8 - - [08/Jun/2026:17:35:45 +0000] "GET /admin/sass/blue-theme.css HTTP/2" 200 2885 "https://www.hall-management.ms-hostingladz.com/" "Mozilla/5.0 AppleWebKit/537.36 (KHTML, like Gecko; compatible; GPTBot/1.4; +https://openai.com/gptbot)"
74.7.241.8 - - [08/Jun/2026:17:35:45 +0000] "GET /admin/plugins/simplebar/css/simplebar.css HTTP/2" 200 731 "https://www.hall-management.ms-hostingladz.com/" "Mozilla/5.0 AppleWebKit/537.36 (KHTML, like Gecko; compatible; GPTBot/1.4; +https://openai.com/gptbot)"
74.7.241.8 - - [08/Jun/2026:17:35:46 +0000] "GET /admin/css/bootstrap.min.css HTTP/2" 200 30003 "https://www.hall-management.ms-hostingladz.com/" "Mozilla/5.0 AppleWebKit/537.36 (KHTML, like Gecko; compatible; GPTBot/1.4; +https://openai.com/gptbot)"
74.7.241.8 - - [08/Jun/2026:17:35:47 +0000] "GET /admin/plugins/perfect-scrollbar/css/perfect-scrollbar.css HTTP/2" 200 403 "https://www.hall-management.ms-hostingladz.com/" "Mozilla/5.0 AppleWebKit/537.36 (KHTML, like Gecko; compatible; GPTBot/1.4; +https://openai.com/gptbot)"
91.196.152.158 - - [08/Jun/2026:17:37:07 +0000] "GET /login HTTP/1.1" 200 7429 "-" "Mozilla/5.0 (X11; Ubuntu; Linux x86_64; rv:134.0) Gecko/20100101 Firefox/134.0"
91.196.152.55 - - [08/Jun/2026:17:37:09 +0000] "GET /admin/images/favicon-32x32.png HTTP/1.1" 200 2026 "-" "Mozilla/5.0 (X11; Ubuntu; Linux x86_64; rv:134.0) Gecko/20100101 Firefox/134.0"
91.196.152.151 - - [08/Jun/2026:17:37:09 +0000] "GET /login HTTP/1.1" 200 7505 "-" "Mozilla/5.0 (X11; Ubuntu; Linux x86_64; rv:134.0) Gecko/20100101 Firefox/134.0"
91.231.89.103 - - [08/Jun/2026:17:37:37 +0000] "GET /login HTTP/1.1" 200 7505 "-" "Mozilla/5.0 (X11; Ubuntu; Linux x86_64; rv:134.0) Gecko/20100101 Firefox/134.0"
91.196.152.227 - - [08/Jun/2026:17:38:13 +0000] "GET /admin/images/favicon-32x32.png HTTP/1.1" 200 2026 "-" "Mozilla/5.0 (X11; Ubuntu; Linux x86_64; rv:134.0) Gecko/20100101 Firefox/134.0"
91.196.152.64 - - [08/Jun/2026:17:39:16 +0000] "GET /admin/images/favicon-32x32.png HTTP/1.1" 200 2026 "-" "Mozilla/5.0 (X11; Ubuntu; Linux x86_64; rv:134.0) Gecko/20100101 Firefox/134.0"
107.172.195.221 - - [08/Jun/2026:17:39:35 +0000] "GET / HTTP/1.1" 302 179 "-" "Mozilla/5.0 (Macintosh; Intel Mac OS X 10_15_7) AppleWebKit/537.36 (KHTML, like Gecko) Chrome/130.0.0.0 Safari/537.36"
107.172.195.221 - - [08/Jun/2026:17:39:37 +0000] "GET /dashboard HTTP/1.1" 302 176 "-" "Mozilla/5.0 (Macintosh; Intel Mac OS X 10_15_7) AppleWebKit/537.36 (KHTML, like Gecko) Chrome/130.0.0.0 Safari/537.36"
104.252.191.249 - - [08/Jun/2026:17:39:37 +0000] "GET / HTTP/1.1" 302 179 "-" "Mozilla/5.0 (Macintosh; Intel Mac OS X 10_15_7) AppleWebKit/537.36 (KHTML, like Gecko) Chrome/131.0.0.0 Safari/537.36"
104.252.191.249 - - [08/Jun/2026:17:39:37 +0000] "GET /dashboard HTTP/1.1" 302 176 "-" "Mozilla/5.0 (Macintosh; Intel Mac OS X 10_15_7) AppleWebKit/537.36 (KHTML, like Gecko) Chrome/131.0.0.0 Safari/537.36"
107.172.195.221 - - [08/Jun/2026:17:39:38 +0000] "GET /login HTTP/1.1" 200 1547 "-" "Mozilla/5.0 (Macintosh; Intel Mac OS X 10_15_7) AppleWebKit/537.36 (KHTML, like Gecko) Chrome/130.0.0.0 Safari/537.36"
104.252.191.249 - - [08/Jun/2026:17:39:38 +0000] "GET /login HTTP/1.1" 200 1548 "-" "Mozilla/5.0 (Macintosh; Intel Mac OS X 10_15_7) AppleWebKit/537.36 (KHTML, like Gecko) Chrome/131.0.0.0 Safari/537.36"
91.231.89.99 - - [08/Jun/2026:17:43:57 +0000] "GET /login HTTP/1.1" 200 7429 "-" "Mozilla/5.0 (X11; Ubuntu; Linux x86_64; rv:134.0) Gecko/20100101 Firefox/134.0"
91.196.152.160 - - [08/Jun/2026:17:32:14 +0000] "GET /dashboard HTTP/1.1" 302 454 "-" "Mozilla/5.0 (X11; Ubuntu; Linux x86_64; rv:134.0) Gecko/20100101 Firefox/134.0"
91.196.152.45 - - [08/Jun/2026:17:33:14 +0000] "GET / HTTP/1.1" 302 470 "-" "Mozilla/5.0 (X11; Ubuntu; Linux x86_64; rv:134.0) Gecko/20100101 Firefox/134.0"
91.231.89.98 - - [08/Jun/2026:17:34:39 +0000] "GET /dashboard HTTP/1.1" 302 438 "-" "Mozilla/5.0 (X11; Ubuntu; Linux x86_64; rv:134.0) Gecko/20100101 Firefox/134.0"
74.7.244.1 - - [08/Jun/2026:17:34:48 +0000] "GET /robots.txt HTTP/2" 200 79 "-" "Mozilla/5.0 (Macintosh; Intel Mac OS X 10_15_7) AppleWebKit/537.36 (KHTML, like Gecko) Chrome/131.0.0.0 Safari/537.36; compatible; OAI-SearchBot/1.4; robots.txt; +https://openai.com/searchbot"
91.196.152.76 - - [08/Jun/2026:17:35:08 +0000] "GET /login HTTP/1.1" 200 7429 "-" "Mozilla/5.0 (X11; Ubuntu; Linux x86_64; rv:134.0) Gecko/20100101 Firefox/134.0"
91.196.152.148 - - [08/Jun/2026:17:37:30 +0000] "GET /dashboard HTTP/1.1" 302 438 "-" "Mozilla/5.0 (X11; Ubuntu; Linux x86_64; rv:134.0) Gecko/20100101 Firefox/134.0"
91.196.152.70 - - [08/Jun/2026:17:37:35 +0000] "GET /login HTTP/1.1" 200 7429 "-" "Mozilla/5.0 (X11; Ubuntu; Linux x86_64; rv:134.0) Gecko/20100101 Firefox/134.0"
104.252.191.249 - - [08/Jun/2026:17:39:51 +0000] "GET / HTTP/1.1" 302 179 "-" "Mozilla/5.0 (Macintosh; Intel Mac OS X 10_15_7) AppleWebKit/537.36 (KHTML, like Gecko) Chrome/130.0.0.0 Safari/537.36"
104.252.191.249 - - [08/Jun/2026:17:39:52 +0000] "GET /dashboard HTTP/1.1" 302 176 "-" "Mozilla/5.0 (Macintosh; Intel Mac OS X 10_15_7) AppleWebKit/537.36 (KHTML, like Gecko) Chrome/130.0.0.0 Safari/537.36"
104.252.191.249 - - [08/Jun/2026:17:39:52 +0000] "GET /login HTTP/1.1" 200 1549 "-" "Mozilla/5.0 (Macintosh; Intel Mac OS X 10_15_7) AppleWebKit/537.36 (KHTML, like Gecko) Chrome/130.0.0.0 Safari/537.36"
104.252.191.249 - - [08/Jun/2026:17:39:55 +0000] "GET /admin/js/jquery.min.js HTTP/1.1" 200 30267 "-" "Mozilla/5.0 (Macintosh; Intel Mac OS X 10_15_7) AppleWebKit/537.36 (KHTML, like Gecko) Chrome/130.0.0.0 Safari/537.36"
104.252.191.249 - - [08/Jun/2026:17:39:56 +0000] "GET /admin/js/pace.min.js HTTP/1.1" 200 4023 "-" "Mozilla/5.0 (Macintosh; Intel Mac OS X 10_15_7) AppleWebKit/537.36 (KHTML, like Gecko) Chrome/130.0.0.0 Safari/537.36"
104.252.191.249 - - [08/Jun/2026:17:39:56 +0000] "GET /admin/js/bootstrap.bundle.min.js HTTP/1.1" 200 22899 "-" "Mozilla/5.0 (Macintosh; Intel Mac OS X 10_15_7) AppleWebKit/537.36 (KHTML, like Gecko) Chrome/130.0.0.0 Safari/537.36"
91.196.152.225 - - [08/Jun/2026:17:40:08 +0000] "GET /login HTTP/1.1" 200 7429 "-" "Mozilla/5.0 (X11; Ubuntu; Linux x86_64; rv:134.0) Gecko/20100101 Firefox/134.0"
91.196.152.52 - - [08/Jun/2026:17:41:14 +0000] "GET /admin/images/favicon-32x32.png HTTP/1.1" 200 2026 "-" "Mozilla/5.0 (X11; Ubuntu; Linux x86_64; rv:134.0) Gecko/20100101 Firefox/134.0"
91.196.152.230 - - [08/Jun/2026:17:41:16 +0000] "GET /admin/images/favicon-32x32.png HTTP/1.1" 200 2026 "-" "Mozilla/5.0 (X11; Ubuntu; Linux x86_64; rv:134.0) Gecko/20100101 Firefox/134.0"
91.196.152.47 - - [08/Jun/2026:17:41:45 +0000] "GET /admin/images/favicon-32x32.png HTTP/1.1" 200 2026 "-" "Mozilla/5.0 (X11; Ubuntu; Linux x86_64; rv:134.0) Gecko/20100101 Firefox/134.0"
91.196.152.46 - - [08/Jun/2026:17:44:19 +0000] "GET /admin/images/favicon-32x32.png HTTP/1.1" 200 2026 "-" "Mozilla/5.0 (X11; Ubuntu; Linux x86_64; rv:134.0) Gecko/20100101 Firefox/134.0"
91.231.89.103 - - [08/Jun/2026:17:46:23 +0000] "GET /login HTTP/1.1" 200 7505 "-" "Mozilla/5.0 (X11; Ubuntu; Linux x86_64; rv:134.0) Gecko/20100101 Firefox/134.0"
91.196.152.67 - - [08/Jun/2026:17:49:40 +0000] "GET /admin/images/favicon-32x32.png HTTP/1.1" 200 2026 "-" "Mozilla/5.0 (X11; Ubuntu; Linux x86_64; rv:134.0) Gecko/20100101 Firefox/134.0"
91.231.89.18 - - [08/Jun/2026:17:51:52 +0000] "GET /login HTTP/1.1" 200 7505 "-" "Mozilla/5.0 (X11; Ubuntu; Linux x86_64; rv:134.0) Gecko/20100101 Firefox/134.0"
143.244.47.83 - - [08/Jun/2026:18:14:33 +0000] "HEAD /dashboard HTTP/1.1" 302 0 "-" "Mozilla/5.0 (Windows NT 10.0; Win64; x64) AppleWebKit/537.36 (KHTML, like Gecko) Chrome/58.0.3029.110 Safari/537.3"
143.244.47.83 - - [08/Jun/2026:18:14:34 +0000] "HEAD /login HTTP/1.1" 200 0 "-" "Mozilla/5.0 (Windows NT 10.0; Win64; x64) AppleWebKit/537.36 (KHTML, like Gecko) Chrome/58.0.3029.110 Safari/537.3"
143.244.47.83 - - [08/Jun/2026:18:14:35 +0000] "HEAD / HTTP/1.1" 302 0 "-" "Mozilla/5.0 (Windows NT 10.0; Win64; x64) AppleWebKit/537.36 (KHTML, like Gecko) Chrome/58.0.3029.110 Safari/537.3"
143.244.47.83 - - [08/Jun/2026:18:14:35 +0000] "HEAD / HTTP/1.1" 302 0 "-" "Mozilla/5.0 (Windows NT 10.0; Win64; x64) AppleWebKit/537.36 (KHTML, like Gecko) Chrome/58.0.3029.110 Safari/537.3"
143.244.47.83 - - [08/Jun/2026:18:14:35 +0000] "HEAD /dashboard HTTP/1.1" 302 0 "-" "Mozilla/5.0 (Windows NT 10.0; Win64; x64) AppleWebKit/537.36 (KHTML, like Gecko) Chrome/58.0.3029.110 Safari/537.3"
143.244.47.83 - - [08/Jun/2026:18:14:50 +0000] "GET /login HTTP/3" 200 1544 "-" "Mozilla/5.0 (X11; Linux x86_64) AppleWebKit/537.36 (KHTML, like Gecko) HeadlessChrome/148.0.7778.96 Safari/537.36"
143.244.47.83 - - [08/Jun/2026:18:14:51 +0000] "GET /admin/js/pace.min.js HTTP/3" 200 4023 "https://www.hall-management.ms-hostingladz.com/login" "Mozilla/5.0 (X11; Linux x86_64) AppleWebKit/537.36 (KHTML, like Gecko) HeadlessChrome/148.0.7778.96 Safari/537.36"
143.244.47.83 - - [08/Jun/2026:18:14:51 +0000] "GET /admin/js/bootstrap.bundle.min.js HTTP/3" 200 22899 "https://www.hall-management.ms-hostingladz.com/login" "Mozilla/5.0 (X11; Linux x86_64) AppleWebKit/537.36 (KHTML, like Gecko) HeadlessChrome/148.0.7778.96 Safari/537.36"
143.244.47.83 - - [08/Jun/2026:18:14:51 +0000] "GET /login HTTP/3" 200 1548 "-" "Mozilla/5.0 (X11; Linux x86_64) AppleWebKit/537.36 (KHTML, like Gecko) HeadlessChrome/148.0.7778.96 Safari/537.36"
143.244.47.83 - - [08/Jun/2026:18:14:51 +0000] "GET /admin/js/jquery.min.js HTTP/3" 200 30267 "https://www.hall-management.ms-hostingladz.com/login" "Mozilla/5.0 (X11; Linux x86_64) AppleWebKit/537.36 (KHTML, like Gecko) HeadlessChrome/148.0.7778.96 Safari/537.36"
143.244.47.83 - - [08/Jun/2026:18:14:51 +0000] "GET /admin/js/pace.min.js HTTP/3" 200 4023 "https://www.hall-management.ms-hostingladz.com/login" "Mozilla/5.0 (X11; Linux x86_64) AppleWebKit/537.36 (KHTML, like Gecko) HeadlessChrome/148.0.7778.96 Safari/537.36"
143.244.47.83 - - [08/Jun/2026:18:14:51 +0000] "GET /admin/js/bootstrap.bundle.min.js HTTP/3" 200 22899 "https://www.hall-management.ms-hostingladz.com/login" "Mozilla/5.0 (X11; Linux x86_64) AppleWebKit/537.36 (KHTML, like Gecko) HeadlessChrome/148.0.7778.96 Safari/537.36"
143.244.47.83 - - [08/Jun/2026:18:14:51 +0000] "GET /admin/js/jquery.min.js HTTP/3" 200 30267 "https://www.hall-management.ms-hostingladz.com/login" "Mozilla/5.0 (X11; Linux x86_64) AppleWebKit/537.36 (KHTML, like Gecko) HeadlessChrome/148.0.7778.96 Safari/537.36"
185.213.155.197 - - [08/Jun/2026:18:17:13 +0000] "GET / HTTP/1.1" 302 218 "https://hall-management.ms-hostingladz.com" "Mozilla/5.0 (Windows NT 10.0; Win64; x64; rv:140.0) Gecko/20100101 Firefox/140.9"
185.213.155.197 - - [08/Jun/2026:18:17:16 +0000] "GET /login HTTP/1.1" 200 1834 "https://hall-management.ms-hostingladz.com" "Mozilla/5.0 (Windows NT 10.0; Win64; x64; rv:140.0) Gecko/20100101 Firefox/140.9"
185.213.155.197 - - [08/Jun/2026:18:18:13 +0000] "GET /dashboard HTTP/1.1" 302 218 "https://www.hall-management.ms-hostingladz.com" "Mozilla/5.0 (Macintosh; Intel Mac OS X 10_9_5) AppleWebKit/601.4.4 (KHTML, like Gecko) Version/9.0.3 Safari/537.86.4"
185.213.155.197 - - [08/Jun/2026:18:18:14 +0000] "GET /login HTTP/1.1" 200 1837 "https://www.hall-management.ms-hostingladz.com" "Mozilla/5.0 (Macintosh; Intel Mac OS X 10_9_5) AppleWebKit/601.4.4 (KHTML, like Gecko) Version/9.0.3 Safari/537.86.4"
45.185.226.168 - - [08/Jun/2026:18:13:30 +0000] "GET / HTTP/1.1" 302 221 "-" "Go-http-client/1.1"
45.185.226.168 - - [08/Jun/2026:18:13:30 +0000] "GET / HTTP/1.1" 302 218 "-" "Go-http-client/1.1"
143.244.47.83 - - [08/Jun/2026:18:14:33 +0000] "HEAD / HTTP/1.1" 302 0 "-" "Mozilla/5.0 (Windows NT 10.0; Win64; x64) AppleWebKit/537.36 (KHTML, like Gecko) Chrome/58.0.3029.110 Safari/537.3"
143.244.47.83 - - [08/Jun/2026:18:14:33 +0000] "HEAD / HTTP/1.1" 302 0 "-" "Mozilla/5.0 (Windows NT 10.0; Win64; x64) AppleWebKit/537.36 (KHTML, like Gecko) Chrome/58.0.3029.110 Safari/537.3"
143.244.47.83 - - [08/Jun/2026:18:14:33 +0000] "HEAD /dashboard HTTP/1.1" 302 0 "-" "Mozilla/5.0 (Windows NT 10.0; Win64; x64) AppleWebKit/537.36 (KHTML, like Gecko) Chrome/58.0.3029.110 Safari/537.3"
143.244.47.83 - - [08/Jun/2026:18:14:34 +0000] "HEAD /login HTTP/1.1" 200 0 "-" "Mozilla/5.0 (Windows NT 10.0; Win64; x64) AppleWebKit/537.36 (KHTML, like Gecko) Chrome/58.0.3029.110 Safari/537.3"
143.244.47.83 - - [08/Jun/2026:18:14:35 +0000] "HEAD /dashboard HTTP/1.1" 302 0 "-" "Mozilla/5.0 (Windows NT 10.0; Win64; x64) AppleWebKit/537.36 (KHTML, like Gecko) Chrome/58.0.3029.110 Safari/537.3"
143.244.47.83 - - [08/Jun/2026:18:14:36 +0000] "HEAD /login HTTP/1.1" 200 0 "-" "Mozilla/5.0 (Windows NT 10.0; Win64; x64) AppleWebKit/537.36 (KHTML, like Gecko) Chrome/58.0.3029.110 Safari/537.3"
143.244.47.83 - - [08/Jun/2026:18:14:36 +0000] "HEAD /login HTTP/1.1" 200 0 "-" "Mozilla/5.0 (Windows NT 10.0; Win64; x64) AppleWebKit/537.36 (KHTML, like Gecko) Chrome/58.0.3029.110 Safari/537.3"
143.244.47.83 - - [08/Jun/2026:18:14:50 +0000] "GET / HTTP/2" 302 183 "-" "Mozilla/5.0 (X11; Linux x86_64) AppleWebKit/537.36 (KHTML, like Gecko) HeadlessChrome/148.0.7778.96 Safari/537.36"
143.244.47.83 - - [08/Jun/2026:18:14:50 +0000] "GET / HTTP/2" 302 183 "-" "Mozilla/5.0 (X11; Linux x86_64) AppleWebKit/537.36 (KHTML, like Gecko) HeadlessChrome/148.0.7778.96 Safari/537.36"
143.244.47.83 - - [08/Jun/2026:18:14:50 +0000] "GET /dashboard HTTP/2" 302 180 "-" "Mozilla/5.0 (X11; Linux x86_64) AppleWebKit/537.36 (KHTML, like Gecko) HeadlessChrome/148.0.7778.96 Safari/537.36"
143.244.47.83 - - [08/Jun/2026:18:14:50 +0000] "GET /dashboard HTTP/2" 302 180 "-" "Mozilla/5.0 (X11; Linux x86_64) AppleWebKit/537.36 (KHTML, like Gecko) HeadlessChrome/148.0.7778.96 Safari/537.36"
185.213.155.197 - - [08/Jun/2026:18:17:15 +0000] "GET /dashboard HTTP/1.1" 302 216 "https://hall-management.ms-hostingladz.com" "Mozilla/5.0 (Windows NT 10.0; Win64; x64; rv:140.0) Gecko/20100101 Firefox/140.9"
185.213.155.197 - - [08/Jun/2026:18:17:20 +0000] "GET /admin/images/favicon-32x32.png HTTP/1.1" 200 2026 "https://hall-management.ms-hostingladz.com" "Mozilla/5.0 (Windows NT 10.0; Win64; x64; rv:140.0) Gecko/20100101 Firefox/140.9"
185.213.155.197 - - [08/Jun/2026:18:18:11 +0000] "GET / HTTP/1.1" 302 221 "https://www.hall-management.ms-hostingladz.com" "Mozilla/5.0 (Macintosh; Intel Mac OS X 10_9_5) AppleWebKit/601.4.4 (KHTML, like Gecko) Version/9.0.3 Safari/537.86.4"
185.213.155.197 - - [08/Jun/2026:18:18:18 +0000] "GET /admin/images/favicon-32x32.png HTTP/1.1" 200 2026 "https://www.hall-management.ms-hostingladz.com" "Mozilla/5.0 (Macintosh; Intel Mac OS X 10_9_5) AppleWebKit/601.4.4 (KHTML, like Gecko) Version/9.0.3 Safari/537.86.4"
216.73.217.143 - - [08/Jun/2026:18:27:53 +0000] "GET /robots.txt HTTP/2" 200 79 "-" "Mozilla/5.0 AppleWebKit/537.36 (KHTML, like Gecko; compatible; ClaudeBot/1.0; +claudebot@anthropic.com)"
216.73.217.143 - - [08/Jun/2026:18:27:54 +0000] "GET / HTTP/2" 302 179 "-" "Mozilla/5.0 AppleWebKit/537.36 (KHTML, like Gecko; compatible; ClaudeBot/1.0; +claudebot@anthropic.com)"
216.73.217.143 - - [08/Jun/2026:18:27:54 +0000] "GET /dashboard HTTP/2" 302 176 "https://hall-management.ms-hostingladz.com/" "Mozilla/5.0 AppleWebKit/537.36 (KHTML, like Gecko; compatible; ClaudeBot/1.0; +claudebot@anthropic.com)"
216.73.217.143 - - [08/Jun/2026:18:27:54 +0000] "GET /login HTTP/2" 200 1550 "https://hall-management.ms-hostingladz.com/dashboard" "Mozilla/5.0 AppleWebKit/537.36 (KHTML, like Gecko; compatible; ClaudeBot/1.0; +claudebot@anthropic.com)"
107.172.195.39 - - [08/Jun/2026:18:30:51 +0000] "GET / HTTP/1.1" 302 179 "-" "Mozilla/5.0 (Macintosh; Intel Mac OS X 10_15_7) AppleWebKit/537.36 (KHTML, like Gecko) Chrome/131.0.0.0 Safari/537.36"
107.172.195.39 - - [08/Jun/2026:18:30:52 +0000] "GET /dashboard HTTP/1.1" 302 176 "-" "Mozilla/5.0 (Macintosh; Intel Mac OS X 10_15_7) AppleWebKit/537.36 (KHTML, like Gecko) Chrome/131.0.0.0 Safari/537.36"
107.172.195.39 - - [08/Jun/2026:18:30:54 +0000] "GET /login HTTP/1.1" 200 1547 "-" "Mozilla/5.0 (Macintosh; Intel Mac OS X 10_15_7) AppleWebKit/537.36 (KHTML, like Gecko) Chrome/131.0.0.0 Safari/537.36"
107.172.195.39 - - [08/Jun/2026:18:30:56 +0000] "GET /admin/js/jquery.min.js HTTP/1.1" 200 30267 "-" "Mozilla/5.0 (Macintosh; Intel Mac OS X 10_15_7) AppleWebKit/537.36 (KHTML, like Gecko) Chrome/131.0.0.0 Safari/537.36"
107.172.195.39 - - [08/Jun/2026:18:30:58 +0000] "GET /admin/js/pace.min.js HTTP/1.1" 200 4023 "-" "Mozilla/5.0 (Macintosh; Intel Mac OS X 10_15_7) AppleWebKit/537.36 (KHTML, like Gecko) Chrome/131.0.0.0 Safari/537.36"
107.172.195.39 - - [08/Jun/2026:18:30:58 +0000] "GET /admin/js/bootstrap.bundle.min.js HTTP/1.1" 200 22899 "-" "Mozilla/5.0 (Macintosh; Intel Mac OS X 10_15_7) AppleWebKit/537.36 (KHTML, like Gecko) Chrome/131.0.0.0 Safari/537.36"
216.73.217.143 - - [08/Jun/2026:18:27:05 +0000] "GET /robots.txt HTTP/2" 200 79 "-" "Mozilla/5.0 AppleWebKit/537.36 (KHTML, like Gecko; compatible; ClaudeBot/1.0; +claudebot@anthropic.com)"
216.73.217.143 - - [08/Jun/2026:18:27:07 +0000] "GET / HTTP/2" 302 183 "-" "Mozilla/5.0 AppleWebKit/537.36 (KHTML, like Gecko; compatible; ClaudeBot/1.0; +claudebot@anthropic.com)"
216.73.217.143 - - [08/Jun/2026:18:27:10 +0000] "GET /dashboard HTTP/2" 302 180 "https://www.hall-management.ms-hostingladz.com/" "Mozilla/5.0 AppleWebKit/537.36 (KHTML, like Gecko; compatible; ClaudeBot/1.0; +claudebot@anthropic.com)"
216.73.217.143 - - [08/Jun/2026:18:27:10 +0000] "GET /login HTTP/2" 200 1552 "https://www.hall-management.ms-hostingladz.com/dashboard" "Mozilla/5.0 AppleWebKit/537.36 (KHTML, like Gecko; compatible; ClaudeBot/1.0; +claudebot@anthropic.com)"
104.252.191.96 - - [08/Jun/2026:18:30:36 +0000] "GET / HTTP/1.1" 302 179 "-" "Mozilla/5.0 (X11; Linux x86_64) AppleWebKit/537.36 (KHTML, like Gecko) Chrome/130.0.0.0 Safari/537.36"
104.252.191.96 - - [08/Jun/2026:18:30:36 +0000] "GET /dashboard HTTP/1.1" 302 176 "-" "Mozilla/5.0 (X11; Linux x86_64) AppleWebKit/537.36 (KHTML, like Gecko) Chrome/130.0.0.0 Safari/537.36"
104.252.191.96 - - [08/Jun/2026:18:30:37 +0000] "GET /login HTTP/1.1" 200 1549 "-" "Mozilla/5.0 (X11; Linux x86_64) AppleWebKit/537.36 (KHTML, like Gecko) Chrome/130.0.0.0 Safari/537.36"
107.172.195.39 - - [08/Jun/2026:18:30:40 +0000] "GET / HTTP/1.1" 302 179 "-" "Mozilla/5.0 (Windows NT 10.0; Win64; x64) AppleWebKit/537.36 (KHTML, like Gecko) Chrome/130.0.0.0 Safari/537.36"
107.172.195.39 - - [08/Jun/2026:18:30:40 +0000] "GET /dashboard HTTP/1.1" 302 176 "-" "Mozilla/5.0 (Windows NT 10.0; Win64; x64) AppleWebKit/537.36 (KHTML, like Gecko) Chrome/130.0.0.0 Safari/537.36"
107.172.195.39 - - [08/Jun/2026:18:30:40 +0000] "GET /login HTTP/1.1" 200 1548 "-" "Mozilla/5.0 (Windows NT 10.0; Win64; x64) AppleWebKit/537.36 (KHTML, like Gecko) Chrome/130.0.0.0 Safari/537.36"
85.137.57.233 - - [08/Jun/2026:19:08:13 +0000] "GET / HTTP/2" 302 218 "-" "Mozilla/5.0 (Macintosh; Intel Mac OS X 10_15_7) AppleWebKit/537.36 (KHTML, like Gecko) Chrome/124.0.0.0 Safari/537.36"
176.65.139.233 - - [08/Jun/2026:19:14:33 +0000] "GET / HTTP/1.1" 302 454 "-" "Mozilla/5.0 (Windows NT 10.0; Win64; x64) AppleWebKit/537.36 (KHTML, like Gecko) Chrome/147.0.0.0 Safari/537.36"
176.65.139.235 - - [08/Jun/2026:19:14:36 +0000] "GET /dashboard HTTP/1.1" 302 438 "-" "Mozilla/5.0 (Windows NT 10.0; Win64; x64) AppleWebKit/537.36 (KHTML, like Gecko) Chrome/147.0.0.0 Safari/537.36"
176.65.139.237 - - [08/Jun/2026:19:14:37 +0000] "GET /login HTTP/1.1" 200 7429 "-" "Mozilla/5.0 (Windows NT 10.0; Win64; x64) AppleWebKit/537.36 (KHTML, like Gecko) Chrome/147.0.0.0 Safari/537.36"
45.185.226.168 - - [08/Jun/2026:19:17:19 +0000] "GET / HTTP/1.1" 302 221 "-" "Go-http-client/1.1"
45.185.226.168 - - [08/Jun/2026:19:17:19 +0000] "GET / HTTP/1.1" 302 218 "-" "Go-http-client/1.1"
45.185.226.168 - - [08/Jun/2026:19:17:19 +0000] "GET /dashboard HTTP/1.1" 302 216 "https://hall-management.ms-hostingladz.com" "Go-http-client/1.1"
195.164.49.144 - - [08/Jun/2026:20:22:46 +0000] "GET / HTTP/1.1" 302 218 "-" "Mozilla/5.0 (Linux; Android 10; K) AppleWebKit/537.36 (KHTML, like Gecko) Chrome/148.0.0.0 Mobile Safari/537.36"
133.242.174.119 - - [09/Jun/2026:00:48:58 +0000] "GET /robots.txt HTTP/1.1" 200 79 "-" "Mozilla/5.0 (Linux; Android 10; K) AppleWebKit/537.36 (KHTML, like Gecko) Chrome/142.0.0.0 Mobile Safari/537.36"
133.242.174.119 - - [09/Jun/2026:00:48:59 +0000] "GET / HTTP/1.1" 302 221 "-" "Mozilla/5.0 (Linux; Android 10; K) AppleWebKit/537.36 (KHTML, like Gecko) Chrome/142.0.0.0 Mobile Safari/537.36"
133.242.174.119 - - [09/Jun/2026:00:49:02 +0000] "GET /dashboard HTTP/1.1" 302 218 "-" "Mozilla/5.0 (Linux; Android 10; K) AppleWebKit/537.36 (KHTML, like Gecko) Chrome/142.0.0.0 Mobile Safari/537.36"
133.242.174.119 - - [09/Jun/2026:00:49:02 +0000] "GET /login HTTP/1.1" 200 1834 "-" "Mozilla/5.0 (Linux; Android 10; K) AppleWebKit/537.36 (KHTML, like Gecko) Chrome/142.0.0.0 Mobile Safari/537.36"
34.107.5.109 - - [09/Jun/2026:02:00:28 +0000] "GET /.git/config HTTP/1.1" 403 1242 "-" "Mozilla/5.0 (X11; Ubuntu; Linux; rv:67.0) Gecko/20100101 Firefox/67.0"
134.185.85.99 - - [09/Jun/2026:03:26:08 +0000] "GET / HTTP/2" 302 218 "-" "Mozilla/5.0 (iPhone; CPU iPhone OS 17_4_1 like Mac OS X) AppleWebKit/605.1.15 Mobile/15E148"
134.185.85.99 - - [09/Jun/2026:03:26:11 +0000] "GET /dashboard HTTP/2" 302 216 "https://hall-management.ms-hostingladz.com" "Mozilla/5.0 (iPhone; CPU iPhone OS 17_4_1 like Mac OS X) AppleWebKit/605.1.15 Mobile/15E148"
134.185.85.99 - - [09/Jun/2026:03:26:11 +0000] "GET /login HTTP/2" 200 1837 "https://hall-management.ms-hostingladz.com/dashboard" "Mozilla/5.0 (iPhone; CPU iPhone OS 17_4_1 like Mac OS X) AppleWebKit/605.1.15 Mobile/15E148"
