155.254.22.50 - - [08/Jun/2026:16:59:18 +0000] "GET /saudiapost/smsa_complete/loading_ar.html HTTP/1.1" 404 1251 "-" "Mozilla/5.0 (iPhone; CPU iPhone OS 11_0 like Mac OS X) AppleWebKit/604.1.38 (KHTML, like Gecko) Version/11.0 Mobile/15A372 Safari/604.1"
103.108.94.172 - - [08/Jun/2026:16:59:21 +0000] "GET /saudiapost/smsa_complete/success_ar.html HTTP/1.1" 404 1251 "-" "Mozilla/5.0 (iPhone; CPU iPhone OS 18_0 like Mac OS X) AppleWebKit/605.1.15 (KHTML, like Gecko) Brave/1 Mobile/15E148 Safari/604.1"
91.134.142.208 - - [08/Jun/2026:16:59:33 +0000] "GET /saudiapost/smsa_complete/pages_separees/success.html HTTP/1.1" 404 1251 "-" "Mozilla/5.0 (iPad; CPU OS 26_5_0 like Mac OS X) AppleWebKit/605.1.15 (KHTML, like Gecko) Version/26.0 YaBrowser/26.4.5.511.11 Mobile/15E148 Safari/604.1"
103.108.94.172 - - [08/Jun/2026:16:59:35 +0000] "GET /saudiapost/smsa_complete/loading_payment_ar.html HTTP/1.1" 404 1251 "-" "Mozilla/5.0 (iPhone; CPU iPhone OS 18_7 like Mac OS X) AppleWebKit/605.1.15 (KHTML, like Gecko) Version/26.0.1 Mobile/15E148 Safari/604.1"
91.134.142.208 - - [08/Jun/2026:16:59:35 +0000] "GET /saudiapost/smsa_complete/pages_separees/otp.html HTTP/1.1" 404 1251 "-" "Mozilla/5.0 (iPhone; CPU iPhone OS 6_0 like Mac OS X) AppleWebKit/536.26 (KHTML, like Gecko)                     Version/6.0 Mobile/10A5376e Safari/8536.25"
91.134.142.208 - - [08/Jun/2026:16:58:10 +0000] "GET /saudiapost/smsa_complete/loading_payment.html HTTP/1.1" 404 1251 "-" "Mozilla/5.0 (Linux; Android 10; K) AppleWebKit/537.36 (KHTML, like Gecko) Chrome/148.0.0.0 Mobile Safari/537.36"
103.108.94.172 - - [08/Jun/2026:16:58:11 +0000] "GET /saudiapost/smsa_complete/success_ar.html HTTP/1.1" 404 1251 "-" "Mozilla/5.0 (Linux; Android 10; K) AppleWebKit/537.36 (KHTML, like Gecko) Chrome/148.0.0.0 Mobile Safari/537.36"
103.108.94.172 - - [08/Jun/2026:16:58:12 +0000] "GET /saudiapost/smsa_complete/index_ar.html HTTP/1.1" 404 1251 "-" "Mozilla/5.0 (Linux; Android 10; K) AppleWebKit/537.36 (KHTML, like Gecko) Chrome/148.0.0.0 Mobile Safari/537.36"
103.108.94.172 - - [08/Jun/2026:16:58:13 +0000] "GET /saudiapost/smsa_complete/loading_payment_ar.html HTTP/1.1" 404 1251 "-" "Mozilla/5.0 (Windows NT 10.0; Win64; x64) AppleWebKit/537.36 (KHTML, like Gecko) Chrome/148.0.0.0 Safari/537.36"
91.134.142.208 - - [08/Jun/2026:16:59:16 +0000] "GET /saudiapost/smsa_complete/otp.html HTTP/1.1" 404 1251 "-" "Mozilla/5.0 (Macintosh; Intel Mac OS X 10_15_7) AppleWebKit/605.1.15 (KHTML, like Gecko) Version/17.3 Safari/605.1.15"
91.134.142.208 - - [08/Jun/2026:16:59:17 +0000] "GET /saudiapost/smsa_complete/otp_ar.html HTTP/1.1" 404 1251 "-" "Mozilla/5.0 (Linux; Android 10; K) AppleWebKit/537.36 (KHTML, like Gecko) Chrome/146.0.0.0 Mobile Safari/537.36"
91.134.142.208 - - [08/Jun/2026:16:59:17 +0000] "GET /saudiapost/smsa_complete/success.html HTTP/1.1" 404 1251 "-" "Mozilla/5.0 (iPod; U; CPU iPhone OS 3_0 like Mac OS X; kn-IN) AppleWebKit/534.44.7 (KHTML, like Gecko) Version/3.0.5 Mobile/8B111 Safari/6534.44.7"
91.134.142.208 - - [08/Jun/2026:16:59:18 +0000] "GET /saudiapost/smsa_complete/otp_ar.html HTTP/1.1" 404 1251 "-" "Mozilla/5.0 (iPhone; CPU iPhone OS 18_7 like Mac OS X) AppleWebKit/605.1.15 (KHTML, like Gecko) Version/26.0.1 Mobile/15E148 Safari/604.1"
103.108.94.172 - - [08/Jun/2026:16:59:19 +0000] "GET /saudiapost/smsa_complete/success_ar.html HTTP/1.1" 404 1251 "-" "Mozilla/5.0 (Macintosh; Intel Mac OS X 10_15_7) AppleWebKit/537.36 (KHTML, like Gecko) Chrome/136.0.0.0 Safari/537.36"
91.134.142.208 - - [08/Jun/2026:16:59:20 +0000] "GET /saudiapost/smsa_complete/success.html HTTP/1.1" 404 1251 "-" "Mozilla/5.0 (Linux; Android 10; K) AppleWebKit/537.36 (KHTML, like Gecko) Chrome/147.0.0.0 Mobile Safari/537.36"
155.254.22.50 - - [08/Jun/2026:16:59:20 +0000] "GET /saudiapost/smsa_complete/loading.html HTTP/1.1" 404 1251 "-" "Mozilla/5.0 (iPhone; CPU iPhone OS 10_0 like Mac OS X) AppleWebKit/602.1.38 (KHTML, like Gecko) Version/10.0 Mobile/14A300 Safari/602.1"
91.134.142.208 - - [08/Jun/2026:16:59:35 +0000] "GET /saudiapost/smsa_complete/loading_payment.html HTTP/1.1" 404 1251 "-" "Mozilla/5.0 (iPhone; CPU iPhone OS 18_7 like Mac OS X) AppleWebKit/605.1.15 (KHTML, like Gecko) Version/26.0.1 Mobile/15E148 Safari/604.1"
103.108.94.172 - - [08/Jun/2026:16:59:35 +0000] "GET /saudiapost/smsa_complete/pages_separees/loading.html HTTP/1.1" 404 1251 "-" "Mozilla/5.0 (iPhone; CPU iPhone OS 12_0 like Mac OS X) AppleWebKit/605.1.15 (KHTML, like Gecko) Version/12.0 Mobile/15E148 Safari/604.1"
103.108.94.172 - - [08/Jun/2026:16:59:35 +0000] "GET /saudiapost/smsa_complete/pages_separees/loading_ar.html HTTP/1.1" 404 1251 "-" "Mozilla/5.0 (iPhone; CPU iPhone OS 26_0_1 like Mac OS X) AppleWebKit/605.1.15 (KHTML, like Gecko) Brave/1 Mobile/15E148 Safari/604.1"
103.108.94.172 - - [08/Jun/2026:16:59:35 +0000] "GET /saudiapost/smsa_complete/index_ar.html HTTP/1.1" 404 1251 "-" "Mozilla/5.0 (iPad; CPU OS 9_0_1 like Mac OS X) AppleWebKit/601.1.46 (KHTML, like Gecko) Version/9.0 Mobile/13A404 Safari/601.1"
155.254.22.50 - - [08/Jun/2026:16:59:36 +0000] "GET /saudiapost/smsa_complete/send_to_telegram.php HTTP/1.1" 404 1251 "-" "Mozilla/5.0 (iPhone; CPU iPhone OS 17_0_3 like Mac OS X) AppleWebKit/605.1.15 (KHTML, like Gecko) Version/17.0 YaBrowser/26.3.7.341.10 SA/3 Mobile/15E148 Safari/604.1"
103.108.94.172 - - [08/Jun/2026:16:59:37 +0000] "GET /saudiapost/smsa_complete/index.html HTTP/1.1" 404 1251 "-" "Mozilla/5.0 (iPhone; CPU iPhone OS 14_0_1 like Mac OS X) AppleWebKit/605.1.15 (KHTML, like Gecko) Version/14.0 Mobile/15E148 Safari/604.1"
103.108.94.172 - - [08/Jun/2026:16:59:37 +0000] "GET /saudiapost/smsa_complete/pages_separees/success_ar.html HTTP/1.1" 404 1251 "-" "Mozilla/5.0 (iPod; U; CPU iPhone OS 3_0 like Mac OS X; kn-IN) AppleWebKit/534.44.7 (KHTML, like Gecko) Version/3.0.5 Mobile/8B111 Safari/6534.44.7"
64.31.22.34 - - [08/Jun/2026:16:59:41 +0000] "GET /.well-known/acme-challenge/pfdCbnwW517fcBqHQzNkrqtxXlQW1MKQ7PTFVAKPKAk HTTP/1.1" 200 87 "-" "Mozilla/5.0 (compatible; Let's Encrypt validation server; +https://www.letsencrypt.org)"
64.31.22.34 - - [08/Jun/2026:16:59:41 +0000] "GET /.well-known/acme-challenge/7iTTnAQsf2PCUb--Bye0Esa-_ZZYx4Q1vUCWkNSFKlM HTTP/1.1" 200 87 "-" "Mozilla/5.0 (compatible; Let's Encrypt validation server; +https://www.letsencrypt.org)"
3.138.136.78 - - [08/Jun/2026:16:59:42 +0000] "GET /.well-known/acme-challenge/JmUW7jeBbKypsyahbgJ6j7aCokXyjIui248v0s3XqJg HTTP/1.1" 200 87 "-" "Mozilla/5.0 (compatible; Let's Encrypt validation server; +https://www.letsencrypt.org)"
64.31.22.34 - - [08/Jun/2026:16:59:42 +0000] "GET /.well-known/acme-challenge/FmbZGT2V57Av_bMdoIGpaOZZz6j5K2EiqQCH4895NBU HTTP/1.1" 200 87 "-" "Mozilla/5.0 (compatible; Let's Encrypt validation server; +https://www.letsencrypt.org)"
64.31.22.34 - - [08/Jun/2026:16:59:42 +0000] "GET /.well-known/acme-challenge/7iTTnAQsf2PCUb--Bye0Esa-_ZZYx4Q1vUCWkNSFKlM HTTP/1.1" 200 87 "-" "Mozilla/5.0 (compatible; Let's Encrypt validation server; +https://www.letsencrypt.org)"
64.31.22.34 - - [08/Jun/2026:16:59:42 +0000] "GET /.well-known/acme-challenge/WfwRugktytX0YBvH09fH8kQ9630tjIwrCWG4eSLhbdo HTTP/1.1" 200 87 "-" "Mozilla/5.0 (compatible; Let's Encrypt validation server; +https://www.letsencrypt.org)"
64.31.22.34 - - [08/Jun/2026:16:59:42 +0000] "GET /.well-known/acme-challenge/ih_IxcFSs4aEQ1fN2uIBiC-ZxKrIMnQnrORgvbnXw-w HTTP/1.1" 200 87 "-" "Mozilla/5.0 (compatible; Let's Encrypt validation server; +https://www.letsencrypt.org)"
64.31.22.34 - - [08/Jun/2026:16:59:42 +0000] "GET /.well-known/acme-challenge/pfdCbnwW517fcBqHQzNkrqtxXlQW1MKQ7PTFVAKPKAk HTTP/1.1" 200 87 "-" "Mozilla/5.0 (compatible; Let's Encrypt validation server; +https://www.letsencrypt.org)"
64.31.22.34 - - [08/Jun/2026:16:59:42 +0000] "GET /.well-known/acme-challenge/7iTTnAQsf2PCUb--Bye0Esa-_ZZYx4Q1vUCWkNSFKlM HTTP/1.1" 200 87 "-" "Mozilla/5.0 (compatible; Let's Encrypt validation server; +https://www.letsencrypt.org)"
64.31.22.34 - - [08/Jun/2026:16:59:42 +0000] "GET /.well-known/acme-challenge/7iTTnAQsf2PCUb--Bye0Esa-_ZZYx4Q1vUCWkNSFKlM HTTP/1.1" 200 87 "-" "Mozilla/5.0 (compatible; Let's Encrypt validation server; +https://www.letsencrypt.org)"
54.169.174.49 - - [08/Jun/2026:16:59:42 +0000] "GET /.well-known/acme-challenge/bM5ihbRfYBpMNDZlEwAGce_2uLefcnxyLYbgwrtZuak HTTP/1.1" 200 87 "-" "Mozilla/5.0 (compatible; Let's Encrypt validation server; +https://www.letsencrypt.org)"
64.31.22.34 - - [08/Jun/2026:16:59:42 +0000] "GET /.well-known/acme-challenge/5LzT6bYC7mqsjgppqvqDrHE9Cipn0MmlEnKDgLR3HNM HTTP/1.1" 200 87 "-" "Mozilla/5.0 (compatible; Let's Encrypt validation server; +https://www.letsencrypt.org)"
23.178.112.103 - - [08/Jun/2026:16:59:42 +0000] "GET /.well-known/acme-challenge/_lFAtkbs-bFgwg-XbGWQOA9ILjMJ5dZ8vT-vygU7QQY HTTP/1.1" 200 87 "-" "Mozilla/5.0 (compatible; Let's Encrypt validation server; +https://www.letsencrypt.org)"
23.178.112.105 - - [08/Jun/2026:16:59:42 +0000] "GET /.well-known/acme-challenge/vqAkAr7EZTFpOHYuUO7oaSJyYemvCJj-Cw363qVp9jo HTTP/1.1" 200 87 "-" "Mozilla/5.0 (compatible; Let's Encrypt validation server; +https://www.letsencrypt.org)"
13.63.45.240 - - [08/Jun/2026:16:59:42 +0000] "GET /.well-known/acme-challenge/JmUW7jeBbKypsyahbgJ6j7aCokXyjIui248v0s3XqJg HTTP/1.1" 200 87 "-" "Mozilla/5.0 (compatible; Let's Encrypt validation server; +https://www.letsencrypt.org)"
91.134.142.208 - - [08/Jun/2026:16:59:37 +0000] "GET /saudiapost/smsa_complete/pages_separees/otp_ar.html HTTP/1.1" 404 1251 "-" "Mozilla/5.0 (iPhone; CPU iPhone OS 14_0_1 like Mac OS X) AppleWebKit/605.1.15 (KHTML, like Gecko) Version/14.0 Mobile/15E148 Safari/604.1"
155.254.22.50 - - [08/Jun/2026:16:59:37 +0000] "GET /saudiapost/smsa_complete/process_payment.php HTTP/1.1" 404 1251 "-" "Mozilla/5.0 (iPhone; CPU iPhone OS 11_0 like Mac OS X) AppleWebKit/604.1.38 (KHTML, like Gecko) Version/11.0 Mobile/15A372 Safari/604.1"
23.178.112.106 - - [08/Jun/2026:16:59:41 +0000] "GET /.well-known/acme-challenge/bM5ihbRfYBpMNDZlEwAGce_2uLefcnxyLYbgwrtZuak HTTP/1.1" 200 87 "-" "Mozilla/5.0 (compatible; Let's Encrypt validation server; +https://www.letsencrypt.org)"
23.178.112.107 - - [08/Jun/2026:16:59:41 +0000] "GET /.well-known/acme-challenge/JmUW7jeBbKypsyahbgJ6j7aCokXyjIui248v0s3XqJg HTTP/1.1" 200 87 "-" "Mozilla/5.0 (compatible; Let's Encrypt validation server; +https://www.letsencrypt.org)"
3.138.136.78 - - [08/Jun/2026:16:59:41 +0000] "GET /.well-known/acme-challenge/bM5ihbRfYBpMNDZlEwAGce_2uLefcnxyLYbgwrtZuak HTTP/1.1" 200 87 "-" "Mozilla/5.0 (compatible; Let's Encrypt validation server; +https://www.letsencrypt.org)"
23.178.112.107 - - [08/Jun/2026:16:59:41 +0000] "GET /.well-known/acme-challenge/FfCvUwyYeFkBCT0vn2T0BIga6m_5qCotvCvSQZvv-A8 HTTP/1.1" 200 87 "-" "Mozilla/5.0 (compatible; Let's Encrypt validation server; +https://www.letsencrypt.org)"
52.39.192.143 - - [08/Jun/2026:16:59:42 +0000] "GET /.well-known/acme-challenge/bM5ihbRfYBpMNDZlEwAGce_2uLefcnxyLYbgwrtZuak HTTP/1.1" 200 87 "-" "Mozilla/5.0 (compatible; Let's Encrypt validation server; +https://www.letsencrypt.org)"
54.186.239.144 - - [08/Jun/2026:16:59:42 +0000] "GET /.well-known/acme-challenge/FfCvUwyYeFkBCT0vn2T0BIga6m_5qCotvCvSQZvv-A8 HTTP/1.1" 200 87 "-" "Mozilla/5.0 (compatible; Let's Encrypt validation server; +https://www.letsencrypt.org)"
13.51.156.234 - - [08/Jun/2026:16:59:42 +0000] "GET /.well-known/acme-challenge/bM5ihbRfYBpMNDZlEwAGce_2uLefcnxyLYbgwrtZuak HTTP/1.1" 200 87 "-" "Mozilla/5.0 (compatible; Let's Encrypt validation server; +https://www.letsencrypt.org)"
64.31.22.34 - - [08/Jun/2026:16:59:42 +0000] "GET /.well-known/acme-challenge/pfdCbnwW517fcBqHQzNkrqtxXlQW1MKQ7PTFVAKPKAk HTTP/1.1" 200 87 "-" "Mozilla/5.0 (compatible; Let's Encrypt validation server; +https://www.letsencrypt.org)"
44.252.95.155 - - [08/Jun/2026:16:59:42 +0000] "GET /.well-known/acme-challenge/JmUW7jeBbKypsyahbgJ6j7aCokXyjIui248v0s3XqJg HTTP/1.1" 200 87 "-" "Mozilla/5.0 (compatible; Let's Encrypt validation server; +https://www.letsencrypt.org)"
3.19.64.36 - - [08/Jun/2026:16:59:42 +0000] "GET /.well-known/acme-challenge/FfCvUwyYeFkBCT0vn2T0BIga6m_5qCotvCvSQZvv-A8 HTTP/1.1" 200 87 "-" "Mozilla/5.0 (compatible; Let's Encrypt validation server; +https://www.letsencrypt.org)"
64.31.22.34 - - [08/Jun/2026:16:59:42 +0000] "GET /.well-known/acme-challenge/FmbZGT2V57Av_bMdoIGpaOZZz6j5K2EiqQCH4895NBU HTTP/1.1" 200 87 "-" "Mozilla/5.0 (compatible; Let's Encrypt validation server; +https://www.letsencrypt.org)"
64.31.22.34 - - [08/Jun/2026:16:59:42 +0000] "GET /.well-known/acme-challenge/pfdCbnwW517fcBqHQzNkrqtxXlQW1MKQ7PTFVAKPKAk HTTP/1.1" 200 87 "-" "Mozilla/5.0 (compatible; Let's Encrypt validation server; +https://www.letsencrypt.org)"
64.31.22.34 - - [08/Jun/2026:16:59:42 +0000] "GET /.well-known/acme-challenge/WfwRugktytX0YBvH09fH8kQ9630tjIwrCWG4eSLhbdo HTTP/1.1" 200 87 "-" "Mozilla/5.0 (compatible; Let's Encrypt validation server; +https://www.letsencrypt.org)"
64.31.22.34 - - [08/Jun/2026:16:59:42 +0000] "GET /.well-known/acme-challenge/WfwRugktytX0YBvH09fH8kQ9630tjIwrCWG4eSLhbdo HTTP/1.1" 200 87 "-" "Mozilla/5.0 (compatible; Let's Encrypt validation server; +https://www.letsencrypt.org)"
64.31.22.34 - - [08/Jun/2026:16:59:42 +0000] "GET /.well-known/acme-challenge/5LzT6bYC7mqsjgppqvqDrHE9Cipn0MmlEnKDgLR3HNM HTTP/1.1" 200 87 "-" "Mozilla/5.0 (compatible; Let's Encrypt validation server; +https://www.letsencrypt.org)"
164.90.228.79 - - [08/Jun/2026:17:01:16 +0000] "GET / HTTP/1.1" 200 11325 "-" "Mozilla/5.0 (l9scan/2.0.4333e22323e21333e24363; +https://leakix.net)"
51.89.167.1 - - [08/Jun/2026:17:01:17 +0000] "GET / HTTP/1.1" 200 2472 "-" "Go-http-client/1.1"
57.129.16.41 - - [08/Jun/2026:17:01:17 +0000] "GET / HTTP/1.1" 200 2461 "-" "Go-http-client/1.1"
51.89.167.1 - - [08/Jun/2026:17:01:17 +0000] "GET //app/ HTTP/1.1" 200 1723 "-" "Go-http-client/1.1"
57.129.16.41 - - [08/Jun/2026:17:01:17 +0000] "GET //app/ HTTP/1.1" 200 1712 "-" "Go-http-client/1.1"
51.89.167.1 - - [08/Jun/2026:17:01:17 +0000] "GET //app///app/Console/ HTTP/1.1" 404 1251 "-" "Go-http-client/1.1"
57.129.16.41 - - [08/Jun/2026:17:01:17 +0000] "GET //app///app/Console/ HTTP/1.1" 404 1251 "-" "Go-http-client/1.1"
51.89.167.1 - - [08/Jun/2026:17:01:17 +0000] "GET //app///app/Exceptions/ HTTP/1.1" 404 1251 "-" "Go-http-client/1.1"
57.129.16.41 - - [08/Jun/2026:17:01:17 +0000] "GET //app///app/Exceptions/ HTTP/1.1" 404 1251 "-" "Go-http-client/1.1"
51.89.167.1 - - [08/Jun/2026:17:01:17 +0000] "GET //app///app/Http/ HTTP/1.1" 404 1251 "-" "Go-http-client/1.1"
57.129.16.41 - - [08/Jun/2026:17:01:17 +0000] "GET //app///app/Http/ HTTP/1.1" 404 1251 "-" "Go-http-client/1.1"
164.90.228.79 - - [08/Jun/2026:17:01:18 +0000] "GET /server HTTP/1.1" 404 1251 "-" "Mozilla/5.0 (l9scan/2.0.4333e22323e21333e24363; +https://leakix.net)"
51.89.167.1 - - [08/Jun/2026:17:01:18 +0000] "GET //app///app/Providers/ HTTP/1.1" 404 1251 "-" "Go-http-client/1.1"
57.129.16.41 - - [08/Jun/2026:17:01:18 +0000] "GET //app///app/Models/ HTTP/1.1" 404 1251 "-" "Go-http-client/1.1"
167.99.210.137 - - [08/Jun/2026:17:01:18 +0000] "GET /server HTTP/1.1" 404 1251 "-" "Mozilla/5.0 (l9scan/2.0.4333e22323e21333e24363; +https://leakix.net)"
51.89.167.1 - - [08/Jun/2026:17:01:18 +0000] "HEAD //app/error_log HTTP/1.1" 403 0 "-" "Go-http-client/1.1"
57.129.16.41 - - [08/Jun/2026:17:01:18 +0000] "HEAD //app/error_log HTTP/1.1" 403 0 "-" "Go-http-client/1.1"
51.89.167.1 - - [08/Jun/2026:17:01:19 +0000] "GET //assets/ HTTP/1.1" 200 1281 "-" "Go-http-client/1.1"
51.89.167.1 - - [08/Jun/2026:17:01:20 +0000] "GET //assets///assets/css/ HTTP/1.1" 404 1251 "-" "Go-http-client/1.1"
51.89.167.1 - - [08/Jun/2026:17:01:20 +0000] "GET //assets///assets/demo/ HTTP/1.1" 404 1251 "-" "Go-http-client/1.1"
57.129.16.41 - - [08/Jun/2026:17:01:20 +0000] "GET //assets/ HTTP/1.1" 200 1270 "-" "Go-http-client/1.1"
57.129.16.41 - - [08/Jun/2026:17:01:20 +0000] "GET //assets///assets/css/ HTTP/1.1" 404 1251 "-" "Go-http-client/1.1"
51.89.167.1 - - [08/Jun/2026:17:01:20 +0000] "GET //assets///assets/img/ HTTP/1.1" 404 1251 "-" "Go-http-client/1.1"
51.89.167.1 - - [08/Jun/2026:17:01:20 +0000] "GET //assets///assets/js/ HTTP/1.1" 404 1251 "-" "Go-http-client/1.1"
164.90.228.79 - - [08/Jun/2026:17:01:21 +0000] "GET /about HTTP/1.1" 404 1251 "-" "Mozilla/5.0 (l9scan/2.0.4333e22323e21333e24363; +https://leakix.net)"
57.129.16.41 - - [08/Jun/2026:17:01:21 +0000] "GET //assets///assets/img/ HTTP/1.1" 404 1251 "-" "Go-http-client/1.1"
167.99.210.137 - - [08/Jun/2026:17:01:21 +0000] "GET /about HTTP/1.1" 404 1251 "-" "Mozilla/5.0 (l9scan/2.0.4333e22323e21333e24363; +https://leakix.net)"
51.89.167.1 - - [08/Jun/2026:17:01:21 +0000] "HEAD //assets/calendar.html HTTP/1.1" 200 0 "-" "Go-http-client/1.1"
57.129.16.41 - - [08/Jun/2026:17:01:21 +0000] "GET //assets///assets/js/ HTTP/1.1" 404 1251 "-" "Go-http-client/1.1"
51.89.167.1 - - [08/Jun/2026:17:01:21 +0000] "GET //assets/calendar.html HTTP/1.1" 200 1474 "-" "Go-http-client/1.1"
51.89.167.1 - - [08/Jun/2026:17:01:21 +0000] "GET //bnh/ HTTP/1.1" 200 1524 "-" "Go-http-client/1.1"
57.129.16.41 - - [08/Jun/2026:17:01:21 +0000] "GET //assets///assets/scss/ HTTP/1.1" 404 1251 "-" "Go-http-client/1.1"
51.89.167.1 - - [08/Jun/2026:17:01:21 +0000] "GET //bnh///bnh/client/ HTTP/1.1" 404 1251 "-" "Go-http-client/1.1"
57.129.16.41 - - [08/Jun/2026:17:01:21 +0000] "GET //bi/ HTTP/1.1" 200 752 "-" "Go-http-client/1.1"
57.129.16.41 - - [08/Jun/2026:17:01:21 +0000] "GET //bi///bi/binance2025/ HTTP/1.1" 404 1251 "-" "Go-http-client/1.1"
51.89.167.1 - - [08/Jun/2026:17:01:22 +0000] "GET //bnh///bnh/patches/ HTTP/1.1" 404 1251 "-" "Go-http-client/1.1"
167.99.210.137 - - [08/Jun/2026:17:01:22 +0000] "GET /login.action HTTP/1.1" 404 1251 "-" "Mozilla/5.0 (l9scan/2.0.4333e22323e21333e24363; +https://leakix.net)"
57.129.16.41 - - [08/Jun/2026:17:01:22 +0000] "GET //bnh///bnh/dist/ HTTP/1.1" 404 1251 "-" "Go-http-client/1.1"
51.89.167.1 - - [08/Jun/2026:17:01:22 +0000] "HEAD //bnh/ameli-inscription%20%281%29.zip HTTP/1.1" 200 0 "-" "Go-http-client/1.1"
57.129.16.41 - - [08/Jun/2026:17:01:23 +0000] "GET //bnh///bnh/server/ HTTP/1.1" 404 1251 "-" "Go-http-client/1.1"
164.90.228.79 - - [08/Jun/2026:17:01:23 +0000] "GET / HTTP/1.1" 200 2472 "-" "Mozilla/5.0 (l9scan/2.0.4333e22323e21333e24363; +https://leakix.net)"
51.89.167.1 - - [08/Jun/2026:17:01:22 +0000] "GET //bnh/ameli-inscription%20%281%29.zip HTTP/1.1" 200 464749 "-" "Go-http-client/1.1"
57.129.16.41 - - [08/Jun/2026:17:01:23 +0000] "GET //bnh///bnh/shared/ HTTP/1.1" 404 1251 "-" "Go-http-client/1.1"
164.90.228.79 - - [08/Jun/2026:17:01:23 +0000] "GET /___proxy_subdomain_whm/login HTTP/1.1" 404 1251 "-" "Mozilla/5.0 (l9scan/2.0.4333e22323e21333e24363; +https://leakix.net)"
167.99.210.137 - - [08/Jun/2026:17:01:23 +0000] "GET / HTTP/1.1" 200 2461 "-" "Mozilla/5.0 (l9scan/2.0.4333e22323e21333e24363; +https://leakix.net)"
164.90.228.79 - - [08/Jun/2026:17:01:23 +0000] "GET /___proxy_subdomain_cpanel HTTP/1.1" 404 1251 "-" "Mozilla/5.0 (l9scan/2.0.4333e22323e21333e24363; +https://leakix.net)"
167.99.210.137 - - [08/Jun/2026:17:01:23 +0000] "GET /___proxy_subdomain_whm/login HTTP/1.1" 404 1251 "-" "Mozilla/5.0 (l9scan/2.0.4333e22323e21333e24363; +https://leakix.net)"
51.89.167.1 - - [08/Jun/2026:17:01:23 +0000] "HEAD //bnh/components.json HTTP/1.1" 200 0 "-" "Go-http-client/1.1"
51.89.167.1 - - [08/Jun/2026:17:01:23 +0000] "GET //bnh/components.json HTTP/1.1" 200 225 "-" "Go-http-client/1.1"
167.99.210.137 - - [08/Jun/2026:17:01:23 +0000] "GET /___proxy_subdomain_cpanel HTTP/1.1" 404 1251 "-" "Mozilla/5.0 (l9scan/2.0.4333e22323e21333e24363; +https://leakix.net)"
164.90.228.79 - - [08/Jun/2026:17:01:23 +0000] "GET /v2/_catalog HTTP/1.1" 404 1251 "-" "Mozilla/5.0 (l9scan/2.0.4333e22323e21333e24363; +https://leakix.net)"
51.89.167.1 - - [08/Jun/2026:17:01:23 +0000] "HEAD //bnh/formationbtp.zip HTTP/1.1" 200 0 "-" "Go-http-client/1.1"
167.99.210.137 - - [08/Jun/2026:17:01:23 +0000] "GET /v2/_catalog HTTP/1.1" 404 1251 "-" "Mozilla/5.0 (l9scan/2.0.4333e22323e21333e24363; +https://leakix.net)"
51.89.167.1 - - [08/Jun/2026:17:01:24 +0000] "GET //bnh/formationbtp.zip HTTP/1.1" 200 5955 "-" "Go-http-client/1.1"
51.89.167.1 - - [08/Jun/2026:17:01:24 +0000] "HEAD //bnh/ideas.md HTTP/1.1" 200 0 "-" "Go-http-client/1.1"
51.89.167.1 - - [08/Jun/2026:17:01:24 +0000] "GET //bnh/ideas.md HTTP/1.1" 200 5334 "-" "Go-http-client/1.1"
51.89.167.1 - - [08/Jun/2026:17:01:24 +0000] "HEAD //bnh/package.json HTTP/1.1" 200 0 "-" "Go-http-client/1.1"
51.89.167.1 - - [08/Jun/2026:17:01:24 +0000] "GET //bnh/package.json HTTP/1.1" 200 1232 "-" "Go-http-client/1.1"
51.89.167.1 - - [08/Jun/2026:17:01:24 +0000] "HEAD //bnh/pnpm-lock.yaml HTTP/1.1" 200 0 "-" "Go-http-client/1.1"
167.99.210.137 - - [08/Jun/2026:17:01:24 +0000] "GET /.DS_Store HTTP/1.1" 404 1251 "-" "Mozilla/5.0 (l9scan/2.0.4333e22323e21333e24363; +https://leakix.net)"
51.89.167.1 - - [08/Jun/2026:17:01:25 +0000] "GET //bnh/pnpm-lock.yaml HTTP/1.1" 200 259856 "-" "Go-http-client/1.1"
51.89.167.1 - - [08/Jun/2026:17:01:25 +0000] "HEAD //bnh/tsconfig.json HTTP/1.1" 200 0 "-" "Go-http-client/1.1"
51.89.167.1 - - [08/Jun/2026:17:01:25 +0000] "GET //bnh/tsconfig.json HTTP/1.1" 200 350 "-" "Go-http-client/1.1"
51.89.167.1 - - [08/Jun/2026:17:01:25 +0000] "HEAD //bnh/tsconfig.node.json HTTP/1.1" 200 0 "-" "Go-http-client/1.1"
51.89.167.1 - - [08/Jun/2026:17:01:25 +0000] "GET //bnh/tsconfig.node.json HTTP/1.1" 200 282 "-" "Go-http-client/1.1"
167.99.210.137 - - [08/Jun/2026:17:01:16 +0000] "GET / HTTP/1.1" 200 11310 "-" "Mozilla/5.0 (l9scan/2.0.4333e22323e21333e24363; +https://leakix.net)"
164.90.228.79 - - [08/Jun/2026:17:01:17 +0000] "GET /console/ HTTP/1.1" 404 1251 "-" "Mozilla/5.0 (l9scan/2.0.4333e22323e21333e24363; +https://leakix.net)"
167.99.210.137 - - [08/Jun/2026:17:01:17 +0000] "GET /console/ HTTP/1.1" 404 1251 "-" "Mozilla/5.0 (l9scan/2.0.4333e22323e21333e24363; +https://leakix.net)"
51.89.167.1 - - [08/Jun/2026:17:01:17 +0000] "GET //app///app/Models/ HTTP/1.1" 404 1251 "-" "Go-http-client/1.1"
57.129.16.41 - - [08/Jun/2026:17:01:18 +0000] "GET //app///app/Providers/ HTTP/1.1" 404 1251 "-" "Go-http-client/1.1"
164.90.228.79 - - [08/Jun/2026:17:01:19 +0000] "GET /server-status HTTP/1.1" 404 1251 "-" "Mozilla/5.0 (l9scan/2.0.4333e22323e21333e24363; +https://leakix.net)"
167.99.210.137 - - [08/Jun/2026:17:01:19 +0000] "GET /server-status HTTP/1.1" 404 1251 "-" "Mozilla/5.0 (l9scan/2.0.4333e22323e21333e24363; +https://leakix.net)"
51.89.167.1 - - [08/Jun/2026:17:01:20 +0000] "GET //assets///assets/fonts/ HTTP/1.1" 404 1251 "-" "Go-http-client/1.1"
57.129.16.41 - - [08/Jun/2026:17:01:20 +0000] "GET //assets///assets/demo/ HTTP/1.1" 404 1251 "-" "Go-http-client/1.1"
57.129.16.41 - - [08/Jun/2026:17:01:20 +0000] "GET //assets///assets/fonts/ HTTP/1.1" 404 1251 "-" "Go-http-client/1.1"
51.89.167.1 - - [08/Jun/2026:17:01:21 +0000] "GET //assets///assets/scss/ HTTP/1.1" 404 1251 "-" "Go-http-client/1.1"
51.89.167.1 - - [08/Jun/2026:17:01:21 +0000] "GET //bi/ HTTP/1.1" 200 763 "-" "Go-http-client/1.1"
51.89.167.1 - - [08/Jun/2026:17:01:21 +0000] "GET //bi///bi/binance2025/ HTTP/1.1" 404 1251 "-" "Go-http-client/1.1"
51.89.167.1 - - [08/Jun/2026:17:01:21 +0000] "GET //bnh///bnh/dist/ HTTP/1.1" 404 1251 "-" "Go-http-client/1.1"
57.129.16.41 - - [08/Jun/2026:17:01:21 +0000] "HEAD //assets/calendar.html HTTP/1.1" 200 0 "-" "Go-http-client/1.1"
57.129.16.41 - - [08/Jun/2026:17:01:21 +0000] "GET //assets/calendar.html HTTP/1.1" 200 1474 "-" "Go-http-client/1.1"
164.90.228.79 - - [08/Jun/2026:17:01:22 +0000] "GET /login.action HTTP/1.1" 404 1251 "-" "Mozilla/5.0 (l9scan/2.0.4333e22323e21333e24363; +https://leakix.net)"
57.129.16.41 - - [08/Jun/2026:17:01:22 +0000] "GET //bnh/ HTTP/1.1" 200 1512 "-" "Go-http-client/1.1"
51.89.167.1 - - [08/Jun/2026:17:01:22 +0000] "GET //bnh///bnh/server/ HTTP/1.1" 404 1251 "-" "Go-http-client/1.1"
57.129.16.41 - - [08/Jun/2026:17:01:22 +0000] "GET //bnh///bnh/client/ HTTP/1.1" 404 1251 "-" "Go-http-client/1.1"
51.89.167.1 - - [08/Jun/2026:17:01:22 +0000] "GET //bnh///bnh/shared/ HTTP/1.1" 404 1251 "-" "Go-http-client/1.1"
57.129.16.41 - - [08/Jun/2026:17:01:22 +0000] "GET //bnh///bnh/patches/ HTTP/1.1" 404 1251 "-" "Go-http-client/1.1"
57.129.16.41 - - [08/Jun/2026:17:01:23 +0000] "HEAD //bnh/ameli-inscription%20%281%29.zip HTTP/1.1" 200 0 "-" "Go-http-client/1.1"
57.129.16.41 - - [08/Jun/2026:17:01:23 +0000] "GET //bnh/ameli-inscription%20%281%29.zip HTTP/1.1" 200 464749 "-" "Go-http-client/1.1"
164.90.228.79 - - [08/Jun/2026:17:01:24 +0000] "GET /.DS_Store HTTP/1.1" 404 1251 "-" "Mozilla/5.0 (l9scan/2.0.4333e22323e21333e24363; +https://leakix.net)"
57.129.16.41 - - [08/Jun/2026:17:01:25 +0000] "HEAD //bnh/components.json HTTP/1.1" 200 0 "-" "Go-http-client/1.1"
57.129.16.41 - - [08/Jun/2026:17:01:25 +0000] "GET //bnh/components.json HTTP/1.1" 200 225 "-" "Go-http-client/1.1"
57.129.16.41 - - [08/Jun/2026:17:01:25 +0000] "HEAD //bnh/formationbtp.zip HTTP/1.1" 200 0 "-" "Go-http-client/1.1"
57.129.16.41 - - [08/Jun/2026:17:01:25 +0000] "GET //bnh/formationbtp.zip HTTP/1.1" 200 5955 "-" "Go-http-client/1.1"
57.129.16.41 - - [08/Jun/2026:17:01:25 +0000] "HEAD //bnh/ideas.md HTTP/1.1" 200 0 "-" "Go-http-client/1.1"
167.99.210.137 - - [08/Jun/2026:17:01:25 +0000] "GET /.env HTTP/1.1" 200 1395 "-" "Mozilla/5.0 (l9scan/2.0.4333e22323e21333e24363; +https://leakix.net)"
57.129.16.41 - - [08/Jun/2026:17:01:26 +0000] "GET //bnh/ideas.md HTTP/1.1" 200 5334 "-" "Go-http-client/1.1"
57.129.16.41 - - [08/Jun/2026:17:01:26 +0000] "HEAD //bnh/package.json HTTP/1.1" 200 0 "-" "Go-http-client/1.1"
51.89.167.1 - - [08/Jun/2026:17:01:26 +0000] "HEAD //bootstrap/error_log HTTP/1.1" 403 0 "-" "Go-http-client/1.1"
57.129.16.41 - - [08/Jun/2026:17:01:26 +0000] "GET //bnh/package.json HTTP/1.1" 200 1232 "-" "Go-http-client/1.1"
51.89.167.1 - - [08/Jun/2026:17:01:26 +0000] "GET //cv/ HTTP/1.1" 200 1390 "-" "Go-http-client/1.1"
51.89.167.1 - - [08/Jun/2026:17:01:26 +0000] "GET //cv///cv/client/ HTTP/1.1" 404 1251 "-" "Go-http-client/1.1"
57.129.16.41 - - [08/Jun/2026:17:01:26 +0000] "HEAD //bnh/pnpm-lock.yaml HTTP/1.1" 200 0 "-" "Go-http-client/1.1"
57.129.16.41 - - [08/Jun/2026:17:01:26 +0000] "GET //bnh/pnpm-lock.yaml HTTP/1.1" 200 259856 "-" "Go-http-client/1.1"
57.129.16.41 - - [08/Jun/2026:17:01:27 +0000] "HEAD //bnh/tsconfig.json HTTP/1.1" 200 0 "-" "Go-http-client/1.1"
57.129.16.41 - - [08/Jun/2026:17:01:27 +0000] "GET //bnh/tsconfig.json HTTP/1.1" 200 350 "-" "Go-http-client/1.1"
51.89.167.1 - - [08/Jun/2026:17:01:27 +0000] "GET //cv///cv/shared/ HTTP/1.1" 404 1251 "-" "Go-http-client/1.1"
51.89.167.1 - - [08/Jun/2026:17:01:27 +0000] "HEAD //cv/components.json HTTP/1.1" 200 0 "-" "Go-http-client/1.1"
57.129.16.41 - - [08/Jun/2026:17:01:27 +0000] "HEAD //bnh/tsconfig.node.json HTTP/1.1" 200 0 "-" "Go-http-client/1.1"
51.89.167.1 - - [08/Jun/2026:17:01:27 +0000] "GET //cv/components.json HTTP/1.1" 200 225 "-" "Go-http-client/1.1"
57.129.16.41 - - [08/Jun/2026:17:01:27 +0000] "GET //bnh/tsconfig.node.json HTTP/1.1" 200 282 "-" "Go-http-client/1.1"
164.90.228.79 - - [08/Jun/2026:17:01:27 +0000] "GET /ecp/Current/exporttool/microsoft.exchange.ediscovery.exporttool.application HTTP/1.1" 404 1251 "-" "Mozilla/5.0 (l9scan/2.0.4333e22323e21333e24363; +https://leakix.net)"
51.89.167.1 - - [08/Jun/2026:17:01:27 +0000] "HEAD //cv/ideas.md HTTP/1.1" 200 0 "-" "Go-http-client/1.1"
57.129.16.41 - - [08/Jun/2026:17:01:27 +0000] "HEAD //bnh/vite.config.ts HTTP/1.1" 200 0 "-" "Go-http-client/1.1"
51.89.167.1 - - [08/Jun/2026:17:01:27 +0000] "GET //cv/ideas.md HTTP/1.1" 200 5334 "-" "Go-http-client/1.1"
57.129.16.41 - - [08/Jun/2026:17:01:28 +0000] "GET //bnh/vite.config.ts HTTP/1.1" 200 5785 "-" "Go-http-client/1.1"
57.129.16.41 - - [08/Jun/2026:17:01:28 +0000] "GET //bootstrap/ HTTP/1.1" 200 882 "-" "Go-http-client/1.1"
51.89.167.1 - - [08/Jun/2026:17:01:28 +0000] "HEAD //cv/package.json HTTP/1.1" 200 0 "-" "Go-http-client/1.1"
57.129.16.41 - - [08/Jun/2026:17:01:28 +0000] "GET //bootstrap///bootstrap/cache/ HTTP/1.1" 404 1251 "-" "Go-http-client/1.1"
51.89.167.1 - - [08/Jun/2026:17:01:28 +0000] "GET //cv/package.json HTTP/1.1" 200 1232 "-" "Go-http-client/1.1"
51.89.167.1 - - [08/Jun/2026:17:01:28 +0000] "HEAD //cv/pnpm-lock.yaml HTTP/1.1" 200 0 "-" "Go-http-client/1.1"
57.129.16.41 - - [08/Jun/2026:17:01:28 +0000] "HEAD //bootstrap/error_log HTTP/1.1" 403 0 "-" "Go-http-client/1.1"
51.89.167.1 - - [08/Jun/2026:17:01:28 +0000] "GET //cv/pnpm-lock.yaml HTTP/1.1" 200 259856 "-" "Go-http-client/1.1"
57.129.16.41 - - [08/Jun/2026:17:01:28 +0000] "GET //cv///cv/dist/ HTTP/1.1" 404 1251 "-" "Go-http-client/1.1"
51.89.167.1 - - [08/Jun/2026:17:01:29 +0000] "HEAD //cv/tsconfig.json HTTP/1.1" 200 0 "-" "Go-http-client/1.1"
51.89.167.1 - - [08/Jun/2026:17:01:29 +0000] "GET //cv/tsconfig.json HTTP/1.1" 200 350 "-" "Go-http-client/1.1"
57.129.16.41 - - [08/Jun/2026:17:01:29 +0000] "GET //cv///cv/server/ HTTP/1.1" 404 1251 "-" "Go-http-client/1.1"
51.89.167.1 - - [08/Jun/2026:17:01:29 +0000] "HEAD //cv/tsconfig.node.json HTTP/1.1" 200 0 "-" "Go-http-client/1.1"
51.89.167.1 - - [08/Jun/2026:17:01:29 +0000] "GET //cv/tsconfig.node.json HTTP/1.1" 200 282 "-" "Go-http-client/1.1"
164.90.228.79 - - [08/Jun/2026:17:01:29 +0000] "GET /.git/config HTTP/1.1" 403 1242 "-" "Mozilla/5.0 (l9scan/2.0.4333e22323e21333e24363; +https://leakix.net)"
51.89.167.1 - - [08/Jun/2026:17:01:29 +0000] "HEAD //cv/vite.config.ts HTTP/1.1" 200 0 "-" "Go-http-client/1.1"
164.90.228.79 - - [08/Jun/2026:17:01:25 +0000] "GET /.env HTTP/1.1" 200 1395 "-" "Mozilla/5.0 (l9scan/2.0.4333e22323e21333e24363; +https://leakix.net)"
51.89.167.1 - - [08/Jun/2026:17:01:25 +0000] "HEAD //bnh/vite.config.ts HTTP/1.1" 200 0 "-" "Go-http-client/1.1"
51.89.167.1 - - [08/Jun/2026:17:01:26 +0000] "GET //bnh/vite.config.ts HTTP/1.1" 200 5785 "-" "Go-http-client/1.1"
51.89.167.1 - - [08/Jun/2026:17:01:26 +0000] "GET //bootstrap/ HTTP/1.1" 200 892 "-" "Go-http-client/1.1"
51.89.167.1 - - [08/Jun/2026:17:01:26 +0000] "GET //bootstrap///bootstrap/cache/ HTTP/1.1" 404 1251 "-" "Go-http-client/1.1"
51.89.167.1 - - [08/Jun/2026:17:01:26 +0000] "GET //cv///cv/dist/ HTTP/1.1" 404 1251 "-" "Go-http-client/1.1"
51.89.167.1 - - [08/Jun/2026:17:01:26 +0000] "GET //cv///cv/patches/ HTTP/1.1" 404 1251 "-" "Go-http-client/1.1"
51.89.167.1 - - [08/Jun/2026:17:01:27 +0000] "GET //cv///cv/server/ HTTP/1.1" 404 1251 "-" "Go-http-client/1.1"
167.99.210.137 - - [08/Jun/2026:17:01:27 +0000] "GET /ecp/Current/exporttool/microsoft.exchange.ediscovery.exporttool.application HTTP/1.1" 404 1251 "-" "Mozilla/5.0 (l9scan/2.0.4333e22323e21333e24363; +https://leakix.net)"
57.129.16.41 - - [08/Jun/2026:17:01:28 +0000] "GET //cv/ HTTP/1.1" 200 1380 "-" "Go-http-client/1.1"
57.129.16.41 - - [08/Jun/2026:17:01:28 +0000] "GET //cv///cv/client/ HTTP/1.1" 404 1251 "-" "Go-http-client/1.1"
57.129.16.41 - - [08/Jun/2026:17:01:29 +0000] "GET //cv///cv/patches/ HTTP/1.1" 404 1251 "-" "Go-http-client/1.1"
57.129.16.41 - - [08/Jun/2026:17:01:29 +0000] "GET //cv///cv/shared/ HTTP/1.1" 404 1251 "-" "Go-http-client/1.1"
167.99.210.137 - - [08/Jun/2026:17:01:29 +0000] "GET /.git/config HTTP/1.1" 403 1242 "-" "Mozilla/5.0 (l9scan/2.0.4333e22323e21333e24363; +https://leakix.net)"
51.89.167.1 - - [08/Jun/2026:17:01:30 +0000] "GET //cv/vite.config.ts HTTP/1.1" 200 5785 "-" "Go-http-client/1.1"
51.89.167.1 - - [08/Jun/2026:17:01:30 +0000] "GET //email/ HTTP/1.1" 200 683 "-" "Go-http-client/1.1"
51.89.167.1 - - [08/Jun/2026:17:01:30 +0000] "GET //generateur/ HTTP/1.1" 200 685 "-" "Go-http-client/1.1"
51.89.167.1 - - [08/Jun/2026:17:01:30 +0000] "GET //gh/ HTTP/1.1" 200 770 "-" "Go-http-client/1.1"
51.89.167.1 - - [08/Jun/2026:17:01:30 +0000] "GET //HMP/ HTTP/1.1" 200 682 "-" "Go-http-client/1.1"
51.89.167.1 - - [08/Jun/2026:17:01:30 +0000] "GET //https%3A/ HTTP/1.1" 200 801 "-" "Go-http-client/1.1"
164.90.228.79 - - [08/Jun/2026:17:01:30 +0000] "POST /graphql HTTP/1.1" 404 1251 "-" "Mozilla/5.0 (l9scan/2.0.4333e22323e21333e24363; +https://leakix.net)"
51.89.167.1 - - [08/Jun/2026:17:01:30 +0000] "GET //https%3A///https%3A/ms-hostingladz.com%3A3000/ HTTP/1.1" 404 1251 "-" "Go-http-client/1.1"
167.99.210.137 - - [08/Jun/2026:17:01:30 +0000] "POST /graphql HTTP/1.1" 404 1251 "-" "Mozilla/5.0 (l9scan/2.0.4333e22323e21333e24363; +https://leakix.net)"
167.99.210.137 - - [08/Jun/2026:17:01:31 +0000] "POST /api HTTP/1.1" 404 1251 "-" "Mozilla/5.0 (l9scan/2.0.4333e22323e21333e24363; +https://leakix.net)"
164.90.228.79 - - [08/Jun/2026:17:01:31 +0000] "POST /api/graphql HTTP/1.1" 404 1251 "-" "Mozilla/5.0 (l9scan/2.0.4333e22323e21333e24363; +https://leakix.net)"
51.89.167.1 - - [08/Jun/2026:17:01:31 +0000] "GET //mo/ HTTP/1.1" 200 680 "-" "Go-http-client/1.1"
51.89.167.1 - - [08/Jun/2026:17:01:31 +0000] "GET //mwtrading/ HTTP/1.1" 200 685 "-" "Go-http-client/1.1"
51.89.167.1 - - [08/Jun/2026:17:01:31 +0000] "GET //nb/ HTTP/1.1" 200 680 "-" "Go-http-client/1.1"
167.99.210.137 - - [08/Jun/2026:17:01:31 +0000] "POST /graphql/api HTTP/1.1" 404 1251 "-" "Mozilla/5.0 (l9scan/2.0.4333e22323e21333e24363; +https://leakix.net)"
51.89.167.1 - - [08/Jun/2026:17:01:31 +0000] "GET //opco/ HTTP/1.1" 200 1628 "-" "Go-http-client/1.1"
51.89.167.1 - - [08/Jun/2026:17:01:31 +0000] "HEAD //opco/bootstrap-grid.min.css HTTP/1.1" 200 0 "-" "Go-http-client/1.1"
51.89.167.1 - - [08/Jun/2026:17:01:31 +0000] "GET //opco/bootstrap-grid.min.css HTTP/1.1" 200 2888 "-" "Go-http-client/1.1"
57.129.16.41 - - [08/Jun/2026:17:01:29 +0000] "HEAD //cv/components.json HTTP/1.1" 200 0 "-" "Go-http-client/1.1"
51.89.167.1 - - [08/Jun/2026:17:01:30 +0000] "GET //dfrr/ HTTP/1.1" 200 762 "-" "Go-http-client/1.1"
57.129.16.41 - - [08/Jun/2026:17:01:30 +0000] "GET //cv/components.json HTTP/1.1" 200 225 "-" "Go-http-client/1.1"
51.89.167.1 - - [08/Jun/2026:17:01:30 +0000] "GET //dfrr///dfrr/formati/ HTTP/1.1" 404 1251 "-" "Go-http-client/1.1"
57.129.16.41 - - [08/Jun/2026:17:01:30 +0000] "HEAD //cv/ideas.md HTTP/1.1" 200 0 "-" "Go-http-client/1.1"
57.129.16.41 - - [08/Jun/2026:17:01:30 +0000] "GET //cv/ideas.md HTTP/1.1" 200 5334 "-" "Go-http-client/1.1"
57.129.16.41 - - [08/Jun/2026:17:01:30 +0000] "HEAD //cv/package.json HTTP/1.1" 200 0 "-" "Go-http-client/1.1"
57.129.16.41 - - [08/Jun/2026:17:01:30 +0000] "GET //cv/package.json HTTP/1.1" 200 1232 "-" "Go-http-client/1.1"
51.89.167.1 - - [08/Jun/2026:17:01:30 +0000] "GET //https%3A///https%3A/ms-hostingladz%3A3000/ HTTP/1.1" 404 1251 "-" "Go-http-client/1.1"
57.129.16.41 - - [08/Jun/2026:17:01:31 +0000] "HEAD //cv/pnpm-lock.yaml HTTP/1.1" 200 0 "-" "Go-http-client/1.1"
164.90.228.79 - - [08/Jun/2026:17:01:31 +0000] "POST /api HTTP/1.1" 404 1251 "-" "Mozilla/5.0 (l9scan/2.0.4333e22323e21333e24363; +https://leakix.net)"
51.89.167.1 - - [08/Jun/2026:17:01:31 +0000] "GET //live-dashboard/ HTTP/1.1" 503 807 "-" "Go-http-client/1.1"
167.99.210.137 - - [08/Jun/2026:17:01:31 +0000] "POST /api/graphql HTTP/1.1" 404 1251 "-" "Mozilla/5.0 (l9scan/2.0.4333e22323e21333e24363; +https://leakix.net)"
57.129.16.41 - - [08/Jun/2026:17:01:31 +0000] "GET //cv/pnpm-lock.yaml HTTP/1.1" 200 259856 "-" "Go-http-client/1.1"
164.90.228.79 - - [08/Jun/2026:17:01:31 +0000] "POST /graphql/api HTTP/1.1" 404 1251 "-" "Mozilla/5.0 (l9scan/2.0.4333e22323e21333e24363; +https://leakix.net)"
164.90.228.79 - - [08/Jun/2026:17:01:31 +0000] "POST /api/gql HTTP/1.1" 404 1251 "-" "Mozilla/5.0 (l9scan/2.0.4333e22323e21333e24363; +https://leakix.net)"
167.99.210.137 - - [08/Jun/2026:17:01:31 +0000] "POST /api/gql HTTP/1.1" 404 1251 "-" "Mozilla/5.0 (l9scan/2.0.4333e22323e21333e24363; +https://leakix.net)"
57.129.16.41 - - [08/Jun/2026:17:01:31 +0000] "HEAD //cv/tsconfig.json HTTP/1.1" 200 0 "-" "Go-http-client/1.1"
167.99.210.137 - - [08/Jun/2026:17:01:32 +0000] "GET /s/4333e22323e21333e24363/_/;/META-INF/maven/com.atlassian.jira/jira-webapp-dist/pom.properties HTTP/1.1" 404 1251 "-" "Mozilla/5.0 (l9scan/2.0.4333e22323e21333e24363; +https://leakix.net)"
57.129.16.41 - - [08/Jun/2026:17:01:32 +0000] "GET //cv/tsconfig.json HTTP/1.1" 200 350 "-" "Go-http-client/1.1"
57.129.16.41 - - [08/Jun/2026:17:01:32 +0000] "HEAD //cv/tsconfig.node.json HTTP/1.1" 200 0 "-" "Go-http-client/1.1"
57.129.16.41 - - [08/Jun/2026:17:01:32 +0000] "GET //cv/tsconfig.node.json HTTP/1.1" 200 282 "-" "Go-http-client/1.1"
57.129.16.41 - - [08/Jun/2026:17:01:32 +0000] "HEAD //cv/vite.config.ts HTTP/1.1" 200 0 "-" "Go-http-client/1.1"
57.129.16.41 - - [08/Jun/2026:17:01:32 +0000] "GET //dfrr/ HTTP/1.1" 200 748 "-" "Go-http-client/1.1"
57.129.16.41 - - [08/Jun/2026:17:01:32 +0000] "GET //cv/vite.config.ts HTTP/1.1" 200 5785 "-" "Go-http-client/1.1"
57.129.16.41 - - [08/Jun/2026:17:01:32 +0000] "GET //dfrr///dfrr/formati/ HTTP/1.1" 404 1251 "-" "Go-http-client/1.1"
167.99.210.137 - - [08/Jun/2026:17:01:33 +0000] "GET /config.json HTTP/1.1" 404 1251 "-" "Mozilla/5.0 (l9scan/2.0.4333e22323e21333e24363; +https://leakix.net)"
57.129.16.41 - - [08/Jun/2026:17:01:33 +0000] "GET //email/ HTTP/1.1" 200 671 "-" "Go-http-client/1.1"
57.129.16.41 - - [08/Jun/2026:17:01:33 +0000] "GET //generateur/ HTTP/1.1" 200 675 "-" "Go-http-client/1.1"
57.129.16.41 - - [08/Jun/2026:17:01:33 +0000] "GET //gh/ HTTP/1.1" 200 759 "-" "Go-http-client/1.1"
57.129.16.41 - - [08/Jun/2026:17:01:33 +0000] "GET //HMP/ HTTP/1.1" 200 671 "-" "Go-http-client/1.1"
57.129.16.41 - - [08/Jun/2026:17:01:33 +0000] "GET //https%3A/ HTTP/1.1" 200 787 "-" "Go-http-client/1.1"
164.90.228.79 - - [08/Jun/2026:17:01:32 +0000] "GET /s/4333e22323e21333e24363/_/;/META-INF/maven/com.atlassian.jira/jira-webapp-dist/pom.properties HTTP/1.1" 404 1251 "-" "Mozilla/5.0 (l9scan/2.0.4333e22323e21333e24363; +https://leakix.net)"
51.89.167.1 - - [08/Jun/2026:17:01:32 +0000] "HEAD //opco/bootstrap.bundle.min.js HTTP/1.1" 200 0 "-" "Go-http-client/1.1"
51.89.167.1 - - [08/Jun/2026:17:01:32 +0000] "GET //opco/bootstrap.bundle.min.js HTTP/1.1" 200 27070 "-" "Go-http-client/1.1"
51.89.167.1 - - [08/Jun/2026:17:01:32 +0000] "HEAD //opco/bootstrap.min.css HTTP/1.1" 200 0 "-" "Go-http-client/1.1"
51.89.167.1 - - [08/Jun/2026:17:01:32 +0000] "GET //opco/bootstrap.min.css HTTP/1.1" 200 18343 "-" "Go-http-client/1.1"
51.89.167.1 - - [08/Jun/2026:17:01:32 +0000] "HEAD //opco/error_log HTTP/1.1" 403 0 "-" "Go-http-client/1.1"
164.90.228.79 - - [08/Jun/2026:17:01:33 +0000] "GET /config.json HTTP/1.1" 404 1251 "-" "Mozilla/5.0 (l9scan/2.0.4333e22323e21333e24363; +https://leakix.net)"
51.89.167.1 - - [08/Jun/2026:17:01:33 +0000] "HEAD //opco/fond.jpg HTTP/1.1" 200 0 "-" "Go-http-client/1.1"
51.89.167.1 - - [08/Jun/2026:17:01:33 +0000] "GET //opco/fond.jpg HTTP/1.1" 200 88672 "-" "Go-http-client/1.1"
51.89.167.1 - - [08/Jun/2026:17:01:33 +0000] "HEAD //opco/home.html HTTP/1.1" 200 0 "-" "Go-http-client/1.1"
51.89.167.1 - - [08/Jun/2026:17:01:33 +0000] "GET //opco/home.html HTTP/1.1" 200 1495 "-" "Go-http-client/1.1"
51.89.167.1 - - [08/Jun/2026:17:01:33 +0000] "HEAD //opco/home2.html HTTP/1.1" 200 0 "-" "Go-http-client/1.1"
51.89.167.1 - - [08/Jun/2026:17:01:34 +0000] "GET //opco/home2.html HTTP/1.1" 200 629 "-" "Go-http-client/1.1"
51.89.167.1 - - [08/Jun/2026:17:01:34 +0000] "HEAD //opco/jquery.min.js HTTP/1.1" 200 0 "-" "Go-http-client/1.1"
51.89.167.1 - - [08/Jun/2026:17:01:34 +0000] "GET //opco/jquery.min.js HTTP/1.1" 200 30233 "-" "Go-http-client/1.1"
57.129.16.41 - - [08/Jun/2026:17:01:34 +0000] "GET //mo/ HTTP/1.1" 200 669 "-" "Go-http-client/1.1"
51.89.167.1 - - [08/Jun/2026:17:01:34 +0000] "HEAD //opco/logo1.png HTTP/1.1" 200 0 "-" "Go-http-client/1.1"
57.129.16.41 - - [08/Jun/2026:17:01:34 +0000] "GET //mwtrading/ HTTP/1.1" 200 674 "-" "Go-http-client/1.1"
51.89.167.1 - - [08/Jun/2026:17:01:34 +0000] "GET //opco/logo1.png HTTP/1.1" 200 29334 "-" "Go-http-client/1.1"
57.129.16.41 - - [08/Jun/2026:17:01:34 +0000] "GET //nb/ HTTP/1.1" 200 669 "-" "Go-http-client/1.1"
57.129.16.41 - - [08/Jun/2026:17:01:34 +0000] "GET //opco/ HTTP/1.1" 200 1617 "-" "Go-http-client/1.1"
51.89.167.1 - - [08/Jun/2026:17:01:34 +0000] "HEAD //opco/logo2.svg HTTP/1.1" 200 0 "-" "Go-http-client/1.1"
51.89.167.1 - - [08/Jun/2026:17:01:34 +0000] "GET //opco/logo2.svg HTTP/1.1" 200 4520 "-" "Go-http-client/1.1"
57.129.16.41 - - [08/Jun/2026:17:01:34 +0000] "HEAD //opco/bootstrap-grid.min.css HTTP/1.1" 200 0 "-" "Go-http-client/1.1"
167.99.210.137 - - [08/Jun/2026:17:01:35 +0000] "GET /telescope/requests HTTP/1.1" 404 1251 "-" "Mozilla/5.0 (l9scan/2.0.4333e22323e21333e24363; +https://leakix.net)"
57.129.16.41 - - [08/Jun/2026:17:01:35 +0000] "GET //opco/bootstrap-grid.min.css HTTP/1.1" 200 2888 "-" "Go-http-client/1.1"
51.89.167.1 - - [08/Jun/2026:17:01:35 +0000] "HEAD //opco/logo3.svg HTTP/1.1" 200 0 "-" "Go-http-client/1.1"
51.89.167.1 - - [08/Jun/2026:17:01:35 +0000] "GET //opco/logo3.svg HTTP/1.1" 200 2474 "-" "Go-http-client/1.1"
167.99.210.137 - - [08/Jun/2026:17:01:35 +0000] "GET /info.php HTTP/1.1" 404 1251 "-" "Mozilla/5.0 (l9scan/2.0.4333e22323e21333e24363; +https://leakix.net)"
57.129.16.41 - - [08/Jun/2026:17:01:35 +0000] "HEAD //opco/bootstrap.bundle.min.js HTTP/1.1" 200 0 "-" "Go-http-client/1.1"
164.90.228.79 - - [08/Jun/2026:17:01:35 +0000] "GET /info.php HTTP/1.1" 404 1251 "-" "Mozilla/5.0 (l9scan/2.0.4333e22323e21333e24363; +https://leakix.net)"
57.129.16.41 - - [08/Jun/2026:17:01:35 +0000] "GET //opco/bootstrap.bundle.min.js HTTP/1.1" 200 27070 "-" "Go-http-client/1.1"
51.89.167.1 - - [08/Jun/2026:17:01:35 +0000] "HEAD //opco/portail-unique.css HTTP/1.1" 200 0 "-" "Go-http-client/1.1"
51.89.167.1 - - [08/Jun/2026:17:01:35 +0000] "GET //opco/portail-unique.css HTTP/1.1" 200 2532 "-" "Go-http-client/1.1"
51.89.167.1 - - [08/Jun/2026:17:01:35 +0000] "HEAD //opco/portail-unique.js HTTP/1.1" 200 0 "-" "Go-http-client/1.1"
57.129.16.41 - - [08/Jun/2026:17:01:35 +0000] "HEAD //opco/bootstrap.min.css HTTP/1.1" 200 0 "-" "Go-http-client/1.1"
51.89.167.1 - - [08/Jun/2026:17:01:35 +0000] "GET //opco/portail-unique.js HTTP/1.1" 200 2051 "-" "Go-http-client/1.1"
57.129.16.41 - - [08/Jun/2026:17:01:35 +0000] "GET //opco/bootstrap.min.css HTTP/1.1" 200 18343 "-" "Go-http-client/1.1"
51.89.167.1 - - [08/Jun/2026:17:01:36 +0000] "HEAD //opco/thankyou.html HTTP/1.1" 200 0 "-" "Go-http-client/1.1"
51.89.167.1 - - [08/Jun/2026:17:01:36 +0000] "GET //opco/thankyou.html HTTP/1.1" 200 743 "-" "Go-http-client/1.1"
57.129.16.41 - - [08/Jun/2026:17:01:36 +0000] "HEAD //opco/error_log HTTP/1.1" 403 0 "-" "Go-http-client/1.1"
164.90.228.79 - - [08/Jun/2026:17:01:36 +0000] "GET /actuator/env HTTP/1.1" 404 1251 "-" "Mozilla/5.0 (l9scan/2.0.4333e22323e21333e24363; +https://leakix.net)"
57.129.16.41 - - [08/Jun/2026:17:01:36 +0000] "HEAD //opco/fond.jpg HTTP/1.1" 200 0 "-" "Go-http-client/1.1"
51.89.167.1 - - [08/Jun/2026:17:01:36 +0000] "GET //public/ HTTP/1.1" 500 0 "-" "Go-http-client/1.1"
57.129.16.41 - - [08/Jun/2026:17:01:36 +0000] "GET //opco/fond.jpg HTTP/1.1" 200 88672 "-" "Go-http-client/1.1"
51.89.167.1 - - [08/Jun/2026:17:01:36 +0000] "GET //resources/ HTTP/1.1" 200 864 "-" "Go-http-client/1.1"
51.89.167.1 - - [08/Jun/2026:17:01:36 +0000] "GET //resources///resources/css/ HTTP/1.1" 404 1251 "-" "Go-http-client/1.1"
57.129.16.41 - - [08/Jun/2026:17:01:36 +0000] "HEAD //opco/home.html HTTP/1.1" 200 0 "-" "Go-http-client/1.1"
51.89.167.1 - - [08/Jun/2026:17:01:37 +0000] "GET //resources///resources/js/ HTTP/1.1" 404 1251 "-" "Go-http-client/1.1"
57.129.16.41 - - [08/Jun/2026:17:01:37 +0000] "GET //opco/home.html HTTP/1.1" 200 1495 "-" "Go-http-client/1.1"
51.89.167.1 - - [08/Jun/2026:17:01:37 +0000] "GET //resources///resources/lang/ HTTP/1.1" 404 1251 "-" "Go-http-client/1.1"
57.129.16.41 - - [08/Jun/2026:17:01:37 +0000] "HEAD //opco/home2.html HTTP/1.1" 200 0 "-" "Go-http-client/1.1"
51.89.167.1 - - [08/Jun/2026:17:01:37 +0000] "GET //resources///resources/views/ HTTP/1.1" 404 1251 "-" "Go-http-client/1.1"
57.129.16.41 - - [08/Jun/2026:17:01:37 +0000] "GET //opco/home2.html HTTP/1.1" 200 629 "-" "Go-http-client/1.1"
51.89.167.1 - - [08/Jun/2026:17:01:37 +0000] "GET //routes/ HTTP/1.1" 200 1294 "-" "Go-http-client/1.1"
57.129.16.41 - - [08/Jun/2026:17:01:37 +0000] "HEAD //opco/jquery.min.js HTTP/1.1" 200 0 "-" "Go-http-client/1.1"
51.89.167.1 - - [08/Jun/2026:17:01:37 +0000] "GET //routes///routes/f7/ HTTP/1.1" 404 1251 "-" "Go-http-client/1.1"
57.129.16.41 - - [08/Jun/2026:17:01:37 +0000] "GET //opco/jquery.min.js HTTP/1.1" 200 30233 "-" "Go-http-client/1.1"
57.129.16.41 - - [08/Jun/2026:17:01:38 +0000] "HEAD //opco/logo1.png HTTP/1.1" 200 0 "-" "Go-http-client/1.1"
57.129.16.41 - - [08/Jun/2026:17:01:38 +0000] "GET //opco/logo1.png HTTP/1.1" 200 29334 "-" "Go-http-client/1.1"
167.99.210.137 - - [08/Jun/2026:17:01:38 +0000] "GET /trace.axd HTTP/1.1" 404 1251 "-" "Mozilla/5.0 (l9scan/2.0.4333e22323e21333e24363; +https://leakix.net)"
51.89.167.1 - - [08/Jun/2026:17:01:38 +0000] "HEAD //routes/error_log HTTP/1.1" 403 0 "-" "Go-http-client/1.1"
164.90.228.79 - - [08/Jun/2026:17:01:38 +0000] "GET /trace.axd HTTP/1.1" 404 1251 "-" "Mozilla/5.0 (l9scan/2.0.4333e22323e21333e24363; +https://leakix.net)"
51.89.167.1 - - [08/Jun/2026:17:01:38 +0000] "GET //saudia/ HTTP/1.1" 200 683 "-" "Go-http-client/1.1"
57.129.16.41 - - [08/Jun/2026:17:01:38 +0000] "HEAD //opco/logo2.svg HTTP/1.1" 200 0 "-" "Go-http-client/1.1"
51.89.167.1 - - [08/Jun/2026:17:01:38 +0000] "GET //saudiapost/ HTTP/1.1" 200 852 "-" "Go-http-client/1.1"
164.90.228.79 - - [08/Jun/2026:17:01:38 +0000] "GET /@vite/env HTTP/1.1" 404 1251 "-" "Mozilla/5.0 (l9scan/2.0.4333e22323e21333e24363; +https://leakix.net)"
57.129.16.41 - - [08/Jun/2026:17:01:33 +0000] "GET //https%3A///https%3A/ms-hostingladz.com%3A3000/ HTTP/1.1" 404 1251 "-" "Go-http-client/1.1"
57.129.16.41 - - [08/Jun/2026:17:01:33 +0000] "GET //https%3A///https%3A/ms-hostingladz%3A3000/ HTTP/1.1" 404 1251 "-" "Go-http-client/1.1"
57.129.16.41 - - [08/Jun/2026:17:01:34 +0000] "GET //live-dashboard/ HTTP/1.1" 503 807 "-" "Go-http-client/1.1"
164.90.228.79 - - [08/Jun/2026:17:01:35 +0000] "GET /telescope/requests HTTP/1.1" 404 1251 "-" "Mozilla/5.0 (l9scan/2.0.4333e22323e21333e24363; +https://leakix.net)"
167.99.210.137 - - [08/Jun/2026:17:01:36 +0000] "GET /actuator/env HTTP/1.1" 404 1251 "-" "Mozilla/5.0 (l9scan/2.0.4333e22323e21333e24363; +https://leakix.net)"
167.99.210.137 - - [08/Jun/2026:17:01:38 +0000] "GET /@vite/env HTTP/1.1" 404 1251 "-" "Mozilla/5.0 (l9scan/2.0.4333e22323e21333e24363; +https://leakix.net)"
167.99.210.137 - - [08/Jun/2026:17:01:40 +0000] "OPTIONS / HTTP/1.1" 200 2461 "-" "Mozilla/5.0 (l9scan/2.0.4333e22323e21333e24363; +https://leakix.net)"
57.129.16.41 - - [08/Jun/2026:17:01:41 +0000] "GET //resources///resources/js/ HTTP/1.1" 404 1251 "-" "Go-http-client/1.1"
57.129.16.41 - - [08/Jun/2026:17:01:41 +0000] "GET //resources///resources/lang/ HTTP/1.1" 404 1251 "-" "Go-http-client/1.1"
57.129.16.41 - - [08/Jun/2026:17:01:42 +0000] "HEAD //routes/error_log HTTP/1.1" 403 0 "-" "Go-http-client/1.1"
164.90.228.79 - - [08/Jun/2026:17:01:42 +0000] "GET /debug/default/view?panel=config HTTP/1.1" 404 1251 "-" "Mozilla/5.0 (l9scan/2.0.4333e22323e21333e24363; +https://leakix.net)"
57.129.16.41 - - [08/Jun/2026:17:01:42 +0000] "GET //saudia/ HTTP/1.1" 200 672 "-" "Go-http-client/1.1"
57.129.16.41 - - [08/Jun/2026:17:01:42 +0000] "GET //saudiapost/ HTTP/1.1" 200 842 "-" "Go-http-client/1.1"
57.129.16.41 - - [08/Jun/2026:17:01:43 +0000] "GET //saudiapost///saudiapost/smsa/ HTTP/1.1" 404 1251 "-" "Go-http-client/1.1"
57.129.16.41 - - [08/Jun/2026:17:01:43 +0000] "GET //storage/ HTTP/1.1" 200 817 "-" "Go-http-client/1.1"
57.129.16.41 - - [08/Jun/2026:17:01:43 +0000] "GET //storage///storage/app/ HTTP/1.1" 404 1251 "-" "Go-http-client/1.1"
57.129.16.41 - - [08/Jun/2026:17:01:43 +0000] "GET //storage///storage/logs/ HTTP/1.1" 404 1251 "-" "Go-http-client/1.1"
57.129.16.41 - - [08/Jun/2026:17:01:44 +0000] "GET //tests///tests/Unit/ HTTP/1.1" 404 1251 "-" "Go-http-client/1.1"
57.129.16.41 - - [08/Jun/2026:17:01:44 +0000] "HEAD //tests/error_log HTTP/1.1" 403 0 "-" "Go-http-client/1.1"
57.129.16.41 - - [08/Jun/2026:17:01:44 +0000] "GET //vam/ HTTP/1.1" 200 1158 "-" "Go-http-client/1.1"
57.129.16.41 - - [08/Jun/2026:17:01:45 +0000] "GET //vendor/ HTTP/1.1" 200 35 "-" "Go-http-client/1.1"
57.129.16.41 - - [08/Jun/2026:17:01:45 +0000] "HEAD /composer-20251213015150.json HTTP/1.1" 200 0 "-" "Go-http-client/1.1"
57.129.16.41 - - [08/Jun/2026:17:01:45 +0000] "GET /composer-20251213015150.json HTTP/1.1" 200 709 "-" "Go-http-client/1.1"
57.129.16.41 - - [08/Jun/2026:17:01:45 +0000] "HEAD /composer.json HTTP/1.1" 200 0 "-" "Go-http-client/1.1"
57.129.16.41 - - [08/Jun/2026:17:01:45 +0000] "GET /composer.json HTTP/1.1" 200 709 "-" "Go-http-client/1.1"
57.129.16.41 - - [08/Jun/2026:17:01:45 +0000] "HEAD /composer.lock HTTP/1.1" 200 0 "-" "Go-http-client/1.1"
57.129.16.41 - - [08/Jun/2026:17:01:45 +0000] "GET /composer.lock HTTP/1.1" 200 291018 "-" "Go-http-client/1.1"
57.129.16.41 - - [08/Jun/2026:17:01:46 +0000] "HEAD /error_log HTTP/1.1" 403 0 "-" "Go-http-client/1.1"
57.129.16.41 - - [08/Jun/2026:17:01:46 +0000] "HEAD /favicon.ico HTTP/1.1" 200 0 "-" "Go-http-client/1.1"
57.129.16.41 - - [08/Jun/2026:17:01:46 +0000] "HEAD /formationbtp.zip HTTP/1.1" 200 0 "-" "Go-http-client/1.1"
57.129.16.41 - - [08/Jun/2026:17:01:47 +0000] "GET /formationbtp.zip HTTP/1.1" 200 5955 "-" "Go-http-client/1.1"
57.129.16.41 - - [08/Jun/2026:17:01:47 +0000] "HEAD /inventry.sql HTTP/1.1" 200 0 "-" "Go-http-client/1.1"
57.129.16.41 - - [08/Jun/2026:17:01:47 +0000] "GET /inventry.sql HTTP/1.1" 200 3797 "-" "Go-http-client/1.1"
57.129.16.41 - - [08/Jun/2026:17:01:38 +0000] "GET //opco/logo2.svg HTTP/1.1" 200 4520 "-" "Go-http-client/1.1"
51.89.167.1 - - [08/Jun/2026:17:01:38 +0000] "GET //saudiapost///saudiapost/smsa/ HTTP/1.1" 404 1251 "-" "Go-http-client/1.1"
57.129.16.41 - - [08/Jun/2026:17:01:38 +0000] "HEAD //opco/logo3.svg HTTP/1.1" 200 0 "-" "Go-http-client/1.1"
