57.129.16.41 - - [08/Jun/2026:17:01:38 +0000] "GET //opco/logo3.svg HTTP/1.1" 200 2474 "-" "Go-http-client/1.1"
57.129.16.41 - - [08/Jun/2026:17:01:39 +0000] "HEAD //opco/portail-unique.css HTTP/1.1" 200 0 "-" "Go-http-client/1.1"
57.129.16.41 - - [08/Jun/2026:17:01:39 +0000] "GET //opco/portail-unique.css HTTP/1.1" 200 2532 "-" "Go-http-client/1.1"
167.99.210.137 - - [08/Jun/2026:17:01:39 +0000] "GET /.vscode/sftp.json HTTP/1.1" 404 1251 "-" "Mozilla/5.0 (l9scan/2.0.4333e22323e21333e24363; +https://leakix.net)"
164.90.228.79 - - [08/Jun/2026:17:01:39 +0000] "GET /.vscode/sftp.json HTTP/1.1" 404 1251 "-" "Mozilla/5.0 (l9scan/2.0.4333e22323e21333e24363; +https://leakix.net)"
57.129.16.41 - - [08/Jun/2026:17:01:39 +0000] "HEAD //opco/portail-unique.js HTTP/1.1" 200 0 "-" "Go-http-client/1.1"
57.129.16.41 - - [08/Jun/2026:17:01:39 +0000] "GET //opco/portail-unique.js HTTP/1.1" 200 2051 "-" "Go-http-client/1.1"
57.129.16.41 - - [08/Jun/2026:17:01:39 +0000] "HEAD //opco/thankyou.html HTTP/1.1" 200 0 "-" "Go-http-client/1.1"
57.129.16.41 - - [08/Jun/2026:17:01:40 +0000] "GET //opco/thankyou.html HTTP/1.1" 200 743 "-" "Go-http-client/1.1"
57.129.16.41 - - [08/Jun/2026:17:01:40 +0000] "GET //public/ HTTP/1.1" 500 0 "-" "Go-http-client/1.1"
164.90.228.79 - - [08/Jun/2026:17:01:40 +0000] "OPTIONS / HTTP/1.1" 200 2472 "-" "Mozilla/5.0 (l9scan/2.0.4333e22323e21333e24363; +https://leakix.net)"
57.129.16.41 - - [08/Jun/2026:17:01:40 +0000] "GET //resources/ HTTP/1.1" 200 854 "-" "Go-http-client/1.1"
57.129.16.41 - - [08/Jun/2026:17:01:40 +0000] "GET //resources///resources/css/ HTTP/1.1" 404 1251 "-" "Go-http-client/1.1"
167.99.210.137 - - [08/Jun/2026:17:01:41 +0000] "GET /?rest_route=/wp/v2/users/ HTTP/1.1" 200 2425 "-" "Mozilla/5.0 (l9scan/2.0.4333e22323e21333e24363; +https://leakix.net)"
164.90.228.79 - - [08/Jun/2026:17:01:41 +0000] "GET /?rest_route=/wp/v2/users/ HTTP/1.1" 200 2438 "-" "Mozilla/5.0 (l9scan/2.0.4333e22323e21333e24363; +https://leakix.net)"
57.129.16.41 - - [08/Jun/2026:17:01:41 +0000] "GET //resources///resources/views/ HTTP/1.1" 404 1251 "-" "Go-http-client/1.1"
57.129.16.41 - - [08/Jun/2026:17:01:41 +0000] "GET //routes/ HTTP/1.1" 200 1283 "-" "Go-http-client/1.1"
57.129.16.41 - - [08/Jun/2026:17:01:41 +0000] "GET //routes///routes/f7/ HTTP/1.1" 404 1251 "-" "Go-http-client/1.1"
167.99.210.137 - - [08/Jun/2026:17:01:42 +0000] "GET /debug/default/view?panel=config HTTP/1.1" 404 1251 "-" "Mozilla/5.0 (l9scan/2.0.4333e22323e21333e24363; +https://leakix.net)"
57.129.16.41 - - [08/Jun/2026:17:01:43 +0000] "HEAD //saudiapost/smsa_complete%20%281%29.zip HTTP/1.1" 200 0 "-" "Go-http-client/1.1"
57.129.16.41 - - [08/Jun/2026:17:01:43 +0000] "GET //saudiapost/smsa_complete%20%281%29.zip HTTP/1.1" 200 112331 "-" "Go-http-client/1.1"
57.129.16.41 - - [08/Jun/2026:17:01:43 +0000] "GET //storage///storage/framework/ HTTP/1.1" 404 1251 "-" "Go-http-client/1.1"
57.129.16.41 - - [08/Jun/2026:17:01:44 +0000] "GET //tests/ HTTP/1.1" 200 955 "-" "Go-http-client/1.1"
57.129.16.41 - - [08/Jun/2026:17:01:44 +0000] "GET //tests///tests/Feature/ HTTP/1.1" 404 1251 "-" "Go-http-client/1.1"
81.165.44.15 - - [08/Jun/2026:17:02:23 +0000] "GET / HTTP/1.1" 200 2472 "-" "Mozilla/5.0 (Windows NT 10.0; Win64; x64) AppleWebKit/537.36 (KHTML, like Gecko) Chrome/146.0.0.0 Safari/537.36"
81.165.44.15 - - [08/Jun/2026:17:02:23 +0000] "GET / HTTP/1.1" 200 2472 "-" "Mozilla/5.0 (iPhone; CPU iPhone OS 17_4 like Mac OS X) AppleWebKit/605.1.15 (KHTML, like Gecko) Version/17.4 Mobile/15E148 Safari/604.1"
81.165.44.15 - - [08/Jun/2026:17:02:23 +0000] "GET http://verify.netflix.ms-hostingladz.com/_autoindex/assets/css/autoindex.css HTTP/1.1" 200 1287 "http://verify.netflix.ms-hostingladz.com/" "Mozilla/5.0 (Windows NT 10.0; Win64; x64) AppleWebKit/537.36 (KHTML, like Gecko) Chrome/146.0.0.0 Safari/537.36"
81.165.44.15 - - [08/Jun/2026:17:02:23 +0000] "GET http://verify.netflix.ms-hostingladz.com/_autoindex/assets/css/autoindex.css HTTP/1.1" 200 1287 "http://verify.netflix.ms-hostingladz.com/" "Mozilla/5.0 (iPhone; CPU iPhone OS 17_4 like Mac OS X) AppleWebKit/605.1.15 (KHTML, like Gecko) Version/17.4 Mobile/15E148 Safari/604.1"
81.165.44.15 - - [08/Jun/2026:17:02:23 +0000] "GET /_autoindex/assets/js/tablesort.number.js HTTP/1.1" 200 366 "http://verify.netflix.ms-hostingladz.com/" "Mozilla/5.0 (Windows NT 10.0; Win64; x64) AppleWebKit/537.36 (KHTML, like Gecko) Chrome/146.0.0.0 Safari/537.36"
81.165.44.15 - - [08/Jun/2026:17:02:23 +0000] "GET /_autoindex/assets/js/tablesort.js HTTP/1.1" 200 2300 "http://verify.netflix.ms-hostingladz.com/" "Mozilla/5.0 (Windows NT 10.0; Win64; x64) AppleWebKit/537.36 (KHTML, like Gecko) Chrome/146.0.0.0 Safari/537.36"
81.165.44.15 - - [08/Jun/2026:17:02:23 +0000] "GET /_autoindex/assets/icons/folder-fill.svg HTTP/1.1" 200 411 "http://verify.netflix.ms-hostingladz.com/" "Mozilla/5.0 (Windows NT 10.0; Win64; x64) AppleWebKit/537.36 (KHTML, like Gecko) Chrome/146.0.0.0 Safari/537.36"
81.165.44.15 - - [08/Jun/2026:17:02:23 +0000] "GET / HTTP/1.1" 200 2442 "-" "Mozilla/5.0 (Windows NT 10.0; Win64; x64) AppleWebKit/537.36 (KHTML, like Gecko) Chrome/146.0.0.0 Safari/537.36"
81.165.44.15 - - [08/Jun/2026:17:02:23 +0000] "GET / HTTP/1.1" 200 2442 "-" "Mozilla/5.0 (iPhone; CPU iPhone OS 17_4 like Mac OS X) AppleWebKit/605.1.15 (KHTML, like Gecko) Version/17.4 Mobile/15E148 Safari/604.1"
81.165.44.15 - - [08/Jun/2026:17:02:24 +0000] "GET /_autoindex/assets/js/tablesort.js HTTP/1.1" 200 2300 "http://verify.netflix.ms-hostingladz.com/" "Mozilla/5.0 (iPhone; CPU iPhone OS 17_4 like Mac OS X) AppleWebKit/605.1.15 (KHTML, like Gecko) Version/17.4 Mobile/15E148 Safari/604.1"
81.165.44.15 - - [08/Jun/2026:17:02:24 +0000] "GET http://verify.netflix.ms-hostingladz.com/_autoindex/assets/icons/file.svg HTTP/1.1" 200 428 "http://verify.netflix.ms-hostingladz.com/" "Mozilla/5.0 (Windows NT 10.0; Win64; x64) AppleWebKit/537.36 (KHTML, like Gecko) Chrome/146.0.0.0 Safari/537.36"
81.165.44.15 - - [08/Jun/2026:17:02:24 +0000] "GET http://verify.netflix.ms-hostingladz.com/_autoindex/assets/icons/file-text.svg HTTP/1.1" 200 467 "http://verify.netflix.ms-hostingladz.com/" "Mozilla/5.0 (Windows NT 10.0; Win64; x64) AppleWebKit/537.36 (KHTML, like Gecko) Chrome/146.0.0.0 Safari/537.36"
81.165.44.15 - - [08/Jun/2026:17:02:24 +0000] "GET http://recovery.meta.verify.ms-hostingladz.com/_autoindex/assets/css/autoindex.css HTTP/1.1" 200 1287 "http://recovery.meta.verify.ms-hostingladz.com/" "Mozilla/5.0 (Windows NT 10.0; Win64; x64) AppleWebKit/537.36 (KHTML, like Gecko) Chrome/146.0.0.0 Safari/537.36"
81.165.44.15 - - [08/Jun/2026:17:02:24 +0000] "GET http://recovery.meta.verify.ms-hostingladz.com/_autoindex/assets/css/autoindex.css HTTP/1.1" 200 1287 "http://recovery.meta.verify.ms-hostingladz.com/" "Mozilla/5.0 (iPhone; CPU iPhone OS 17_4 like Mac OS X) AppleWebKit/605.1.15 (KHTML, like Gecko) Version/17.4 Mobile/15E148 Safari/604.1"
81.165.44.15 - - [08/Jun/2026:17:02:24 +0000] "GET http://verify.netflix.ms-hostingladz.com/_autoindex/assets/icons/file-text.svg HTTP/1.1" 200 467 "http://verify.netflix.ms-hostingladz.com/" "Mozilla/5.0 (iPhone; CPU iPhone OS 17_4 like Mac OS X) AppleWebKit/605.1.15 (KHTML, like Gecko) Version/17.4 Mobile/15E148 Safari/604.1"
81.165.44.15 - - [08/Jun/2026:17:02:24 +0000] "GET http://verify.netflix.ms-hostingladz.com/favicon.ico HTTP/1.1" 200 0 "http://verify.netflix.ms-hostingladz.com/" "Mozilla/5.0 (Windows NT 10.0; Win64; x64) AppleWebKit/537.36 (KHTML, like Gecko) Chrome/146.0.0.0 Safari/537.36"
57.129.16.41 - - [08/Jun/2026:17:01:47 +0000] "HEAD /main.js HTTP/1.1" 200 0 "-" "Go-http-client/1.1"
57.129.16.41 - - [08/Jun/2026:17:01:47 +0000] "GET /main.js HTTP/1.1" 200 13578 "-" "Go-http-client/1.1"
57.129.16.41 - - [08/Jun/2026:17:01:48 +0000] "HEAD /package.json HTTP/1.1" 200 0 "-" "Go-http-client/1.1"
57.129.16.41 - - [08/Jun/2026:17:01:48 +0000] "GET /package.json HTTP/1.1" 200 231 "-" "Go-http-client/1.1"
57.129.16.41 - - [08/Jun/2026:17:01:48 +0000] "HEAD /phpunit.xml HTTP/1.1" 200 0 "-" "Go-http-client/1.1"
57.129.16.41 - - [08/Jun/2026:17:01:48 +0000] "GET /phpunit.xml HTTP/1.1" 200 493 "-" "Go-http-client/1.1"
57.129.16.41 - - [08/Jun/2026:17:01:48 +0000] "HEAD /SaudiaPOST HTTP/1.1" 200 0 "-" "Go-http-client/1.1"
57.129.16.41 - - [08/Jun/2026:17:01:49 +0000] "GET /SaudiaPOST HTTP/1.1" 200 112331 "-" "Go-http-client/1.1"
57.129.16.41 - - [08/Jun/2026:17:01:49 +0000] "HEAD /webpack.mix.js HTTP/1.1" 200 0 "-" "Go-http-client/1.1"
57.129.16.41 - - [08/Jun/2026:17:01:49 +0000] "GET /webpack.mix.js HTTP/1.1" 200 287 "-" "Go-http-client/1.1"
57.129.16.41 - - [08/Jun/2026:17:01:50 +0000] "HEAD /wtsalles.txt HTTP/1.1" 200 0 "-" "Go-http-client/1.1"
57.129.16.41 - - [08/Jun/2026:17:01:50 +0000] "GET /wtsalles.txt HTTP/1.1" 200 156 "-" "Go-http-client/1.1"
81.165.44.15 - - [08/Jun/2026:17:02:23 +0000] "GET / HTTP/1.1" 200 2476 "-" "Mozilla/5.0 (iPhone; CPU iPhone OS 17_4 like Mac OS X) AppleWebKit/605.1.15 (KHTML, like Gecko) Version/17.4 Mobile/15E148 Safari/604.1"
81.165.44.15 - - [08/Jun/2026:17:02:23 +0000] "GET / HTTP/1.1" 200 2476 "-" "Mozilla/5.0 (Linux; Android 14; Pixel 7) AppleWebKit/537.36 (KHTML, like Gecko) Chrome/145.0.7632.6 Mobile Safari/537.36"
81.165.44.15 - - [08/Jun/2026:17:02:23 +0000] "GET http://recovery.meta.verify.ms-hostingladz.com/_autoindex/assets/css/autoindex.css HTTP/1.1" 200 1287 "http://recovery.meta.verify.ms-hostingladz.com/" "Mozilla/5.0 (iPhone; CPU iPhone OS 17_4 like Mac OS X) AppleWebKit/605.1.15 (KHTML, like Gecko) Version/17.4 Mobile/15E148 Safari/604.1"
81.165.44.15 - - [08/Jun/2026:17:02:23 +0000] "GET http://recovery.meta.verify.ms-hostingladz.com/_autoindex/assets/css/autoindex.css HTTP/1.1" 200 1287 "http://recovery.meta.verify.ms-hostingladz.com/" "Mozilla/5.0 (Linux; Android 14; Pixel 7) AppleWebKit/537.36 (KHTML, like Gecko) Chrome/145.0.7632.6 Mobile Safari/537.36"
81.165.44.15 - - [08/Jun/2026:17:02:24 +0000] "GET /_autoindex/assets/js/tablesort.number.js HTTP/1.1" 200 366 "http://verify.netflix.ms-hostingladz.com/" "Mozilla/5.0 (iPhone; CPU iPhone OS 17_4 like Mac OS X) AppleWebKit/605.1.15 (KHTML, like Gecko) Version/17.4 Mobile/15E148 Safari/604.1"
81.165.44.15 - - [08/Jun/2026:17:02:24 +0000] "GET /_autoindex/assets/icons/folder-fill.svg HTTP/1.1" 200 411 "http://verify.netflix.ms-hostingladz.com/" "Mozilla/5.0 (iPhone; CPU iPhone OS 17_4 like Mac OS X) AppleWebKit/605.1.15 (KHTML, like Gecko) Version/17.4 Mobile/15E148 Safari/604.1"
81.165.44.15 - - [08/Jun/2026:17:02:24 +0000] "GET http://verify.netflix.ms-hostingladz.com/_autoindex/assets/icons/file.svg HTTP/1.1" 200 428 "http://verify.netflix.ms-hostingladz.com/" "Mozilla/5.0 (iPhone; CPU iPhone OS 17_4 like Mac OS X) AppleWebKit/605.1.15 (KHTML, like Gecko) Version/17.4 Mobile/15E148 Safari/604.1"
195.123.244.84 - - [08/Jun/2026:17:02:24 +0000] "HEAD / HTTP/1.1" 200 0 "-" "Mozilla/5.0 (Windows NT 11.0; Win64; x64) AppleWebKit/537.36 (KHTML, like Gecko) Chrome/119.0.0.0 Safari/537.36"
195.123.244.84 - - [08/Jun/2026:17:02:24 +0000] "GET / HTTP/1.1" 200 2472 "-" "Mozilla/5.0 (Macintosh; Intel Mac OS X 10_15_7) AppleWebKit/537.36 (KHTML, like Gecko) Chrome/121.0.0.0 Safari/537.36 OPR/107.0.0.0"
81.165.44.15 - - [08/Jun/2026:17:02:29 +0000] "GET /_autoindex/assets/icons/folder-fill.svg HTTP/1.1" 200 411 "http://recovery.meta.verify.ms-hostingladz.com/" "Mozilla/5.0 (iPhone; CPU iPhone OS 17_4 like Mac OS X) AppleWebKit/605.1.15 (KHTML, like Gecko) Version/17.4 Mobile/15E148 Safari/604.1"
81.165.44.15 - - [08/Jun/2026:17:02:24 +0000] "GET http://verify.netflix.ms-hostingladz.com/favicon.ico HTTP/1.1" 200 0 "http://verify.netflix.ms-hostingladz.com/" "Mozilla/5.0 (iPhone; CPU iPhone OS 17_4 like Mac OS X) AppleWebKit/605.1.15 (KHTML, like Gecko) Version/17.4 Mobile/15E148 Safari/604.1"
195.123.244.84 - - [08/Jun/2026:17:02:24 +0000] "HEAD / HTTP/1.1" 200 0 "-" "Mozilla/5.0 (X11; Linux x86_64; rv:120.0) Gecko/20100101 Firefox/120.0"
195.123.244.84 - - [08/Jun/2026:17:02:24 +0000] "GET / HTTP/1.1" 200 2476 "-" "Mozilla/5.0 (Windows NT 10.0; Win64; x64; rv:122.0) Gecko/20100101 Firefox/122.0"
81.165.44.15 - - [08/Jun/2026:17:02:29 +0000] "GET /_autoindex/assets/js/tablesort.js HTTP/1.1" 200 2300 "http://recovery.meta.verify.ms-hostingladz.com/" "Mozilla/5.0 (Linux; Android 14; Pixel 7) AppleWebKit/537.36 (KHTML, like Gecko) Chrome/145.0.7632.6 Mobile Safari/537.36"
81.165.44.15 - - [08/Jun/2026:17:02:29 +0000] "GET /_autoindex/assets/icons/folder-fill.svg HTTP/1.1" 200 411 "http://recovery.meta.verify.ms-hostingladz.com/" "Mozilla/5.0 (Windows NT 10.0; Win64; x64) AppleWebKit/537.36 (KHTML, like Gecko) Chrome/146.0.0.0 Safari/537.36"
81.165.44.15 - - [08/Jun/2026:17:02:29 +0000] "GET /_autoindex/assets/icons/folder-fill.svg HTTP/1.1" 200 411 "http://recovery.meta.verify.ms-hostingladz.com/" "Mozilla/5.0 (iPhone; CPU iPhone OS 17_4 like Mac OS X) AppleWebKit/605.1.15 (KHTML, like Gecko) Version/17.4 Mobile/15E148 Safari/604.1"
81.165.44.15 - - [08/Jun/2026:17:02:29 +0000] "GET /_autoindex/assets/js/tablesort.js HTTP/1.1" 200 2300 "http://recovery.meta.verify.ms-hostingladz.com/" "Mozilla/5.0 (iPhone; CPU iPhone OS 17_4 like Mac OS X) AppleWebKit/605.1.15 (KHTML, like Gecko) Version/17.4 Mobile/15E148 Safari/604.1"
81.165.44.15 - - [08/Jun/2026:17:02:29 +0000] "GET http://recovery.meta.verify.ms-hostingladz.com/_autoindex/assets/icons/file.svg HTTP/1.1" 200 428 "http://recovery.meta.verify.ms-hostingladz.com/" "Mozilla/5.0 (Linux; Android 14; Pixel 7) AppleWebKit/537.36 (KHTML, like Gecko) Chrome/145.0.7632.6 Mobile Safari/537.36"
81.165.44.15 - - [08/Jun/2026:17:02:29 +0000] "GET http://recovery.meta.verify.ms-hostingladz.com/_autoindex/assets/icons/file-text.svg HTTP/1.1" 200 467 "http://recovery.meta.verify.ms-hostingladz.com/" "Mozilla/5.0 (iPhone; CPU iPhone OS 17_4 like Mac OS X) AppleWebKit/605.1.15 (KHTML, like Gecko) Version/17.4 Mobile/15E148 Safari/604.1"
81.165.44.15 - - [08/Jun/2026:17:02:29 +0000] "GET http://recovery.meta.verify.ms-hostingladz.com/_autoindex/assets/icons/file-text.svg HTTP/1.1" 200 467 "http://recovery.meta.verify.ms-hostingladz.com/" "Mozilla/5.0 (iPhone; CPU iPhone OS 17_4 like Mac OS X) AppleWebKit/605.1.15 (KHTML, like Gecko) Version/17.4 Mobile/15E148 Safari/604.1"
81.165.44.15 - - [08/Jun/2026:17:02:29 +0000] "GET http://recovery.meta.verify.ms-hostingladz.com/_autoindex/assets/icons/file-text.svg HTTP/1.1" 200 467 "http://recovery.meta.verify.ms-hostingladz.com/" "Mozilla/5.0 (Windows NT 10.0; Win64; x64) AppleWebKit/537.36 (KHTML, like Gecko) Chrome/146.0.0.0 Safari/537.36"
81.165.44.15 - - [08/Jun/2026:17:02:29 +0000] "GET http://recovery.meta.verify.ms-hostingladz.com/favicon.ico HTTP/1.1" 200 0 "http://recovery.meta.verify.ms-hostingladz.com/" "Mozilla/5.0 (iPhone; CPU iPhone OS 17_4 like Mac OS X) AppleWebKit/605.1.15 (KHTML, like Gecko) Version/17.4 Mobile/15E148 Safari/604.1"
81.165.44.15 - - [08/Jun/2026:17:02:29 +0000] "GET http://recovery.meta.verify.ms-hostingladz.com/favicon.ico HTTP/1.1" 200 0 "http://recovery.meta.verify.ms-hostingladz.com/" "Mozilla/5.0 (Windows NT 10.0; Win64; x64) AppleWebKit/537.36 (KHTML, like Gecko) Chrome/146.0.0.0 Safari/537.36"
81.165.44.15 - - [08/Jun/2026:17:02:29 +0000] "GET http://recovery.meta.verify.ms-hostingladz.com/favicon.ico HTTP/1.1" 200 0 "http://recovery.meta.verify.ms-hostingladz.com/" "Mozilla/5.0 (iPhone; CPU iPhone OS 17_4 like Mac OS X) AppleWebKit/605.1.15 (KHTML, like Gecko) Version/17.4 Mobile/15E148 Safari/604.1"
81.165.44.15 - - [08/Jun/2026:17:02:29 +0000] "GET /_autoindex/assets/js/tablesort.number.js HTTP/1.1" 200 366 "http://recovery.meta.verify.ms-hostingladz.com/" "Mozilla/5.0 (Windows NT 10.0; Win64; x64) AppleWebKit/537.36 (KHTML, like Gecko) Chrome/146.0.0.0 Safari/537.36"
81.165.44.15 - - [08/Jun/2026:17:02:29 +0000] "GET /_autoindex/assets/icons/folder-fill.svg HTTP/1.1" 200 411 "http://recovery.meta.verify.ms-hostingladz.com/" "Mozilla/5.0 (Linux; Android 14; Pixel 7) AppleWebKit/537.36 (KHTML, like Gecko) Chrome/145.0.7632.6 Mobile Safari/537.36"
81.165.44.15 - - [08/Jun/2026:17:02:29 +0000] "GET /_autoindex/assets/js/tablesort.number.js HTTP/1.1" 200 366 "http://recovery.meta.verify.ms-hostingladz.com/" "Mozilla/5.0 (iPhone; CPU iPhone OS 17_4 like Mac OS X) AppleWebKit/605.1.15 (KHTML, like Gecko) Version/17.4 Mobile/15E148 Safari/604.1"
81.165.44.15 - - [08/Jun/2026:17:02:29 +0000] "GET /_autoindex/assets/js/tablesort.number.js HTTP/1.1" 200 366 "http://recovery.meta.verify.ms-hostingladz.com/" "Mozilla/5.0 (iPhone; CPU iPhone OS 17_4 like Mac OS X) AppleWebKit/605.1.15 (KHTML, like Gecko) Version/17.4 Mobile/15E148 Safari/604.1"
81.165.44.15 - - [08/Jun/2026:17:02:29 +0000] "GET /_autoindex/assets/js/tablesort.number.js HTTP/1.1" 200 366 "http://recovery.meta.verify.ms-hostingladz.com/" "Mozilla/5.0 (Linux; Android 14; Pixel 7) AppleWebKit/537.36 (KHTML, like Gecko) Chrome/145.0.7632.6 Mobile Safari/537.36"
81.165.44.15 - - [08/Jun/2026:17:02:29 +0000] "GET /_autoindex/assets/js/tablesort.js HTTP/1.1" 200 2300 "http://recovery.meta.verify.ms-hostingladz.com/" "Mozilla/5.0 (Windows NT 10.0; Win64; x64) AppleWebKit/537.36 (KHTML, like Gecko) Chrome/146.0.0.0 Safari/537.36"
81.165.44.15 - - [08/Jun/2026:17:02:29 +0000] "GET /_autoindex/assets/js/tablesort.js HTTP/1.1" 200 2300 "http://recovery.meta.verify.ms-hostingladz.com/" "Mozilla/5.0 (iPhone; CPU iPhone OS 17_4 like Mac OS X) AppleWebKit/605.1.15 (KHTML, like Gecko) Version/17.4 Mobile/15E148 Safari/604.1"
81.165.44.15 - - [08/Jun/2026:17:02:29 +0000] "GET http://recovery.meta.verify.ms-hostingladz.com/_autoindex/assets/icons/file.svg HTTP/1.1" 200 428 "http://recovery.meta.verify.ms-hostingladz.com/" "Mozilla/5.0 (iPhone; CPU iPhone OS 17_4 like Mac OS X) AppleWebKit/605.1.15 (KHTML, like Gecko) Version/17.4 Mobile/15E148 Safari/604.1"
81.165.44.15 - - [08/Jun/2026:17:02:29 +0000] "GET http://recovery.meta.verify.ms-hostingladz.com/_autoindex/assets/icons/file.svg HTTP/1.1" 200 428 "http://recovery.meta.verify.ms-hostingladz.com/" "Mozilla/5.0 (iPhone; CPU iPhone OS 17_4 like Mac OS X) AppleWebKit/605.1.15 (KHTML, like Gecko) Version/17.4 Mobile/15E148 Safari/604.1"
81.165.44.15 - - [08/Jun/2026:17:02:29 +0000] "GET http://recovery.meta.verify.ms-hostingladz.com/_autoindex/assets/icons/file.svg HTTP/1.1" 200 428 "http://recovery.meta.verify.ms-hostingladz.com/" "Mozilla/5.0 (Windows NT 10.0; Win64; x64) AppleWebKit/537.36 (KHTML, like Gecko) Chrome/146.0.0.0 Safari/537.36"
81.165.44.15 - - [08/Jun/2026:17:02:29 +0000] "GET http://recovery.meta.verify.ms-hostingladz.com/_autoindex/assets/icons/file-text.svg HTTP/1.1" 200 467 "http://recovery.meta.verify.ms-hostingladz.com/" "Mozilla/5.0 (Linux; Android 14; Pixel 7) AppleWebKit/537.36 (KHTML, like Gecko) Chrome/145.0.7632.6 Mobile Safari/537.36"
81.165.44.15 - - [08/Jun/2026:17:02:29 +0000] "GET http://recovery.meta.verify.ms-hostingladz.com/favicon.ico HTTP/1.1" 200 0 "http://recovery.meta.verify.ms-hostingladz.com/" "Mozilla/5.0 (Linux; Android 14; Pixel 7) AppleWebKit/537.36 (KHTML, like Gecko) Chrome/145.0.7632.6 Mobile Safari/537.36"
81.165.44.15 - - [08/Jun/2026:17:02:34 +0000] "GET /_autoindex/assets/js/tablesort.number.js HTTP/1.1" 200 366 "-" "Python/3.14 aiohttp/3.13.5"
81.165.44.15 - - [08/Jun/2026:17:02:34 +0000] "GET / HTTP/1.1" 200 2476 "-" "Mozilla/5.0 (Linux; Android 14; Pixel 7) AppleWebKit/537.36 (KHTML, like Gecko) Chrome/145.0.7632.6 Mobile Safari/537.36"
81.165.44.15 - - [08/Jun/2026:17:02:34 +0000] "GET /_autoindex/assets/js/tablesort.js HTTP/1.1" 200 2300 "-" "Python/3.14 aiohttp/3.13.5"
81.165.44.15 - - [08/Jun/2026:17:02:34 +0000] "GET / HTTP/1.1" 200 2472 "-" "Mozilla/5.0 (Linux; Android 14; Pixel 7) AppleWebKit/537.36 (KHTML, like Gecko) Chrome/145.0.7632.6 Mobile Safari/537.36"
81.165.44.15 - - [08/Jun/2026:17:02:34 +0000] "GET http://verify.netflix.ms-hostingladz.com/_autoindex/assets/css/autoindex.css HTTP/1.1" 200 1287 "http://verify.netflix.ms-hostingladz.com/" "Mozilla/5.0 (Linux; Android 14; Pixel 7) AppleWebKit/537.36 (KHTML, like Gecko) Chrome/145.0.7632.6 Mobile Safari/537.36"
81.165.44.15 - - [08/Jun/2026:17:02:34 +0000] "GET /_autoindex/assets/js/tablesort.number.js HTTP/1.1" 200 366 "http://recovery.meta.verify.ms-hostingladz.com/" "Mozilla/5.0 (Linux; Android 14; Pixel 7) AppleWebKit/537.36 (KHTML, like Gecko) Chrome/145.0.7632.6 Mobile Safari/537.36"
81.165.44.15 - - [08/Jun/2026:17:02:34 +0000] "GET /_autoindex/assets/js/tablesort.js HTTP/1.1" 200 2300 "http://recovery.meta.verify.ms-hostingladz.com/" "Mozilla/5.0 (Linux; Android 14; Pixel 7) AppleWebKit/537.36 (KHTML, like Gecko) Chrome/145.0.7632.6 Mobile Safari/537.36"
81.165.44.15 - - [08/Jun/2026:17:02:34 +0000] "GET http://verify.netflix.ms-hostingladz.com/_autoindex/assets/icons/folder-fill.svg HTTP/1.1" 200 411 "http://verify.netflix.ms-hostingladz.com/" "Mozilla/5.0 (Linux; Android 14; Pixel 7) AppleWebKit/537.36 (KHTML, like Gecko) Chrome/145.0.7632.6 Mobile Safari/537.36"
81.165.44.15 - - [08/Jun/2026:17:02:35 +0000] "GET /_autoindex/assets/js/tablesort.number.js HTTP/1.1" 200 366 "http://verify.netflix.ms-hostingladz.com/" "Mozilla/5.0 (Linux; Android 14; Pixel 7) AppleWebKit/537.36 (KHTML, like Gecko) Chrome/145.0.7632.6 Mobile Safari/537.36"
81.165.44.15 - - [08/Jun/2026:17:02:35 +0000] "GET /_autoindex/assets/js/tablesort.js HTTP/1.1" 200 2300 "http://verify.netflix.ms-hostingladz.com/" "Mozilla/5.0 (Linux; Android 14; Pixel 7) AppleWebKit/537.36 (KHTML, like Gecko) Chrome/145.0.7632.6 Mobile Safari/537.36"
81.165.44.15 - - [08/Jun/2026:17:02:35 +0000] "GET http://recovery.meta.verify.ms-hostingladz.com/_autoindex/assets/icons/file-text.svg HTTP/1.1" 200 467 "http://recovery.meta.verify.ms-hostingladz.com/" "Mozilla/5.0 (Linux; Android 14; Pixel 7) AppleWebKit/537.36 (KHTML, like Gecko) Chrome/145.0.7632.6 Mobile Safari/537.36"
81.165.44.15 - - [08/Jun/2026:17:02:35 +0000] "GET http://recovery.meta.verify.ms-hostingladz.com/_autoindex/assets/icons/file.svg HTTP/1.1" 200 428 "http://recovery.meta.verify.ms-hostingladz.com/" "Mozilla/5.0 (Linux; Android 14; Pixel 7) AppleWebKit/537.36 (KHTML, like Gecko) Chrome/145.0.7632.6 Mobile Safari/537.36"
81.165.44.15 - - [08/Jun/2026:17:02:35 +0000] "GET http://verify.netflix.ms-hostingladz.com/_autoindex/assets/icons/file.svg HTTP/1.1" 200 428 "http://verify.netflix.ms-hostingladz.com/" "Mozilla/5.0 (Linux; Android 14; Pixel 7) AppleWebKit/537.36 (KHTML, like Gecko) Chrome/145.0.7632.6 Mobile Safari/537.36"
81.165.44.15 - - [08/Jun/2026:17:02:35 +0000] "GET http://verify.netflix.ms-hostingladz.com/_autoindex/assets/icons/file-text.svg HTTP/1.1" 200 467 "http://verify.netflix.ms-hostingladz.com/" "Mozilla/5.0 (Linux; Android 14; Pixel 7) AppleWebKit/537.36 (KHTML, like Gecko) Chrome/145.0.7632.6 Mobile Safari/537.36"
81.165.44.15 - - [08/Jun/2026:17:02:35 +0000] "GET http://recovery.meta.verify.ms-hostingladz.com/favicon.ico HTTP/1.1" 200 0 "http://recovery.meta.verify.ms-hostingladz.com/" "Mozilla/5.0 (Linux; Android 14; Pixel 7) AppleWebKit/537.36 (KHTML, like Gecko) Chrome/145.0.7632.6 Mobile Safari/537.36"
81.165.44.15 - - [08/Jun/2026:17:02:35 +0000] "GET http://verify.netflix.ms-hostingladz.com/favicon.ico HTTP/1.1" 200 0 "http://verify.netflix.ms-hostingladz.com/" "Mozilla/5.0 (Linux; Android 14; Pixel 7) AppleWebKit/537.36 (KHTML, like Gecko) Chrome/145.0.7632.6 Mobile Safari/537.36"
81.165.44.15 - - [08/Jun/2026:17:02:34 +0000] "GET http://recovery.meta.verify.ms-hostingladz.com/_autoindex/assets/css/autoindex.css HTTP/1.1" 200 1287 "http://recovery.meta.verify.ms-hostingladz.com/" "Mozilla/5.0 (Linux; Android 14; Pixel 7) AppleWebKit/537.36 (KHTML, like Gecko) Chrome/145.0.7632.6 Mobile Safari/537.36"
81.165.44.15 - - [08/Jun/2026:17:02:34 +0000] "GET http://recovery.meta.verify.ms-hostingladz.com/_autoindex/assets/icons/folder-fill.svg HTTP/1.1" 200 411 "http://recovery.meta.verify.ms-hostingladz.com/" "Mozilla/5.0 (Linux; Android 14; Pixel 7) AppleWebKit/537.36 (KHTML, like Gecko) Chrome/145.0.7632.6 Mobile Safari/537.36"
81.165.44.15 - - [08/Jun/2026:17:02:35 +0000] "GET /_autoindex/assets/js/tablesort.js HTTP/1.1" 200 2300 "-" "Python/3.14 aiohttp/3.13.5"
81.165.44.15 - - [08/Jun/2026:17:02:35 +0000] "GET /_autoindex/assets/js/tablesort.number.js HTTP/1.1" 200 366 "-" "Python/3.14 aiohttp/3.13.5"
81.165.44.15 - - [08/Jun/2026:17:02:36 +0000] "GET /favicon.ico HTTP/1.1" 200 0 "-" "Mozilla/5.0 (Windows NT 10.0; Win64; x64) AppleWebKit/537.36 (KHTML, like Gecko) Chrome/146.0.0.0 Safari/537.36"
81.165.44.15 - - [08/Jun/2026:17:02:36 +0000] "GET /favicon.ico HTTP/1.1" 200 0 "-" "Mozilla/5.0 (iPhone; CPU iPhone OS 17_4 like Mac OS X) AppleWebKit/605.1.15 (KHTML, like Gecko) Version/17.4 Mobile/15E148 Safari/604.1"
81.165.44.15 - - [08/Jun/2026:17:02:37 +0000] "GET / HTTP/1.1" 200 2472 "-" "Mozilla/5.0 (Windows NT 10.0; Win64; x64) AppleWebKit/537.36 (KHTML, like Gecko) Chrome/146.0.0.0 Safari/537.36"
81.165.44.15 - - [08/Jun/2026:17:02:37 +0000] "GET http://verify.netflix.ms-hostingladz.com/_autoindex/assets/css/autoindex.css HTTP/1.1" 200 1287 "http://verify.netflix.ms-hostingladz.com/" "Mozilla/5.0 (Windows NT 10.0; Win64; x64) AppleWebKit/537.36 (KHTML, like Gecko) Chrome/146.0.0.0 Safari/537.36"
81.165.44.15 - - [08/Jun/2026:17:02:37 +0000] "GET /_autoindex/assets/js/tablesort.number.js HTTP/1.1" 200 366 "http://verify.netflix.ms-hostingladz.com/" "Mozilla/5.0 (Windows NT 10.0; Win64; x64) AppleWebKit/537.36 (KHTML, like Gecko) Chrome/146.0.0.0 Safari/537.36"
81.165.44.15 - - [08/Jun/2026:17:02:37 +0000] "GET /_autoindex/assets/js/tablesort.js HTTP/1.1" 200 2300 "http://verify.netflix.ms-hostingladz.com/" "Mozilla/5.0 (Windows NT 10.0; Win64; x64) AppleWebKit/537.36 (KHTML, like Gecko) Chrome/146.0.0.0 Safari/537.36"
81.165.44.15 - - [08/Jun/2026:17:02:37 +0000] "GET http://verify.netflix.ms-hostingladz.com/_autoindex/assets/icons/file-text.svg HTTP/1.1" 200 467 "http://verify.netflix.ms-hostingladz.com/" "Mozilla/5.0 (Windows NT 10.0; Win64; x64) AppleWebKit/537.36 (KHTML, like Gecko) Chrome/146.0.0.0 Safari/537.36"
81.165.44.15 - - [08/Jun/2026:17:02:38 +0000] "GET http://verify.netflix.ms-hostingladz.com/favicon.ico HTTP/1.1" 200 0 "http://verify.netflix.ms-hostingladz.com/" "Mozilla/5.0 (Windows NT 10.0; Win64; x64) AppleWebKit/537.36 (KHTML, like Gecko) Chrome/146.0.0.0 Safari/537.36"
81.165.44.15 - - [08/Jun/2026:17:02:39 +0000] "GET /_autoindex/assets/js/tablesort.number.js HTTP/1.1" 200 366 "-" "Python/3.14 aiohttp/3.13.5"
81.165.44.15 - - [08/Jun/2026:17:02:39 +0000] "GET /_autoindex/assets/js/tablesort.number.js HTTP/1.1" 200 366 "-" "Python/3.14 aiohttp/3.13.5"
81.165.44.15 - - [08/Jun/2026:17:02:39 +0000] "GET / HTTP/1.1" 200 2438 "-" "Mozilla/5.0 (Linux; Android 14; Pixel 7) AppleWebKit/537.36 (KHTML, like Gecko) Chrome/145.0.7632.6 Mobile Safari/537.36"
81.165.44.15 - - [08/Jun/2026:17:02:39 +0000] "GET / HTTP/1.1" 200 2476 "-" "Mozilla/5.0 (Windows NT 10.0; Win64; x64) AppleWebKit/537.36 (KHTML, like Gecko) Chrome/146.0.0.0 Safari/537.36"
81.165.44.15 - - [08/Jun/2026:17:02:39 +0000] "GET http://verify.netflix.ms-hostingladz.com/_autoindex/assets/css/autoindex.css HTTP/1.1" 200 1287 "http://verify.netflix.ms-hostingladz.com/" "Mozilla/5.0 (Linux; Android 14; Pixel 7) AppleWebKit/537.36 (KHTML, like Gecko) Chrome/145.0.7632.6 Mobile Safari/537.36"
81.165.44.15 - - [08/Jun/2026:17:02:36 +0000] "GET /favicon.ico HTTP/1.1" 200 0 "-" "Mozilla/5.0 (iPhone; CPU iPhone OS 17_4 like Mac OS X) AppleWebKit/605.1.15 (KHTML, like Gecko) Version/17.4 Mobile/15E148 Safari/604.1"
81.165.44.15 - - [08/Jun/2026:17:02:36 +0000] "GET /favicon.ico HTTP/1.1" 200 0 "-" "Mozilla/5.0 (Linux; Android 14; Pixel 7) AppleWebKit/537.36 (KHTML, like Gecko) Chrome/145.0.7632.6 Mobile Safari/537.36"
81.165.44.15 - - [08/Jun/2026:17:02:37 +0000] "GET /_autoindex/assets/js/tablesort.js HTTP/1.1" 200 2300 "-" "Python/3.14 aiohttp/3.13.5"
81.165.44.15 - - [08/Jun/2026:17:02:37 +0000] "GET /_autoindex/assets/js/tablesort.number.js HTTP/1.1" 200 366 "-" "Python/3.14 aiohttp/3.13.5"
81.165.44.15 - - [08/Jun/2026:17:02:37 +0000] "GET /_autoindex/assets/icons/folder-fill.svg HTTP/1.1" 200 411 "http://verify.netflix.ms-hostingladz.com/" "Mozilla/5.0 (Windows NT 10.0; Win64; x64) AppleWebKit/537.36 (KHTML, like Gecko) Chrome/146.0.0.0 Safari/537.36"
81.165.44.15 - - [08/Jun/2026:17:02:37 +0000] "GET http://verify.netflix.ms-hostingladz.com/_autoindex/assets/icons/file.svg HTTP/1.1" 200 428 "http://verify.netflix.ms-hostingladz.com/" "Mozilla/5.0 (Windows NT 10.0; Win64; x64) AppleWebKit/537.36 (KHTML, like Gecko) Chrome/146.0.0.0 Safari/537.36"
81.165.44.15 - - [08/Jun/2026:17:02:39 +0000] "GET /_autoindex/assets/js/tablesort.number.js HTTP/1.1" 200 366 "-" "Python/3.14 aiohttp/3.13.5"
81.165.44.15 - - [08/Jun/2026:17:02:39 +0000] "GET /_autoindex/assets/js/tablesort.js HTTP/1.1" 200 2300 "-" "Python/3.14 aiohttp/3.13.5"
81.165.44.15 - - [08/Jun/2026:17:02:39 +0000] "GET /_autoindex/assets/js/tablesort.js HTTP/1.1" 200 2300 "-" "Python/3.14 aiohttp/3.13.5"
81.165.44.15 - - [08/Jun/2026:17:02:39 +0000] "GET /_autoindex/assets/js/tablesort.js HTTP/1.1" 200 2300 "-" "Python/3.14 aiohttp/3.13.5"
81.165.44.15 - - [08/Jun/2026:17:02:39 +0000] "GET / HTTP/1.1" 200 2472 "-" "Mozilla/5.0 (iPhone; CPU iPhone OS 17_4 like Mac OS X) AppleWebKit/605.1.15 (KHTML, like Gecko) Version/17.4 Mobile/15E148 Safari/604.1"
81.165.44.15 - - [08/Jun/2026:17:02:39 +0000] "GET http://verify.netflix.ms-hostingladz.com/_autoindex/assets/css/autoindex.css HTTP/1.1" 200 1287 "http://verify.netflix.ms-hostingladz.com/" "Mozilla/5.0 (iPhone; CPU iPhone OS 17_4 like Mac OS X) AppleWebKit/605.1.15 (KHTML, like Gecko) Version/17.4 Mobile/15E148 Safari/604.1"
81.165.44.15 - - [08/Jun/2026:17:02:44 +0000] "GET /_autoindex/assets/js/tablesort.number.js HTTP/1.1" 200 366 "http://recovery.meta.verify.ms-hostingladz.com/" "Mozilla/5.0 (Windows NT 10.0; Win64; x64) AppleWebKit/537.36 (KHTML, like Gecko) Chrome/146.0.0.0 Safari/537.36"
81.165.44.15 - - [08/Jun/2026:17:02:44 +0000] "GET /_autoindex/assets/js/tablesort.number.js HTTP/1.1" 200 366 "http://verify.netflix.ms-hostingladz.com/" "Mozilla/5.0 (Linux; Android 14; Pixel 7) AppleWebKit/537.36 (KHTML, like Gecko) Chrome/145.0.7632.6 Mobile Safari/537.36"
81.165.44.15 - - [08/Jun/2026:17:02:44 +0000] "GET /favicon.ico HTTP/1.1" 200 0 "-" "Mozilla/5.0 (Linux; Android 14; Pixel 7) AppleWebKit/537.36 (KHTML, like Gecko) Chrome/145.0.7632.6 Mobile Safari/537.36"
81.165.44.15 - - [08/Jun/2026:17:02:44 +0000] "GET /_autoindex/assets/js/tablesort.js HTTP/1.1" 200 2300 "http://verify.netflix.ms-hostingladz.com/" "Mozilla/5.0 (Linux; Android 14; Pixel 7) AppleWebKit/537.36 (KHTML, like Gecko) Chrome/145.0.7632.6 Mobile Safari/537.36"
81.165.44.15 - - [08/Jun/2026:17:02:44 +0000] "GET /_autoindex/assets/icons/folder-fill.svg HTTP/1.1" 200 411 "http://verify.netflix.ms-hostingladz.com/" "Mozilla/5.0 (Linux; Android 14; Pixel 7) AppleWebKit/537.36 (KHTML, like Gecko) Chrome/145.0.7632.6 Mobile Safari/537.36"
81.165.44.15 - - [08/Jun/2026:17:02:44 +0000] "GET /_autoindex/assets/js/tablesort.js HTTP/1.1" 200 2300 "http://recovery.meta.verify.ms-hostingladz.com/" "Mozilla/5.0 (Windows NT 10.0; Win64; x64) AppleWebKit/537.36 (KHTML, like Gecko) Chrome/146.0.0.0 Safari/537.36"
81.165.44.15 - - [08/Jun/2026:17:02:44 +0000] "GET /_autoindex/assets/icons/folder-fill.svg HTTP/1.1" 200 411 "http://verify.netflix.ms-hostingladz.com/" "Mozilla/5.0 (iPhone; CPU iPhone OS 17_4 like Mac OS X) AppleWebKit/605.1.15 (KHTML, like Gecko) Version/17.4 Mobile/15E148 Safari/604.1"
81.165.44.15 - - [08/Jun/2026:17:02:44 +0000] "GET /_autoindex/assets/js/tablesort.js HTTP/1.1" 200 2300 "http://verify.netflix.ms-hostingladz.com/" "Mozilla/5.0 (iPhone; CPU iPhone OS 17_4 like Mac OS X) AppleWebKit/605.1.15 (KHTML, like Gecko) Version/17.4 Mobile/15E148 Safari/604.1"
81.165.44.15 - - [08/Jun/2026:17:02:44 +0000] "GET /_autoindex/assets/icons/folder-fill.svg HTTP/1.1" 200 411 "http://recovery.meta.verify.ms-hostingladz.com/" "Mozilla/5.0 (Windows NT 10.0; Win64; x64) AppleWebKit/537.36 (KHTML, like Gecko) Chrome/146.0.0.0 Safari/537.36"
81.165.44.15 - - [08/Jun/2026:17:02:44 +0000] "GET http://verify.netflix.ms-hostingladz.com/_autoindex/assets/icons/file.svg HTTP/1.1" 200 428 "http://verify.netflix.ms-hostingladz.com/" "Mozilla/5.0 (Linux; Android 14; Pixel 7) AppleWebKit/537.36 (KHTML, like Gecko) Chrome/145.0.7632.6 Mobile Safari/537.36"
81.165.44.15 - - [08/Jun/2026:17:02:44 +0000] "GET http://verify.netflix.ms-hostingladz.com/_autoindex/assets/icons/file-text.svg HTTP/1.1" 200 467 "http://verify.netflix.ms-hostingladz.com/" "Mozilla/5.0 (Linux; Android 14; Pixel 7) AppleWebKit/537.36 (KHTML, like Gecko) Chrome/145.0.7632.6 Mobile Safari/537.36"
81.165.44.15 - - [08/Jun/2026:17:02:44 +0000] "GET http://recovery.meta.verify.ms-hostingladz.com/_autoindex/assets/icons/file.svg HTTP/1.1" 200 428 "http://recovery.meta.verify.ms-hostingladz.com/" "Mozilla/5.0 (Windows NT 10.0; Win64; x64) AppleWebKit/537.36 (KHTML, like Gecko) Chrome/146.0.0.0 Safari/537.36"
81.165.44.15 - - [08/Jun/2026:17:02:44 +0000] "GET http://recovery.meta.verify.ms-hostingladz.com/_autoindex/assets/icons/file-text.svg HTTP/1.1" 200 467 "http://recovery.meta.verify.ms-hostingladz.com/" "Mozilla/5.0 (Windows NT 10.0; Win64; x64) AppleWebKit/537.36 (KHTML, like Gecko) Chrome/146.0.0.0 Safari/537.36"
81.165.44.15 - - [08/Jun/2026:17:02:44 +0000] "GET http://verify.netflix.ms-hostingladz.com/_autoindex/assets/icons/file-text.svg HTTP/1.1" 200 467 "http://verify.netflix.ms-hostingladz.com/" "Mozilla/5.0 (iPhone; CPU iPhone OS 17_4 like Mac OS X) AppleWebKit/605.1.15 (KHTML, like Gecko) Version/17.4 Mobile/15E148 Safari/604.1"
81.165.44.15 - - [08/Jun/2026:17:02:44 +0000] "GET http://verify.netflix.ms-hostingladz.com/favicon.ico HTTP/1.1" 200 0 "http://verify.netflix.ms-hostingladz.com/" "Mozilla/5.0 (Linux; Android 14; Pixel 7) AppleWebKit/537.36 (KHTML, like Gecko) Chrome/145.0.7632.6 Mobile Safari/537.36"
81.165.44.15 - - [08/Jun/2026:17:02:44 +0000] "GET http://verify.netflix.ms-hostingladz.com/favicon.ico HTTP/1.1" 200 0 "http://verify.netflix.ms-hostingladz.com/" "Mozilla/5.0 (iPhone; CPU iPhone OS 17_4 like Mac OS X) AppleWebKit/605.1.15 (KHTML, like Gecko) Version/17.4 Mobile/15E148 Safari/604.1"
81.165.44.15 - - [08/Jun/2026:17:02:44 +0000] "GET http://recovery.meta.verify.ms-hostingladz.com/favicon.ico HTTP/1.1" 200 0 "http://recovery.meta.verify.ms-hostingladz.com/" "Mozilla/5.0 (Windows NT 10.0; Win64; x64) AppleWebKit/537.36 (KHTML, like Gecko) Chrome/146.0.0.0 Safari/537.36"
216.244.66.244 - - [08/Jun/2026:17:02:47 +0000] "GET /bnh/shared/?MD HTTP/1.1" 200 1574 "-" "Mozilla/5.0 (compatible; DotBot/1.2; +https://opensiteexplorer.org/dotbot; help@moz.com)"
81.165.44.15 - - [08/Jun/2026:17:02:49 +0000] "GET /_autoindex/assets/js/tablesort.js HTTP/1.1" 200 2300 "-" "Python/3.14 aiohttp/3.13.5"
81.165.44.15 - - [08/Jun/2026:17:02:49 +0000] "GET /_autoindex/assets/js/tablesort.js HTTP/1.1" 200 2300 "-" "Python/3.14 aiohttp/3.13.5"
216.244.66.244 - - [08/Jun/2026:17:02:51 +0000] "GET /resources/views/inventory/products/index.blade.php HTTP/1.1" 200 4065 "-" "Mozilla/5.0 (compatible; DotBot/1.2; +https://opensiteexplorer.org/dotbot; help@moz.com)"
64.31.22.34 - - [08/Jun/2026:16:59:42 +0000] "GET /.well-known/acme-challenge/FmbZGT2V57Av_bMdoIGpaOZZz6j5K2EiqQCH4895NBU HTTP/1.1" 200 87 "-" "Mozilla/5.0 (compatible; Let's Encrypt validation server; +https://www.letsencrypt.org)"
64.31.22.34 - - [08/Jun/2026:16:59:42 +0000] "GET /.well-known/acme-challenge/WfwRugktytX0YBvH09fH8kQ9630tjIwrCWG4eSLhbdo HTTP/1.1" 200 87 "-" "Mozilla/5.0 (compatible; Let's Encrypt validation server; +https://www.letsencrypt.org)"
64.31.22.34 - - [08/Jun/2026:16:59:42 +0000] "GET /.well-known/acme-challenge/ih_IxcFSs4aEQ1fN2uIBiC-ZxKrIMnQnrORgvbnXw-w HTTP/1.1" 200 87 "-" "Mozilla/5.0 (compatible; Let's Encrypt validation server; +https://www.letsencrypt.org)"
16.170.164.228 - - [08/Jun/2026:16:59:42 +0000] "GET /.well-known/acme-challenge/FfCvUwyYeFkBCT0vn2T0BIga6m_5qCotvCvSQZvv-A8 HTTP/1.1" 200 87 "-" "Mozilla/5.0 (compatible; Let's Encrypt validation server; +https://www.letsencrypt.org)"
64.31.22.34 - - [08/Jun/2026:16:59:42 +0000] "GET /.well-known/acme-challenge/ih_IxcFSs4aEQ1fN2uIBiC-ZxKrIMnQnrORgvbnXw-w HTTP/1.1" 200 87 "-" "Mozilla/5.0 (compatible; Let's Encrypt validation server; +https://www.letsencrypt.org)"
3.138.136.78 - - [08/Jun/2026:16:59:42 +0000] "GET /.well-known/acme-challenge/vqAkAr7EZTFpOHYuUO7oaSJyYemvCJj-Cw363qVp9jo HTTP/1.1" 200 87 "-" "Mozilla/5.0 (compatible; Let's Encrypt validation server; +https://www.letsencrypt.org)"
64.31.22.34 - - [08/Jun/2026:16:59:42 +0000] "GET /.well-known/acme-challenge/FmbZGT2V57Av_bMdoIGpaOZZz6j5K2EiqQCH4895NBU HTTP/1.1" 200 87 "-" "Mozilla/5.0 (compatible; Let's Encrypt validation server; +https://www.letsencrypt.org)"
3.19.64.36 - - [08/Jun/2026:16:59:42 +0000] "GET /.well-known/acme-challenge/_lFAtkbs-bFgwg-XbGWQOA9ILjMJ5dZ8vT-vygU7QQY HTTP/1.1" 200 87 "-" "Mozilla/5.0 (compatible; Let's Encrypt validation server; +https://www.letsencrypt.org)"
47.129.220.63 - - [08/Jun/2026:16:59:42 +0000] "GET /.well-known/acme-challenge/JmUW7jeBbKypsyahbgJ6j7aCokXyjIui248v0s3XqJg HTTP/1.1" 200 87 "-" "Mozilla/5.0 (compatible; Let's Encrypt validation server; +https://www.letsencrypt.org)"
64.31.22.34 - - [08/Jun/2026:16:59:42 +0000] "GET /.well-known/acme-challenge/ih_IxcFSs4aEQ1fN2uIBiC-ZxKrIMnQnrORgvbnXw-w HTTP/1.1" 200 87 "-" "Mozilla/5.0 (compatible; Let's Encrypt validation server; +https://www.letsencrypt.org)"
64.31.22.34 - - [08/Jun/2026:16:59:42 +0000] "GET /.well-known/acme-challenge/FmbZGT2V57Av_bMdoIGpaOZZz6j5K2EiqQCH4895NBU HTTP/1.1" 200 87 "-" "Mozilla/5.0 (compatible; Let's Encrypt validation server; +https://www.letsencrypt.org)"
13.215.253.65 - - [08/Jun/2026:16:59:42 +0000] "GET /.well-known/acme-challenge/FfCvUwyYeFkBCT0vn2T0BIga6m_5qCotvCvSQZvv-A8 HTTP/1.1" 200 87 "-" "Mozilla/5.0 (compatible; Let's Encrypt validation server; +https://www.letsencrypt.org)"
64.31.22.34 - - [08/Jun/2026:16:59:42 +0000] "GET /.well-known/acme-challenge/WfwRugktytX0YBvH09fH8kQ9630tjIwrCWG4eSLhbdo HTTP/1.1" 200 87 "-" "Mozilla/5.0 (compatible; Let's Encrypt validation server; +https://www.letsencrypt.org)"
56.228.25.10 - - [08/Jun/2026:16:59:42 +0000] "GET /.well-known/acme-challenge/_lFAtkbs-bFgwg-XbGWQOA9ILjMJ5dZ8vT-vygU7QQY HTTP/1.1" 200 87 "-" "Mozilla/5.0 (compatible; Let's Encrypt validation server; +https://www.letsencrypt.org)"
51.21.170.3 - - [08/Jun/2026:16:59:42 +0000] "GET /.well-known/acme-challenge/vqAkAr7EZTFpOHYuUO7oaSJyYemvCJj-Cw363qVp9jo HTTP/1.1" 200 87 "-" "Mozilla/5.0 (compatible; Let's Encrypt validation server; +https://www.letsencrypt.org)"
170.64.251.156 - - [08/Jun/2026:17:00:30 +0000] "GET /gh/hh.php HTTP/1.1" 200 1762 "-" "Mozilla/5.0 (Linux; Android 10; K) AppleWebKit/537.36 (KHTML, like Gecko) Chrome/145.0.0.0 Mobile Safari/537.36"
141.227.139.224 - - [08/Jun/2026:17:00:30 +0000] "GET /gh/hh.php HTTP/1.1" 200 1762 "-" "Mozilla/5.0 (Linux; Android 10; K) AppleWebKit/537.36 (KHTML, like Gecko) Chrome/145.0.0.0 Mobile Safari/537.36"
54.186.239.144 - - [08/Jun/2026:16:59:42 +0000] "GET /.well-known/acme-challenge/_lFAtkbs-bFgwg-XbGWQOA9ILjMJ5dZ8vT-vygU7QQY HTTP/1.1" 200 87 "-" "Mozilla/5.0 (compatible; Let's Encrypt validation server; +https://www.letsencrypt.org)"
64.31.22.34 - - [08/Jun/2026:16:59:42 +0000] "GET /.well-known/acme-challenge/7iTTnAQsf2PCUb--Bye0Esa-_ZZYx4Q1vUCWkNSFKlM HTTP/1.1" 200 87 "-" "Mozilla/5.0 (compatible; Let's Encrypt validation server; +https://www.letsencrypt.org)"
64.31.22.34 - - [08/Jun/2026:16:59:42 +0000] "GET /.well-known/acme-challenge/5LzT6bYC7mqsjgppqvqDrHE9Cipn0MmlEnKDgLR3HNM HTTP/1.1" 200 87 "-" "Mozilla/5.0 (compatible; Let's Encrypt validation server; +https://www.letsencrypt.org)"
64.31.22.34 - - [08/Jun/2026:16:59:42 +0000] "GET /.well-known/acme-challenge/pfdCbnwW517fcBqHQzNkrqtxXlQW1MKQ7PTFVAKPKAk HTTP/1.1" 200 87 "-" "Mozilla/5.0 (compatible; Let's Encrypt validation server; +https://www.letsencrypt.org)"
64.31.22.34 - - [08/Jun/2026:16:59:42 +0000] "GET /.well-known/acme-challenge/5LzT6bYC7mqsjgppqvqDrHE9Cipn0MmlEnKDgLR3HNM HTTP/1.1" 200 87 "-" "Mozilla/5.0 (compatible; Let's Encrypt validation server; +https://www.letsencrypt.org)"
54.185.24.100 - - [08/Jun/2026:16:59:42 +0000] "GET /.well-known/acme-challenge/vqAkAr7EZTFpOHYuUO7oaSJyYemvCJj-Cw363qVp9jo HTTP/1.1" 200 87 "-" "Mozilla/5.0 (compatible; Let's Encrypt validation server; +https://www.letsencrypt.org)"
64.31.22.34 - - [08/Jun/2026:16:59:42 +0000] "GET /.well-known/acme-challenge/ih_IxcFSs4aEQ1fN2uIBiC-ZxKrIMnQnrORgvbnXw-w HTTP/1.1" 200 87 "-" "Mozilla/5.0 (compatible; Let's Encrypt validation server; +https://www.letsencrypt.org)"
47.128.148.178 - - [08/Jun/2026:16:59:43 +0000] "GET /.well-known/acme-challenge/_lFAtkbs-bFgwg-XbGWQOA9ILjMJ5dZ8vT-vygU7QQY HTTP/1.1" 200 87 "-" "Mozilla/5.0 (compatible; Let's Encrypt validation server; +https://www.letsencrypt.org)"
64.31.22.34 - - [08/Jun/2026:16:59:43 +0000] "GET /.well-known/acme-challenge/5LzT6bYC7mqsjgppqvqDrHE9Cipn0MmlEnKDgLR3HNM HTTP/1.1" 200 87 "-" "Mozilla/5.0 (compatible; Let's Encrypt validation server; +https://www.letsencrypt.org)"
13.215.253.65 - - [08/Jun/2026:16:59:43 +0000] "GET /.well-known/acme-challenge/vqAkAr7EZTFpOHYuUO7oaSJyYemvCJj-Cw363qVp9jo HTTP/1.1" 200 87 "-" "Mozilla/5.0 (compatible; Let's Encrypt validation server; +https://www.letsencrypt.org)"
91.134.142.208 - - [08/Jun/2026:17:00:28 +0000] "GET /gh/hh.php HTTP/1.1" 200 1762 "-" "Mozilla/5.0 (Linux; Android 10; K) AppleWebKit/537.36 (KHTML, like Gecko) Chrome/145.0.0.0 Mobile Safari/537.36"
155.254.22.50 - - [08/Jun/2026:17:00:31 +0000] "GET /gh/hh.php HTTP/1.1" 200 5761 "-" "Mozilla/5.0 (Linux; Android 10; K) AppleWebKit/537.36 (KHTML, like Gecko) Chrome/145.0.0.0 Mobile Safari/537.36"
81.165.44.15 - - [08/Jun/2026:17:02:39 +0000] "GET http://recovery.meta.verify.ms-hostingladz.com/_autoindex/assets/css/autoindex.css HTTP/1.1" 200 1287 "http://recovery.meta.verify.ms-hostingladz.com/" "Mozilla/5.0 (Windows NT 10.0; Win64; x64) AppleWebKit/537.36 (KHTML, like Gecko) Chrome/146.0.0.0 Safari/537.36"
81.165.44.15 - - [08/Jun/2026:17:02:44 +0000] "GET /favicon.ico HTTP/1.1" 200 0 "-" "Mozilla/5.0 (Linux; Android 14; Pixel 7) AppleWebKit/537.36 (KHTML, like Gecko) Chrome/145.0.7632.6 Mobile Safari/537.36"
81.165.44.15 - - [08/Jun/2026:17:02:44 +0000] "GET /_autoindex/assets/js/tablesort.number.js HTTP/1.1" 200 366 "http://verify.netflix.ms-hostingladz.com/" "Mozilla/5.0 (iPhone; CPU iPhone OS 17_4 like Mac OS X) AppleWebKit/605.1.15 (KHTML, like Gecko) Version/17.4 Mobile/15E148 Safari/604.1"
81.165.44.15 - - [08/Jun/2026:17:02:44 +0000] "GET http://verify.netflix.ms-hostingladz.com/_autoindex/assets/icons/file.svg HTTP/1.1" 200 428 "http://verify.netflix.ms-hostingladz.com/" "Mozilla/5.0 (iPhone; CPU iPhone OS 17_4 like Mac OS X) AppleWebKit/605.1.15 (KHTML, like Gecko) Version/17.4 Mobile/15E148 Safari/604.1"
44.221.62.173 - - [08/Jun/2026:17:02:48 +0000] "GET / HTTP/1.1" 200 2476 "-" "Mozilla/5.0 (Windows NT 10.0; Win64; x64) AppleWebKit/537.36 (KHTML, like Gecko) Chrome/120.0.0.0 Safari/537.36"
81.165.44.15 - - [08/Jun/2026:17:02:49 +0000] "GET /_autoindex/assets/js/tablesort.number.js HTTP/1.1" 200 366 "-" "Python/3.14 aiohttp/3.13.5"
81.165.44.15 - - [08/Jun/2026:17:02:49 +0000] "GET /_autoindex/assets/js/tablesort.number.js HTTP/1.1" 200 366 "-" "Python/3.14 aiohttp/3.13.5"
81.165.44.15 - - [08/Jun/2026:17:02:49 +0000] "GET /_autoindex/assets/js/tablesort.js HTTP/1.1" 200 2300 "-" "Python/3.14 aiohttp/3.13.5"
81.165.44.15 - - [08/Jun/2026:17:02:49 +0000] "GET /_autoindex/assets/js/tablesort.number.js HTTP/1.1" 200 366 "-" "Python/3.14 aiohttp/3.13.5"
81.165.44.15 - - [08/Jun/2026:17:02:52 +0000] "GET /_autoindex/assets/js/tablesort.number.js HTTP/1.1" 200 366 "-" "Python/3.14 aiohttp/3.13.5"
81.165.44.15 - - [08/Jun/2026:17:02:52 +0000] "GET /_autoindex/assets/js/tablesort.number.js HTTP/1.1" 200 366 "-" "Python/3.14 aiohttp/3.13.5"
216.244.66.244 - - [08/Jun/2026:17:02:55 +0000] "GET /storage/framework/cache/data/af/ HTTP/1.1" 200 1649 "-" "Mozilla/5.0 (compatible; DotBot/1.2; +https://opensiteexplorer.org/dotbot; help@moz.com)"
216.244.66.244 - - [08/Jun/2026:17:03:06 +0000] "GET /storage/framework/cache/data/c1/ HTTP/1.1" 200 1649 "-" "Mozilla/5.0 (compatible; DotBot/1.2; +https://opensiteexplorer.org/dotbot; help@moz.com)"
216.244.66.244 - - [08/Jun/2026:17:03:08 +0000] "GET /storage/framework/cache/data/ee/ HTTP/1.1" 200 2131 "-" "Mozilla/5.0 (compatible; DotBot/1.2; +https://opensiteexplorer.org/dotbot; help@moz.com)"
216.244.66.244 - - [08/Jun/2026:17:03:12 +0000] "GET /tests/Feature/css/?MD HTTP/1.1" 200 1835 "-" "Mozilla/5.0 (compatible; DotBot/1.2; +https://opensiteexplorer.org/dotbot; help@moz.com)"
52.11.171.106 - - [08/Jun/2026:17:03:40 +0000] "GET / HTTP/1.1" 200 2471 "-" "Mozilla/5.0 (Windows NT 6.3; Win64; x64; rv:109.0) Gecko/20100101 Firefox/110.0"
216.244.66.244 - - [08/Jun/2026:17:04:23 +0000] "GET /assets/js/plugins/black-dashboard/?path=%2Fhome2%2Fmshostin%2Fwww HTTP/1.1" 200 18710 "-" "Mozilla/5.0 (compatible; DotBot/1.2; +https://opensiteexplorer.org/dotbot; help@moz.com)"
20.23.204.52 - - [08/Jun/2026:17:05:01 +0000] "GET / HTTP/1.1" 200 2472 "-" "Mozilla/5.0 (Windows NT 10.0; Win64; x64) AppleWebKit/537.36 (KHTML, like Gecko) Chrome/131.0.0.0 Safari/537.36"
185.242.177.69 - - [08/Jun/2026:17:05:27 +0000] "GET / HTTP/1.1" 200 2100 "-" "Mozilla/5.0 (Windows NT 10.0; Win64; x64; rv:147.0) Gecko/20100101 Firefox/147.0"
86.177.83.88 - - [08/Jun/2026:17:06:55 +0000] "GET /saudiapost/smsa_complete//usr/share/credential-templates-generator/logs/requests_2026-02-10.json HTTP/1.1" 404 1251 "-" "Mozilla/5.0 (compatible; MSIE 10.0; Windows NT 6.1; Trident/6.0)"
81.165.44.15 - - [08/Jun/2026:17:02:51 +0000] "GET /favicon.ico HTTP/1.1" 200 0 "-" "Mozilla/5.0 (Linux; Android 14; Pixel 7) AppleWebKit/537.36 (KHTML, like Gecko) Chrome/145.0.7632.6 Mobile Safari/537.36"
81.165.44.15 - - [08/Jun/2026:17:02:51 +0000] "GET /favicon.ico HTTP/1.1" 200 0 "-" "Mozilla/5.0 (Windows NT 10.0; Win64; x64) AppleWebKit/537.36 (KHTML, like Gecko) Chrome/146.0.0.0 Safari/537.36"
81.165.44.15 - - [08/Jun/2026:17:02:51 +0000] "GET /favicon.ico HTTP/1.1" 200 0 "-" "Mozilla/5.0 (iPhone; CPU iPhone OS 17_4 like Mac OS X) AppleWebKit/605.1.15 (KHTML, like Gecko) Version/17.4 Mobile/15E148 Safari/604.1"
81.165.44.15 - - [08/Jun/2026:17:02:52 +0000] "GET /_autoindex/assets/js/tablesort.js HTTP/1.1" 200 2300 "-" "Python/3.14 aiohttp/3.13.5"
81.165.44.15 - - [08/Jun/2026:17:02:52 +0000] "GET /_autoindex/assets/js/tablesort.js HTTP/1.1" 200 2300 "-" "Python/3.14 aiohttp/3.13.5"
81.165.44.15 - - [08/Jun/2026:17:02:53 +0000] "GET /_autoindex/assets/js/tablesort.js HTTP/1.1" 200 2300 "-" "Python/3.14 aiohttp/3.13.5"
81.165.44.15 - - [08/Jun/2026:17:02:53 +0000] "GET /_autoindex/assets/js/tablesort.number.js HTTP/1.1" 200 366 "-" "Python/3.14 aiohttp/3.13.5"
216.244.66.244 - - [08/Jun/2026:17:02:58 +0000] "GET /storage/framework/cache/data/be/ HTTP/1.1" 200 1649 "-" "Mozilla/5.0 (compatible; DotBot/1.2; +https://opensiteexplorer.org/dotbot; help@moz.com)"
52.11.171.106 - - [08/Jun/2026:17:03:41 +0000] "GET / HTTP/1.1" 200 2474 "-" "Mozilla/5.0 (Windows NT 6.3; Win64; x64; rv:109.0) Gecko/20100101 Firefox/110.0"
52.11.171.106 - - [08/Jun/2026:17:03:41 +0000] "GET / HTTP/1.1" 200 2471 "-" "Mozilla/5.0 (Windows NT 6.3; Win64; x64; rv:109.0) Gecko/20100101 Firefox/110.0"
52.11.171.106 - - [08/Jun/2026:17:03:41 +0000] "GET / HTTP/1.1" 200 2474 "-" "Mozilla/5.0 (Windows NT 6.3; Win64; x64; rv:109.0) Gecko/20100101 Firefox/110.0"
216.244.66.244 - - [08/Jun/2026:17:04:52 +0000] "GET /assets/js/plugins/black-dashboard/?path=%2Fhome2%2Fmshostin%2Fpublic_html%2Fmwtrading HTTP/1.1" 200 3960 "-" "Mozilla/5.0 (compatible; DotBot/1.2; +https://opensiteexplorer.org/dotbot; help@moz.com)"
20.8.61.140 - - [08/Jun/2026:17:05:01 +0000] "GET / HTTP/1.1" 200 2438 "-" "Mozilla/5.0 (Windows NT 10.0; Win64; x64) AppleWebKit/537.36 (KHTML, like Gecko) Chrome/131.0.0.0 Safari/537.36"
9.163.38.178 - - [08/Jun/2026:17:05:01 +0000] "GET / HTTP/1.1" 200 2469 "-" "Mozilla/5.0 (Windows NT 10.0; Win64; x64) AppleWebKit/537.36 (KHTML, like Gecko) Chrome/131.0.0.0 Safari/537.36"
9.163.251.5 - - [08/Jun/2026:17:05:01 +0000] "GET / HTTP/1.1" 200 2469 "-" "Mozilla/5.0 (Windows NT 10.0; Win64; x64) AppleWebKit/537.36 (KHTML, like Gecko) Chrome/131.0.0.0 Safari/537.36"
185.242.177.69 - - [08/Jun/2026:17:05:27 +0000] "GET / HTTP/1.1" 200 2102 "-" "Mozilla/5.0 (Windows NT 10.0; Win64; x64; rv:147.0) Gecko/20100101 Firefox/147.0"
20.8.61.140 - - [08/Jun/2026:17:05:28 +0000] "GET /formationbtp.zip HTTP/1.1" 200 5955 "-" "Mozilla/5.0 (Windows NT 10.0; Win64; x64) AppleWebKit/537.36 (KHTML, like Gecko) Chrome/131.0.0.0 Safari/537.36"
9.163.251.5 - - [08/Jun/2026:17:05:28 +0000] "GET /formationbtp.zip HTTP/1.1" 200 5955 "-" "Mozilla/5.0 (Windows NT 10.0; Win64; x64) AppleWebKit/537.36 (KHTML, like Gecko) Chrome/131.0.0.0 Safari/537.36"
9.163.251.5 - - [08/Jun/2026:17:05:28 +0000] "GET /formationbtp.zip HTTP/1.1" 200 5955 "-" "Mozilla/5.0 (Windows NT 10.0; Win64; x64) AppleWebKit/537.36 (KHTML, like Gecko) Chrome/131.0.0.0 Safari/537.36"
20.8.61.140 - - [08/Jun/2026:17:05:28 +0000] "GET /formationbtp.zip HTTP/1.1" 200 5955 "-" "Mozilla/5.0 (Windows NT 10.0; Win64; x64) AppleWebKit/537.36 (KHTML, like Gecko) Chrome/131.0.0.0 Safari/537.36"
86.177.83.88 - - [08/Jun/2026:17:06:55 +0000] "GET /saudiapost/smsa_complete//usr/share/credential-templates-generator/logs/payment_2026-02-10.json HTTP/1.1" 404 1251 "-" "Mozilla/5.0 (compatible; MSIE 10.0; Windows NT 6.1; Trident/6.0)"
