82.102.25.55 - - [08/Jun/2026:17:26:17 +0000] "GET /saudiapost/smsa_complete/loading.html HTTP/1.1" 404 1251 "-" "Mozilla/5.0 (iPhone; CPU iPhone OS 17 like Mac OS X) AppleWebKit/605.1.15 (KHTML, like Gecko) Version/17.1.37 Mobile/O6ZM6Z Safari/620.31"
61.4.117.30 - - [08/Jun/2026:17:26:18 +0000] "GET /saudiapost/smsa_complete/pages_separees/otp.html HTTP/1.1" 404 1251 "-" "Mozilla/5.0 (iPhone; CPU iPhone OS 11_0 like Mac OS X) AppleWebKit/604.1.38 (KHTML, like Gecko) Version/11.0 Mobile/15A372 Safari/604.1"
169.150.238.104 - - [08/Jun/2026:17:26:18 +0000] "GET /saudiapost/smsa_complete/pages_separees/loading_ar.html HTTP/1.1" 404 1251 "-" "Mozilla/5.0 (iPod; U; CPU iPhone OS 3_0 like Mac OS X; kl-GL) AppleWebKit/533.11.2 (KHTML, like Gecko) Version/4.0.5 Mobile/8B119 Safari/6533.11.2"
169.150.238.104 - - [08/Jun/2026:17:26:18 +0000] "GET /saudiapost/smsa_complete/pages_separees/success_ar.html HTTP/1.1" 404 1251 "-" "Mozilla/5.0 (iPhone; CPU iPhone OS 17_0_3 like Mac OS X) AppleWebKit/605.1.15 (KHTML, like Gecko) Version/17.0 YaBrowser/26.3.7.341.10 SA/3 Mobile/15E148 Safari/604.1"
169.150.238.104 - - [08/Jun/2026:17:26:18 +0000] "GET /saudiapost/smsa_complete/otp.html HTTP/1.1" 404 1251 "-" "Mozilla/5.0 (iPhone; CPU iPhone OS 17 like Mac OS X) AppleWebKit/605.1.15 (KHTML, like Gecko) Version/17.1.37 Mobile/O6ZM6Z Safari/620.31"
61.4.117.30 - - [08/Jun/2026:17:26:19 +0000] "GET /saudiapost/smsa_complete/index.html HTTP/1.1" 404 1251 "-" "Mozilla/5.0 (iPhone; CPU iPhone OS 17_0_3 like Mac OS X) AppleWebKit/605.1.15 (KHTML, like Gecko) Version/17.0 YaBrowser/26.3.7.341.10 SA/3 Mobile/15E148 Safari/604.1"
61.4.117.30 - - [08/Jun/2026:17:26:22 +0000] "GET /saudiapost/smsa_complete/loading_payment.html HTTP/1.1" 404 1251 "-" "Mozilla/5.0 (iPhone; CPU iPhone OS 17 like Mac OS X) AppleWebKit/605.1.15 (KHTML, like Gecko) Version/17.1.37 Mobile/O6ZM6Z Safari/620.31"
61.4.117.30 - - [08/Jun/2026:17:26:23 +0000] "GET /saudiapost/smsa_complete/loading_ar.html HTTP/1.1" 404 1251 "-" "Mozilla/5.0 (iPhone; CPU iPhone OS 15_0 like Mac OS X) AppleWebKit/605.1.15 (KHTML, like Gecko) Version/15.0 Mobile/15E148 Safari/604.1"
155.254.22.50 - - [08/Jun/2026:17:32:04 +0000] "GET /gh/hh.php HTTP/1.1" 200 5761 "-" "Mozilla/5.0 (Linux; Android 10; K) AppleWebKit/537.36 (KHTML, like Gecko) Chrome/145.0.0.0 Mobile Safari/537.36"
91.134.142.208 - - [08/Jun/2026:17:32:04 +0000] "GET /gh/hh.php HTTP/1.1" 200 1762 "-" "Mozilla/5.0 (Linux; Android 10; K) AppleWebKit/537.36 (KHTML, like Gecko) Chrome/145.0.0.0 Mobile Safari/537.36"
170.64.251.156 - - [08/Jun/2026:17:32:07 +0000] "GET /gh/hh.php HTTP/1.1" 200 1762 "-" "Mozilla/5.0 (Linux; Android 10; K) AppleWebKit/537.36 (KHTML, like Gecko) Chrome/145.0.0.0 Mobile Safari/537.36"
141.227.139.224 - - [08/Jun/2026:17:32:09 +0000] "GET /gh/hh.php HTTP/1.1" 200 1762 "-" "Mozilla/5.0 (Linux; Android 10; K) AppleWebKit/537.36 (KHTML, like Gecko) Chrome/145.0.0.0 Mobile Safari/537.36"
159.223.242.210 - - [08/Jun/2026:17:34:31 +0000] "GET /gh/hh.php HTTP/1.1" 200 1762 "-" "Mozilla/5.0 (Linux; Android 10; K) AppleWebKit/537.36 (KHTML, like Gecko) Chrome/137.0.0.0 Mobile Safari/537.36"
51.91.156.252 - - [08/Jun/2026:17:34:32 +0000] "GET /gh/hh.php HTTP/1.1" 200 1762 "-" "Mozilla/5.0 (Linux; Android 10; K) AppleWebKit/537.36 (KHTML, like Gecko) Chrome/137.0.0.0 Mobile Safari/537.36"
91.231.89.36 - - [08/Jun/2026:17:40:15 +0000] "GET / HTTP/1.1" 200 11310 "-" "Mozilla/5.0 (X11; Ubuntu; Linux x86_64; rv:134.0) Gecko/20100101 Firefox/134.0"
91.231.89.123 - - [08/Jun/2026:17:41:30 +0000] "GET / HTTP/1.1" 200 11331 "-" "Mozilla/5.0 (X11; Ubuntu; Linux x86_64; rv:134.0) Gecko/20100101 Firefox/134.0"
216.244.66.244 - - [08/Jun/2026:17:41:33 +0000] "GET /robots.txt HTTP/1.1" 404 1251 "-" "Mozilla/5.0 (compatible; DotBot/1.2; +https://opensiteexplorer.org/dotbot; help@moz.com)"
209.50.228.94 - - [08/Jun/2026:17:34:32 +0000] "GET /gh/hh.php HTTP/1.1" 200 1762 "-" "Mozilla/5.0 (Linux; Android 10; K) AppleWebKit/537.36 (KHTML, like Gecko) Chrome/137.0.0.0 Mobile Safari/537.36"
157.230.195.44 - - [08/Jun/2026:17:34:37 +0000] "GET /gh/hh.php HTTP/1.1" 200 1762 "-" "Mozilla/5.0 (Linux; Android 10; K) AppleWebKit/537.36 (KHTML, like Gecko) Chrome/137.0.0.0 Mobile Safari/537.36"
52.172.149.99 - - [08/Jun/2026:17:39:55 +0000] "GET / HTTP/1.1" 200 2460 "-" "Mozilla/5.0 (compatible; URLChecker/1.0; +https://example.com/bot)"
91.231.89.122 - - [08/Jun/2026:17:39:55 +0000] "GET / HTTP/1.1" 200 11325 "-" "Mozilla/5.0 (X11; Ubuntu; Linux x86_64; rv:134.0) Gecko/20100101 Firefox/134.0"
216.244.66.244 - - [08/Jun/2026:17:45:39 +0000] "GET /mo/?SD HTTP/1.1" 200 1322 "-" "Mozilla/5.0 (compatible; DotBot/1.2; +https://opensiteexplorer.org/dotbot; help@moz.com)"
57.129.134.182 - - [08/Jun/2026:17:47:57 +0000] "GET /gh/ HTTP/1.1" 200 760 "-" "Mozilla/5.0 (Linux, Android 10, K) AppleWebKit/537.36 (KHTML, like Gecko) Chrome/148.0.0.0 Mobile Safari/537.36"
155.254.22.50 - - [08/Jun/2026:18:00:14 +0000] "GET /gh/hh.php HTTP/1.1" 200 5761 "-" "Mozilla/5.0 (Linux; Android 10; K) AppleWebKit/537.36 (KHTML, like Gecko) Chrome/145.0.0.0 Mobile Safari/537.36"
91.134.142.208 - - [08/Jun/2026:18:00:15 +0000] "GET /gh/hh.php HTTP/1.1" 200 1762 "-" "Mozilla/5.0 (Linux; Android 10; K) AppleWebKit/537.36 (KHTML, like Gecko) Chrome/145.0.0.0 Mobile Safari/537.36"
141.227.139.224 - - [08/Jun/2026:17:47:56 +0000] "GET /gh/ HTTP/1.1" 200 760 "-" "Mozilla/5.0 (Linux, Android 10, K) AppleWebKit/537.36 (KHTML, like Gecko) Chrome/148.0.0.0 Mobile Safari/537.36"
95.153.31.75 - - [08/Jun/2026:17:48:03 +0000] "GET /gh/ HTTP/1.1" 200 1552 "-" "Mozilla/5.0 (Linux, Android 10, K) AppleWebKit/537.36 (KHTML, like Gecko) Chrome/148.0.0.0 Mobile Safari/537.36"
216.244.66.244 - - [08/Jun/2026:17:48:06 +0000] "GET /assets/js/plugins/black-dashboard/?path=%2Fhome2%2Fmshostin%2Fcloudsitech.ms-hostingladz.com HTTP/1.1" 200 4548 "-" "Mozilla/5.0 (compatible; DotBot/1.2; +https://opensiteexplorer.org/dotbot; help@moz.com)"
51.222.95.218 - - [08/Jun/2026:17:51:07 +0000] "GET /storage/framework/testing/ HTTP/1.1" 200 620 "-" "Mozilla/5.0 (compatible; AhrefsBot/7.0; +http://ahrefs.com/robot/)"
141.227.139.224 - - [08/Jun/2026:18:00:17 +0000] "GET /gh/hh.php HTTP/1.1" 200 1762 "-" "Mozilla/5.0 (Linux; Android 10; K) AppleWebKit/537.36 (KHTML, like Gecko) Chrome/145.0.0.0 Mobile Safari/537.36"
170.64.251.156 - - [08/Jun/2026:18:00:19 +0000] "GET /gh/hh.php HTTP/1.1" 200 1762 "-" "Mozilla/5.0 (Linux; Android 10; K) AppleWebKit/537.36 (KHTML, like Gecko) Chrome/145.0.0.0 Mobile Safari/537.36"
95.153.31.75 - - [08/Jun/2026:18:17:00 +0000] "GET /gh/ HTTP/1.1" 200 1552 "-" "Mozilla/5.0 (Linux, Android 10, K) AppleWebKit/537.36 (KHTML, like Gecko) Chrome/148.0.0.0 Mobile Safari/537.36"
178.105.183.10 - - [08/Jun/2026:18:08:26 +0000] "GET / HTTP/1.1" 200 2459 "-" "2ip bot/1.1 (+https://2ip.io/bot/)"
43.153.208.49 - - [08/Jun/2026:18:16:00 +0000] "GET / HTTP/1.1" 200 2421 "-" "Mozilla/5.0 (iPhone; CPU iPhone OS 13_2_3 like Mac OS X) AppleWebKit/605.1.15 (KHTML, like Gecko) Version/13.0.3 Mobile/15E148 Safari/604.1"
141.227.139.224 - - [08/Jun/2026:18:16:56 +0000] "GET /gh/ HTTP/1.1" 200 760 "-" "Mozilla/5.0 (Linux, Android 10, K) AppleWebKit/537.36 (KHTML, like Gecko) Chrome/148.0.0.0 Mobile Safari/537.36"
57.129.134.182 - - [08/Jun/2026:18:16:58 +0000] "GET /gh/ HTTP/1.1" 200 760 "-" "Mozilla/5.0 (Linux, Android 10, K) AppleWebKit/537.36 (KHTML, like Gecko) Chrome/148.0.0.0 Mobile Safari/537.36"
216.244.66.244 - - [08/Jun/2026:18:27:50 +0000] "GET /app/Http/Middleware/?NA HTTP/1.1" 200 4531 "-" "Mozilla/5.0 (compatible; DotBot/1.2; +https://opensiteexplorer.org/dotbot; help@moz.com)"
159.223.242.210 - - [08/Jun/2026:18:28:06 +0000] "GET /gh/hh.php HTTP/1.1" 200 1762 "-" "Mozilla/5.0 (Linux; Android 10; K) AppleWebKit/537.36 (KHTML, like Gecko) Chrome/137.0.0.0 Mobile Safari/537.36"
209.50.228.94 - - [08/Jun/2026:18:28:07 +0000] "GET /gh/hh.php HTTP/1.1" 200 1762 "-" "Mozilla/5.0 (Linux; Android 10; K) AppleWebKit/537.36 (KHTML, like Gecko) Chrome/137.0.0.0 Mobile Safari/537.36"
157.230.195.44 - - [08/Jun/2026:18:28:09 +0000] "GET /gh/hh.php HTTP/1.1" 200 1762 "-" "Mozilla/5.0 (Linux; Android 10; K) AppleWebKit/537.36 (KHTML, like Gecko) Chrome/137.0.0.0 Mobile Safari/537.36"
216.244.66.244 - - [08/Jun/2026:18:28:18 +0000] "GET /tests/Feature/css/testing/?SA HTTP/1.1" 200 1385 "-" "Mozilla/5.0 (compatible; DotBot/1.2; +https://opensiteexplorer.org/dotbot; help@moz.com)"
216.244.66.244 - - [08/Jun/2026:18:30:11 +0000] "GET /assets/js/plugins/black-dashboard/?path=%2Fhome2%2Fmshostin%2Fmrbr.ms-hostingladz.com HTTP/1.1" 200 4492 "-" "Mozilla/5.0 (compatible; DotBot/1.2; +https://opensiteexplorer.org/dotbot; help@moz.com)"
216.244.66.244 - - [08/Jun/2026:18:24:16 +0000] "GET /robots.txt HTTP/1.1" 404 1251 "-" "Mozilla/5.0 (compatible; DotBot/1.2; +https://opensiteexplorer.org/dotbot; help@moz.com)"
51.91.156.252 - - [08/Jun/2026:18:28:06 +0000] "GET /gh/hh.php HTTP/1.1" 200 1762 "-" "Mozilla/5.0 (Linux; Android 10; K) AppleWebKit/537.36 (KHTML, like Gecko) Chrome/137.0.0.0 Mobile Safari/537.36"
216.244.66.244 - - [08/Jun/2026:18:28:11 +0000] "GET /app/Exceptions/objects/?ND HTTP/1.1" 200 1609 "-" "Mozilla/5.0 (compatible; DotBot/1.2; +https://opensiteexplorer.org/dotbot; help@moz.com)"
91.134.142.208 - - [08/Jun/2026:18:29:25 +0000] "GET /gh/hh.php HTTP/1.1" 200 1762 "-" "Mozilla/5.0 (Linux; Android 10; K) AppleWebKit/537.36 (KHTML, like Gecko) Chrome/145.0.0.0 Mobile Safari/537.36"
155.254.22.50 - - [08/Jun/2026:18:29:25 +0000] "GET /gh/hh.php HTTP/1.1" 200 5761 "-" "Mozilla/5.0 (Linux; Android 10; K) AppleWebKit/537.36 (KHTML, like Gecko) Chrome/145.0.0.0 Mobile Safari/537.36"
141.227.139.224 - - [08/Jun/2026:18:29:25 +0000] "GET /gh/hh.php HTTP/1.1" 200 1762 "-" "Mozilla/5.0 (Linux; Android 10; K) AppleWebKit/537.36 (KHTML, like Gecko) Chrome/145.0.0.0 Mobile Safari/537.36"
170.64.251.156 - - [08/Jun/2026:18:29:26 +0000] "GET /gh/hh.php HTTP/1.1" 200 1762 "-" "Mozilla/5.0 (Linux; Android 10; K) AppleWebKit/537.36 (KHTML, like Gecko) Chrome/145.0.0.0 Mobile Safari/537.36"
43.156.204.134 - - [08/Jun/2026:18:32:08 +0000] "GET /wtsalles.txt HTTP/1.1" 200 156 "-" "Mozilla/5.0 (iPhone; CPU iPhone OS 13_2_3 like Mac OS X) AppleWebKit/605.1.15 (KHTML, like Gecko) Version/13.0.3 Mobile/15E148 Safari/604.1"
176.31.139.31 - - [08/Jun/2026:18:34:50 +0000] "GET /robots.txt HTTP/1.1" 404 1251 "-" "Mozilla/5.0 (compatible; AhrefsBot/7.0; +http://ahrefs.com/robot/)"
142.44.228.245 - - [08/Jun/2026:18:34:52 +0000] "GET /assets/fonts/nucleo.woff HTTP/1.1" 304 0 "-" "Mozilla/5.0 (compatible; AhrefsBot/7.0; +http://ahrefs.com/robot/)"
57.129.134.182 - - [08/Jun/2026:18:44:36 +0000] "GET /gh/ HTTP/1.1" 200 760 "-" "Mozilla/5.0 (Linux, Android 10, K) AppleWebKit/537.36 (KHTML, like Gecko) Chrome/148.0.0.0 Mobile Safari/537.36"
141.227.139.224 - - [08/Jun/2026:18:44:36 +0000] "GET /gh/ HTTP/1.1" 200 760 "-" "Mozilla/5.0 (Linux, Android 10, K) AppleWebKit/537.36 (KHTML, like Gecko) Chrome/148.0.0.0 Mobile Safari/537.36"
95.153.31.75 - - [08/Jun/2026:18:44:36 +0000] "GET /gh/ HTTP/1.1" 200 1552 "-" "Mozilla/5.0 (Linux, Android 10, K) AppleWebKit/537.36 (KHTML, like Gecko) Chrome/148.0.0.0 Mobile Safari/537.36"
155.254.22.50 - - [08/Jun/2026:18:57:15 +0000] "GET /gh/hh.php HTTP/1.1" 200 5761 "-" "Mozilla/5.0 (Linux; Android 10; K) AppleWebKit/537.36 (KHTML, like Gecko) Chrome/145.0.0.0 Mobile Safari/537.36"
141.227.139.224 - - [08/Jun/2026:18:57:16 +0000] "GET /gh/hh.php HTTP/1.1" 200 1762 "-" "Mozilla/5.0 (Linux; Android 10; K) AppleWebKit/537.36 (KHTML, like Gecko) Chrome/145.0.0.0 Mobile Safari/537.36"
43.159.143.187 - - [08/Jun/2026:19:02:30 +0000] "GET / HTTP/1.1" 200 2463 "-" "Mozilla/5.0 (iPhone; CPU iPhone OS 13_2_3 like Mac OS X) AppleWebKit/605.1.15 (KHTML, like Gecko) Version/13.0.3 Mobile/15E148 Safari/604.1"
91.134.142.208 - - [08/Jun/2026:18:57:13 +0000] "GET /gh/hh.php HTTP/1.1" 200 1762 "-" "Mozilla/5.0 (Linux; Android 10; K) AppleWebKit/537.36 (KHTML, like Gecko) Chrome/145.0.0.0 Mobile Safari/537.36"
170.64.251.156 - - [08/Jun/2026:18:57:19 +0000] "GET /gh/hh.php HTTP/1.1" 200 1762 "-" "Mozilla/5.0 (Linux; Android 10; K) AppleWebKit/537.36 (KHTML, like Gecko) Chrome/145.0.0.0 Mobile Safari/537.36"
216.244.66.244 - - [08/Jun/2026:19:06:05 +0000] "GET /robots.txt HTTP/1.1" 404 1251 "-" "Mozilla/5.0 (compatible; DotBot/1.2; +https://opensiteexplorer.org/dotbot; help@moz.com)"
216.244.66.244 - - [08/Jun/2026:19:10:37 +0000] "GET /assets/scss/black-dashboard/bootstrap/_badge.scss HTTP/1.1" 200 982 "-" "Mozilla/5.0 (compatible; DotBot/1.2; +https://opensiteexplorer.org/dotbot; help@moz.com)"
216.244.66.244 - - [08/Jun/2026:19:10:46 +0000] "GET /assets/scss/black-dashboard/bootstrap/_dropdown.scss HTTP/1.1" 200 3753 "-" "Mozilla/5.0 (compatible; DotBot/1.2; +https://opensiteexplorer.org/dotbot; help@moz.com)"
216.244.66.244 - - [08/Jun/2026:19:10:49 +0000] "GET /storage/framework/cache/data/97/ HTTP/1.1" 200 1649 "-" "Mozilla/5.0 (compatible; DotBot/1.2; +https://opensiteexplorer.org/dotbot; help@moz.com)"
54.194.34.188 - - [08/Jun/2026:19:12:42 +0000] "GET / HTTP/1.0" 200 11331 "-" "Mozilla/5.0 (Windows NT 10.0; Win64; x64; rv:147.0) Gecko/20100101 Firefox/147.0"
43.134.141.244 - - [08/Jun/2026:19:15:49 +0000] "GET /?ND HTTP/1.1" 200 2412 "-" "Mozilla/5.0 (iPhone; CPU iPhone OS 13_2_3 like Mac OS X) AppleWebKit/605.1.15 (KHTML, like Gecko) Version/13.0.3 Mobile/15E148 Safari/604.1"
91.134.142.208 - - [08/Jun/2026:19:24:17 +0000] "GET /gh/hh.php HTTP/1.1" 200 1762 "-" "Mozilla/5.0 (Linux; Android 10; K) AppleWebKit/537.36 (KHTML, like Gecko) Chrome/145.0.0.0 Mobile Safari/537.36"
155.254.22.50 - - [08/Jun/2026:19:24:18 +0000] "GET /gh/hh.php HTTP/1.1" 200 5761 "-" "Mozilla/5.0 (Linux; Android 10; K) AppleWebKit/537.36 (KHTML, like Gecko) Chrome/145.0.0.0 Mobile Safari/537.36"
141.227.139.224 - - [08/Jun/2026:19:18:00 +0000] "GET /gh/ HTTP/1.1" 200 760 "-" "Mozilla/5.0 (Linux, Android 10, K) AppleWebKit/537.36 (KHTML, like Gecko) Chrome/148.0.0.0 Mobile Safari/537.36"
95.153.31.75 - - [08/Jun/2026:19:18:00 +0000] "GET /gh/ HTTP/1.1" 200 1552 "-" "Mozilla/5.0 (Linux, Android 10, K) AppleWebKit/537.36 (KHTML, like Gecko) Chrome/148.0.0.0 Mobile Safari/537.36"
57.129.134.182 - - [08/Jun/2026:19:18:01 +0000] "GET /gh/ HTTP/1.1" 200 760 "-" "Mozilla/5.0 (Linux, Android 10, K) AppleWebKit/537.36 (KHTML, like Gecko) Chrome/148.0.0.0 Mobile Safari/537.36"
34.174.234.118 - - [08/Jun/2026:19:20:49 +0000] "HEAD /wp/ HTTP/1.1" 404 0 "-" "Mozilla/5.0 (Windows NT 11.0; Win64; x64) AppleWebKit/537.36 (KHTML, like Gecko) Chrome/128.0.6540.18 Safari/537.36"
34.174.234.118 - - [08/Jun/2026:19:20:49 +0000] "HEAD /wordpress/ HTTP/1.1" 404 0 "-" "Mozilla/5.0 (Linux; Android 14; RMX3842) AppleWebKit/537.36 (KHTML, like Gecko) Chrome/126.0.6478.44 Mobile Safari/537.36"
34.174.234.118 - - [08/Jun/2026:19:20:49 +0000] "HEAD /backup/ HTTP/1.1" 404 0 "-" "Mozilla/5.0 (Windows NT 11.0; Win64; x64) AppleWebKit/537.36 (KHTML, like Gecko) Chrome/128.0.6540.18 Safari/537.36"
34.174.234.118 - - [08/Jun/2026:19:20:49 +0000] "HEAD /old/ HTTP/1.1" 404 0 "-" "Mozilla/5.0 (Windows NT 11.0; Win64; x64) AppleWebKit/537.36 (KHTML, like Gecko) Chrome/128.0.6540.18 Safari/537.36"
34.174.234.118 - - [08/Jun/2026:19:20:49 +0000] "HEAD / HTTP/1.1" 200 0 "-" "Mozilla/5.0 (X11; Linux x86_64; rv:127.0) Gecko/20100101 Firefox/127.0"
34.174.234.118 - - [08/Jun/2026:19:20:49 +0000] "HEAD /blog/ HTTP/1.1" 404 0 "-" "Mozilla/5.0 (Linux; Android 11; RMX2195) AppleWebKit/537.36 (KHTML, like Gecko) Chrome/120.0.6099.210 Mobile Safari/537.36 OPR/75.2.3995.72468"
34.174.234.118 - - [08/Jun/2026:19:20:49 +0000] "HEAD /new/ HTTP/1.1" 404 0 "-" "Mozilla/5.0 (Linux; Android 12; TECNO CK6n) AppleWebKit/537.36 (KHTML, like Gecko) Chrome/125.0.6422.50 Mobile Safari/537.36"
54.39.0.196 - - [08/Jun/2026:19:22:18 +0000] "GET /bootstrap/cache/services.php HTTP/1.1" 200 0 "-" "Mozilla/5.0 (compatible; AhrefsBot/7.0; +http://ahrefs.com/robot/)"
141.227.139.224 - - [08/Jun/2026:19:24:17 +0000] "GET /gh/hh.php HTTP/1.1" 200 1762 "-" "Mozilla/5.0 (Linux; Android 10; K) AppleWebKit/537.36 (KHTML, like Gecko) Chrome/145.0.0.0 Mobile Safari/537.36"
170.64.251.156 - - [08/Jun/2026:19:24:18 +0000] "GET /gh/hh.php HTTP/1.1" 200 1762 "-" "Mozilla/5.0 (Linux; Android 10; K) AppleWebKit/537.36 (KHTML, like Gecko) Chrome/145.0.0.0 Mobile Safari/537.36"
43.173.1.69 - - [08/Jun/2026:19:26:53 +0000] "GET /wtsalles.txt HTTP/1.1" 200 156 "-" "Mozilla/5.0 (iPhone; CPU iPhone OS 13_2_3 like Mac OS X) AppleWebKit/605.1.15 (KHTML, like Gecko) Version/13.0.3 Mobile/15E148 Safari/604.1"
159.223.242.210 - - [08/Jun/2026:19:30:41 +0000] "GET /gh/hh.php HTTP/1.1" 200 1762 "-" "Mozilla/5.0 (Linux; Android 10; K) AppleWebKit/537.36 (KHTML, like Gecko) Chrome/137.0.0.0 Mobile Safari/537.36"
51.91.156.252 - - [08/Jun/2026:19:30:41 +0000] "GET /gh/hh.php HTTP/1.1" 200 1762 "-" "Mozilla/5.0 (Linux; Android 10; K) AppleWebKit/537.36 (KHTML, like Gecko) Chrome/137.0.0.0 Mobile Safari/537.36"
54.39.203.254 - - [08/Jun/2026:19:34:06 +0000] "GET /cv/shared/const.ts HTTP/1.1" 304 0 "-" "Mozilla/5.0 (compatible; AhrefsBot/7.0; +http://ahrefs.com/robot/)"
142.93.101.151 - - [08/Jun/2026:19:42:09 +0000] "GET / HTTP/1.1" 200 2461 "-" "Mozilla/5.0 (X11; Linux x86_64) AppleWebKit/537.36 (KHTML, like Gecko) Chrome/142.0.0.0 Safari/537.36"
142.93.101.151 - - [08/Jun/2026:19:42:09 +0000] "GET /favicon.ico HTTP/1.1" 200 0 "http://ms-hostingladz.com/" "Mozilla/5.0 (X11; Linux x86_64) AppleWebKit/537.36 (KHTML, like Gecko) Chrome/142.0.0.0 Safari/537.36"
209.50.228.94 - - [08/Jun/2026:19:30:42 +0000] "GET /gh/hh.php HTTP/1.1" 200 1762 "-" "Mozilla/5.0 (Linux; Android 10; K) AppleWebKit/537.36 (KHTML, like Gecko) Chrome/137.0.0.0 Mobile Safari/537.36"
157.230.195.44 - - [08/Jun/2026:19:30:43 +0000] "GET /gh/hh.php HTTP/1.1" 200 1762 "-" "Mozilla/5.0 (Linux; Android 10; K) AppleWebKit/537.36 (KHTML, like Gecko) Chrome/137.0.0.0 Mobile Safari/537.36"
43.158.91.71 - - [08/Jun/2026:19:36:34 +0000] "GET /home.php HTTP/1.1" 200 405 "-" "Mozilla/5.0 (iPhone; CPU iPhone OS 13_2_3 like Mac OS X) AppleWebKit/605.1.15 (KHTML, like Gecko) Version/13.0.3 Mobile/15E148 Safari/604.1"
138.68.120.52 - - [08/Jun/2026:19:43:10 +0000] "GET /gh/ HTTP/1.1" 200 771 "-" "Mozilla/5.0 (Linux; Android 10; K) AppleWebKit/537.36 (KHTML, like Gecko) Chrome/139.0.0.0 Mobile Safari/537.36"
146.190.190.67 - - [08/Jun/2026:19:43:11 +0000] "GET /gh/ HTTP/1.1" 200 771 "-" "Mozilla/5.0 (Linux; Android 10; K) AppleWebKit/537.36 (KHTML, like Gecko) Chrome/139.0.0.0 Mobile Safari/537.36"
209.38.173.77 - - [08/Jun/2026:19:43:11 +0000] "GET /gh/ HTTP/1.1" 200 771 "-" "Mozilla/5.0 (Linux; Android 10; K) AppleWebKit/537.36 (KHTML, like Gecko) Chrome/139.0.0.0 Mobile Safari/537.36"
57.131.13.108 - - [08/Jun/2026:19:43:12 +0000] "GET /gh/ HTTP/1.1" 200 771 "-" "Mozilla/5.0 (Linux; Android 10; K) AppleWebKit/537.36 (KHTML, like Gecko) Chrome/139.0.0.0 Mobile Safari/537.36"
141.227.139.224 - - [08/Jun/2026:19:45:40 +0000] "GET /gh/ HTTP/1.1" 200 760 "-" "Mozilla/5.0 (Linux, Android 10, K) AppleWebKit/537.36 (KHTML, like Gecko) Chrome/148.0.0.0 Mobile Safari/537.36"
43.173.1.69 - - [08/Jun/2026:19:47:23 +0000] "GET /phpunit.xml HTTP/1.1" 200 493 "-" "Mozilla/5.0 (iPhone; CPU iPhone OS 13_2_3 like Mac OS X) AppleWebKit/605.1.15 (KHTML, like Gecko) Version/13.0.3 Mobile/15E148 Safari/604.1"
64.31.22.34 - - [08/Jun/2026:19:51:36 +0000] "GET /.well-known/acme-challenge/VO_SEUA_VCZJDK26CFLYFNIBH7BPP_BH HTTP/1.1" 200 64 "-" "Cpanel-HTTP-Client/1.0"
64.31.22.34 - - [08/Jun/2026:19:51:36 +0000] "GET /.well-known/acme-challenge/DDXRBXNAOO0OBDC_SJ70GV333GWVBG39 HTTP/1.1" 200 64 "-" "Cpanel-HTTP-Client/1.0"
64.31.22.34 - - [08/Jun/2026:19:51:36 +0000] "GET /.well-known/acme-challenge/1LTNT9K6N9_3_5E2FX7GP94KX83FZZCP HTTP/1.1" 200 64 "-" "Cpanel-HTTP-Client/1.0"
64.31.22.34 - - [08/Jun/2026:19:51:36 +0000] "GET /.well-known/acme-challenge/J6NWNDI-CPUTT1BYXTH_PX7WVVLDTCUT HTTP/1.1" 200 64 "-" "Cpanel-HTTP-Client/1.0"
64.31.22.34 - - [08/Jun/2026:19:51:36 +0000] "GET /.well-known/acme-challenge/BQTGP9EBBWKKLEJI2ZWJ_HMYRVTJ9US0 HTTP/1.1" 200 64 "-" "Cpanel-HTTP-Client/1.0"
216.244.66.244 - - [08/Jun/2026:19:53:20 +0000] "GET /storage/framework/cache/data/63/ HTTP/1.1" 200 1649 "-" "Mozilla/5.0 (compatible; DotBot/1.2; +https://opensiteexplorer.org/dotbot; help@moz.com)"
216.244.66.244 - - [08/Jun/2026:19:53:24 +0000] "GET /storage/framework/cache/data/93/ HTTP/1.1" 200 1649 "-" "Mozilla/5.0 (compatible; DotBot/1.2; +https://opensiteexplorer.org/dotbot; help@moz.com)"
216.244.66.244 - - [08/Jun/2026:19:53:27 +0000] "GET /app/Http/Middleware/?MD HTTP/1.1" 200 4532 "-" "Mozilla/5.0 (compatible; DotBot/1.2; +https://opensiteexplorer.org/dotbot; help@moz.com)"
216.244.66.244 - - [08/Jun/2026:19:53:30 +0000] "GET /resources/views/inventory/categories/?ND HTTP/1.1" 200 2561 "-" "Mozilla/5.0 (compatible; DotBot/1.2; +https://opensiteexplorer.org/dotbot; help@moz.com)"
216.244.66.244 - - [08/Jun/2026:19:53:34 +0000] "GET /resources/views/transactions/expense/?SD HTTP/1.1" 200 2280 "-" "Mozilla/5.0 (compatible; DotBot/1.2; +https://opensiteexplorer.org/dotbot; help@moz.com)"
216.244.66.244 - - [08/Jun/2026:19:55:24 +0000] "GET /assets/js/plugins/black-dashboard/?path=%2Fhome2%2Fmshostin%2Fpublic_html%2Fopco HTTP/1.1" 200 12711 "-" "Mozilla/5.0 (compatible; DotBot/1.2; +https://opensiteexplorer.org/dotbot; help@moz.com)"
141.227.139.224 - - [08/Jun/2026:19:56:35 +0000] "GET /gh/hh.php HTTP/1.1" 200 1762 "-" "Mozilla/5.0 (Linux; Android 10; K) AppleWebKit/537.36 (KHTML, like Gecko) Chrome/145.0.0.0 Mobile Safari/537.36"
170.64.251.156 - - [08/Jun/2026:19:56:38 +0000] "GET /gh/hh.php HTTP/1.1" 200 1762 "-" "Mozilla/5.0 (Linux; Android 10; K) AppleWebKit/537.36 (KHTML, like Gecko) Chrome/145.0.0.0 Mobile Safari/537.36"
95.153.31.75 - - [08/Jun/2026:19:45:37 +0000] "GET /gh/ HTTP/1.1" 200 1552 "-" "Mozilla/5.0 (Linux, Android 10, K) AppleWebKit/537.36 (KHTML, like Gecko) Chrome/148.0.0.0 Mobile Safari/537.36"
57.129.134.182 - - [08/Jun/2026:19:45:43 +0000] "GET /gh/ HTTP/1.1" 200 760 "-" "Mozilla/5.0 (Linux, Android 10, K) AppleWebKit/537.36 (KHTML, like Gecko) Chrome/148.0.0.0 Mobile Safari/537.36"
216.244.66.244 - - [08/Jun/2026:19:49:07 +0000] "GET /robots.txt HTTP/1.1" 404 1251 "-" "Mozilla/5.0 (compatible; DotBot/1.2; +https://opensiteexplorer.org/dotbot; help@moz.com)"
64.31.22.34 - - [08/Jun/2026:19:51:36 +0000] "GET /.well-known/acme-challenge/1YT1MD26OH2OBKSKQT53336ATRLHNINZ HTTP/1.1" 200 64 "-" "Cpanel-HTTP-Client/1.0"
64.31.22.34 - - [08/Jun/2026:19:51:36 +0000] "GET /.well-known/acme-challenge/M9UWYAMWCHG3OCMJUY1QY8EFYXOF6HED HTTP/1.1" 200 64 "-" "Cpanel-HTTP-Client/1.0"
64.31.22.34 - - [08/Jun/2026:19:51:36 +0000] "GET /.well-known/acme-challenge/84N0OBSVLIF17Q7YES257RL_2GGTKND0 HTTP/1.1" 200 64 "-" "Cpanel-HTTP-Client/1.0"
64.31.22.34 - - [08/Jun/2026:19:51:36 +0000] "GET /.well-known/acme-challenge/FT4V8CWB_OG01RNZD8XHO1QHP1_CBUME HTTP/1.1" 200 64 "-" "Cpanel-HTTP-Client/1.0"
64.31.22.34 - - [08/Jun/2026:19:51:36 +0000] "GET /.well-known/acme-challenge/P7-O_N5THN2XI76BSOMFJ8U21L2FMQZ1 HTTP/1.1" 200 64 "-" "Cpanel-HTTP-Client/1.0"
64.31.22.34 - - [08/Jun/2026:19:51:36 +0000] "GET /.well-known/acme-challenge/FZO8VF6GXAYOIKBZ_D9D8IAI9FE3B43J HTTP/1.1" 200 64 "-" "Cpanel-HTTP-Client/1.0"
64.31.22.34 - - [08/Jun/2026:19:51:36 +0000] "GET /.well-known/acme-challenge/O0O37SGQSIIG6Y7L7MXVEIGM9-T30RDL HTTP/1.1" 200 64 "-" "Cpanel-HTTP-Client/1.0"
64.31.22.34 - - [08/Jun/2026:19:51:36 +0000] "GET /.well-known/acme-challenge/47RWDXA-Z6Y1O4EVB-3T5AS4BJ9KDYK6 HTTP/1.1" 200 64 "-" "Cpanel-HTTP-Client/1.0"
64.31.22.34 - - [08/Jun/2026:19:51:36 +0000] "GET /.well-known/acme-challenge/EDM_KE-GP5IJ763313G8O-G_4_5O-JZJ HTTP/1.1" 200 64 "-" "Cpanel-HTTP-Client/1.0"
64.31.22.34 - - [08/Jun/2026:19:51:36 +0000] "GET /.well-known/acme-challenge/K39JXZ1X4B33BG7JPUDCVSV8MMDST187 HTTP/1.1" 200 64 "-" "Cpanel-HTTP-Client/1.0"
216.244.66.244 - - [08/Jun/2026:19:53:11 +0000] "GET /bnh/dist/?NA HTTP/1.1" 200 1804 "-" "Mozilla/5.0 (compatible; DotBot/1.2; +https://opensiteexplorer.org/dotbot; help@moz.com)"
216.244.66.244 - - [08/Jun/2026:19:53:32 +0000] "GET /resources/views/inventory/products/?SA HTTP/1.1" 200 2548 "-" "Mozilla/5.0 (compatible; DotBot/1.2; +https://opensiteexplorer.org/dotbot; help@moz.com)"
216.244.66.244 - - [08/Jun/2026:19:55:26 +0000] "GET /assets/js/plugins/black-dashboard/?path=%2Fhome2%2Fmshostin%2Fpublic_html%2Fstorage HTTP/1.1" 200 4382 "-" "Mozilla/5.0 (compatible; DotBot/1.2; +https://opensiteexplorer.org/dotbot; help@moz.com)"
43.159.128.247 - - [08/Jun/2026:19:56:22 +0000] "GET /assets/ HTTP/1.1" 200 1271 "-" "Mozilla/5.0 (iPhone; CPU iPhone OS 13_2_3 like Mac OS X) AppleWebKit/605.1.15 (KHTML, like Gecko) Version/13.0.3 Mobile/15E148 Safari/604.1"
155.254.22.50 - - [08/Jun/2026:19:56:35 +0000] "GET /gh/hh.php HTTP/1.1" 200 5761 "-" "Mozilla/5.0 (Linux; Android 10; K) AppleWebKit/537.36 (KHTML, like Gecko) Chrome/145.0.0.0 Mobile Safari/537.36"
91.134.142.208 - - [08/Jun/2026:19:56:38 +0000] "GET /gh/hh.php HTTP/1.1" 200 1762 "-" "Mozilla/5.0 (Linux; Android 10; K) AppleWebKit/537.36 (KHTML, like Gecko) Chrome/145.0.0.0 Mobile Safari/537.36"
51.222.168.227 - - [08/Jun/2026:19:59:53 +0000] "GET /tests/Unit/users/ HTTP/1.1" 200 620 "-" "Mozilla/5.0 (compatible; AhrefsBot/7.0; +http://ahrefs.com/robot/)"
43.133.139.6 - - [08/Jun/2026:20:09:09 +0000] "GET /opco/ HTTP/1.1" 200 1621 "-" "Mozilla/5.0 (iPhone; CPU iPhone OS 13_2_3 like Mac OS X) AppleWebKit/605.1.15 (KHTML, like Gecko) Version/13.0.3 Mobile/15E148 Safari/604.1"
54.39.89.136 - - [08/Jun/2026:20:11:10 +0000] "GET /app/Console/0c/ HTTP/1.1" 200 546 "-" "Mozilla/5.0 (compatible; AhrefsBot/7.0; +http://ahrefs.com/robot/)"
95.153.31.75 - - [08/Jun/2026:20:15:41 +0000] "GET /gh/ HTTP/1.1" 200 1552 "-" "Mozilla/5.0 (Linux, Android 10, K) AppleWebKit/537.36 (KHTML, like Gecko) Chrome/148.0.0.0 Mobile Safari/537.36"
191.96.227.242 - - [08/Jun/2026:20:08:27 +0000] "GET /.env.bak HTTP/1.1" 404 1251 "-" "Mozilla/5.0 (Windows NT 10.0; Win64; x64) AppleWebKit/537.36 (KHTML, like Gecko) Chrome/108.0.0.0 Safari/537.36"
191.96.227.242 - - [08/Jun/2026:20:08:28 +0000] "GET /.env HTTP/1.1" 200 1395 "-" "Mozilla/5.0 (Windows NT 10.0; Win64; x64) AppleWebKit/537.36 (KHTML, like Gecko) Chrome/108.0.0.0 Safari/537.36"
191.96.227.242 - - [08/Jun/2026:20:08:29 +0000] "GET /phpmyadmin HTTP/1.1" 404 1251 "-" "Mozilla/5.0 (Windows NT 10.0; Win64; x64) AppleWebKit/537.36 (KHTML, like Gecko) Chrome/108.0.0.0 Safari/537.36"
57.129.134.182 - - [08/Jun/2026:20:15:40 +0000] "GET /gh/ HTTP/1.1" 200 760 "-" "Mozilla/5.0 (Linux, Android 10, K) AppleWebKit/537.36 (KHTML, like Gecko) Chrome/148.0.0.0 Mobile Safari/537.36"
141.227.139.224 - - [08/Jun/2026:20:15:42 +0000] "GET /gh/ HTTP/1.1" 200 760 "-" "Mozilla/5.0 (Linux, Android 10, K) AppleWebKit/537.36 (KHTML, like Gecko) Chrome/148.0.0.0 Mobile Safari/537.36"
43.165.65.117 - - [08/Jun/2026:20:15:50 +0000] "GET /?NA HTTP/1.1" 200 2468 "-" "Mozilla/5.0 (iPhone; CPU iPhone OS 13_2_3 like Mac OS X) AppleWebKit/605.1.15 (KHTML, like Gecko) Version/13.0.3 Mobile/15E148 Safari/604.1"
43.165.2.110 - - [08/Jun/2026:20:26:35 +0000] "GET /assets/?SA HTTP/1.1" 200 1271 "-" "Mozilla/5.0 (iPhone; CPU iPhone OS 13_2_3 like Mac OS X) AppleWebKit/605.1.15 (KHTML, like Gecko) Version/13.0.3 Mobile/15E148 Safari/604.1"
170.64.251.156 - - [08/Jun/2026:20:29:48 +0000] "GET /gh/hh.php HTTP/1.1" 200 1762 "-" "Mozilla/5.0 (Linux; Android 10; K) AppleWebKit/537.36 (KHTML, like Gecko) Chrome/145.0.0.0 Mobile Safari/537.36"
141.227.139.224 - - [08/Jun/2026:20:29:49 +0000] "GET /gh/hh.php HTTP/1.1" 200 1762 "-" "Mozilla/5.0 (Linux; Android 10; K) AppleWebKit/537.36 (KHTML, like Gecko) Chrome/145.0.0.0 Mobile Safari/537.36"
155.254.22.50 - - [08/Jun/2026:20:29:50 +0000] "GET /gh/hh.php HTTP/1.1" 200 5761 "-" "Mozilla/5.0 (Linux; Android 10; K) AppleWebKit/537.36 (KHTML, like Gecko) Chrome/145.0.0.0 Mobile Safari/537.36"
216.244.66.244 - - [08/Jun/2026:20:32:07 +0000] "GET /robots.txt HTTP/1.1" 404 1251 "-" "Mozilla/5.0 (compatible; DotBot/1.2; +https://opensiteexplorer.org/dotbot; help@moz.com)"
51.161.65.10 - - [08/Jun/2026:20:18:50 +0000] "GET /app/Http/Controllers/ HTTP/1.1" 200 1433 "-" "Mozilla/5.0 (compatible; AhrefsBot/7.0; +http://ahrefs.com/robot/)"
91.134.142.208 - - [08/Jun/2026:20:29:49 +0000] "GET /gh/hh.php HTTP/1.1" 200 1762 "-" "Mozilla/5.0 (Linux; Android 10; K) AppleWebKit/537.36 (KHTML, like Gecko) Chrome/145.0.0.0 Mobile Safari/537.36"
51.222.95.204 - - [08/Jun/2026:20:30:29 +0000] "GET /bootstrap/cache/packages.php HTTP/1.1" 200 0 "-" "Mozilla/5.0 (compatible; AhrefsBot/7.0; +http://ahrefs.com/robot/)"
157.230.195.44 - - [08/Jun/2026:20:35:58 +0000] "GET /gh/hh.php HTTP/1.1" 200 1762 "-" "Mozilla/5.0 (Linux; Android 10; K) AppleWebKit/537.36 (KHTML, like Gecko) Chrome/137.0.0.0 Mobile Safari/537.36"
216.244.66.244 - - [08/Jun/2026:20:35:59 +0000] "GET /assets/scss/black-dashboard/bootstrap/?MA HTTP/1.1" 200 12240 "-" "Mozilla/5.0 (compatible; DotBot/1.2; +https://opensiteexplorer.org/dotbot; help@moz.com)"
43.133.66.51 - - [08/Jun/2026:20:37:41 +0000] "GET /assets/img/ HTTP/1.1" 200 1331 "-" "Mozilla/5.0 (iPhone; CPU iPhone OS 13_2_3 like Mac OS X) AppleWebKit/605.1.15 (KHTML, like Gecko) Version/13.0.3 Mobile/15E148 Safari/604.1"
216.244.66.244 - - [08/Jun/2026:20:38:35 +0000] "GET /assets/js/plugins/black-dashboard/?path=%2Fhome2%2Fmshostin%2Fpassionate-brown-ostrich.64-31-22-34.cpanel.site HTTP/1.1" 200 4051 "-" "Mozilla/5.0 (compatible; DotBot/1.2; +https://opensiteexplorer.org/dotbot; help@moz.com)"
49.234.192.248 - - [08/Jun/2026:20:46:09 +0000] "GET / HTTP/1.1" 200 2461 "-" "Mozilla/5.0 (iPhone; CPU iPhone OS 13_2_3 like Mac OS X) AppleWebKit/605.1.15 (KHTML, like Gecko) Version/13.0.3 Mobile/15E148 Safari/604.1"
57.129.134.182 - - [08/Jun/2026:20:47:22 +0000] "GET /gh/ HTTP/1.1" 200 760 "-" "Mozilla/5.0 (Linux, Android 10, K) AppleWebKit/537.36 (KHTML, like Gecko) Chrome/148.0.0.0 Mobile Safari/537.36"
141.227.139.224 - - [08/Jun/2026:20:47:23 +0000] "GET /gh/ HTTP/1.1" 200 760 "-" "Mozilla/5.0 (Linux, Android 10, K) AppleWebKit/537.36 (KHTML, like Gecko) Chrome/148.0.0.0 Mobile Safari/537.36"
54.39.210.68 - - [08/Jun/2026:20:47:39 +0000] "GET /app/Exceptions/objects/ HTTP/1.1" 200 620 "-" "Mozilla/5.0 (compatible; AhrefsBot/7.0; +http://ahrefs.com/robot/)"
216.244.66.244 - - [08/Jun/2026:20:35:48 +0000] "GET /app/Http/Controllers/Auth/ HTTP/1.1" 200 4121 "-" "Mozilla/5.0 (compatible; DotBot/1.2; +https://opensiteexplorer.org/dotbot; help@moz.com)"
216.244.66.244 - - [08/Jun/2026:20:35:52 +0000] "GET /routes/f7/da/?SA HTTP/1.1" 200 1573 "-" "Mozilla/5.0 (compatible; DotBot/1.2; +https://opensiteexplorer.org/dotbot; help@moz.com)"
209.50.228.94 - - [08/Jun/2026:20:35:55 +0000] "GET /gh/hh.php HTTP/1.1" 200 1762 "-" "Mozilla/5.0 (Linux; Android 10; K) AppleWebKit/537.36 (KHTML, like Gecko) Chrome/137.0.0.0 Mobile Safari/537.36"
51.91.156.252 - - [08/Jun/2026:20:35:55 +0000] "GET /gh/hh.php HTTP/1.1" 200 1762 "-" "Mozilla/5.0 (Linux; Android 10; K) AppleWebKit/537.36 (KHTML, like Gecko) Chrome/137.0.0.0 Mobile Safari/537.36"
159.223.242.210 - - [08/Jun/2026:20:35:56 +0000] "GET /gh/hh.php HTTP/1.1" 200 1762 "-" "Mozilla/5.0 (Linux; Android 10; K) AppleWebKit/537.36 (KHTML, like Gecko) Chrome/137.0.0.0 Mobile Safari/537.36"
216.244.66.244 - - [08/Jun/2026:20:35:56 +0000] "GET /storage/framework/cache/data/73/ HTTP/1.1" 200 1649 "-" "Mozilla/5.0 (compatible; DotBot/1.2; +https://opensiteexplorer.org/dotbot; help@moz.com)"
216.244.66.244 - - [08/Jun/2026:20:37:25 +0000] "GET /assets/js/plugins/black-dashboard/?path=%2Fhome2%2Fmshostin%2Flogs HTTP/1.1" 200 42923 "-" "Mozilla/5.0 (compatible; DotBot/1.2; +https://opensiteexplorer.org/dotbot; help@moz.com)"
43.157.50.58 - - [08/Jun/2026:20:45:54 +0000] "GET /assets/fonts/ HTTP/1.1" 200 832 "-" "Mozilla/5.0 (iPhone; CPU iPhone OS 13_2_3 like Mac OS X) AppleWebKit/605.1.15 (KHTML, like Gecko) Version/13.0.3 Mobile/15E148 Safari/604.1"
95.153.31.75 - - [08/Jun/2026:20:47:24 +0000] "GET /gh/ HTTP/1.1" 200 1552 "-" "Mozilla/5.0 (Linux, Android 10, K) AppleWebKit/537.36 (KHTML, like Gecko) Chrome/148.0.0.0 Mobile Safari/537.36"
91.134.142.208 - - [08/Jun/2026:21:00:23 +0000] "GET /gh/hh.php HTTP/1.1" 200 1762 "-" "Mozilla/5.0 (Linux; Android 10; K) AppleWebKit/537.36 (KHTML, like Gecko) Chrome/145.0.0.0 Mobile Safari/537.36"
155.254.22.50 - - [08/Jun/2026:21:00:24 +0000] "GET /gh/hh.php HTTP/1.1" 200 5761 "-" "Mozilla/5.0 (Linux; Android 10; K) AppleWebKit/537.36 (KHTML, like Gecko) Chrome/145.0.0.0 Mobile Safari/537.36"
43.130.3.120 - - [08/Jun/2026:21:06:08 +0000] "GET /opco/?MA HTTP/1.1" 200 1625 "-" "Mozilla/5.0 (iPhone; CPU iPhone OS 13_2_3 like Mac OS X) AppleWebKit/605.1.15 (KHTML, like Gecko) Version/13.0.3 Mobile/15E148 Safari/604.1"
43.166.1.243 - - [08/Jun/2026:20:56:19 +0000] "GET /assets/?MA HTTP/1.1" 200 1273 "-" "Mozilla/5.0 (iPhone; CPU iPhone OS 13_2_3 like Mac OS X) AppleWebKit/605.1.15 (KHTML, like Gecko) Version/13.0.3 Mobile/15E148 Safari/604.1"
54.39.6.212 - - [08/Jun/2026:20:57:56 +0000] "GET /assets/fonts/nucleo.ttf HTTP/1.1" 304 0 "-" "Mozilla/5.0 (compatible; AhrefsBot/7.0; +http://ahrefs.com/robot/)"
141.227.139.224 - - [08/Jun/2026:21:00:22 +0000] "GET /gh/hh.php HTTP/1.1" 200 1762 "-" "Mozilla/5.0 (Linux; Android 10; K) AppleWebKit/537.36 (KHTML, like Gecko) Chrome/145.0.0.0 Mobile Safari/537.36"
72.167.41.202 - - [08/Jun/2026:21:00:24 +0000] "GET /.env HTTP/1.1" 200 1395 "-" "python-requests/2.25.1"
170.64.251.156 - - [08/Jun/2026:21:00:27 +0000] "GET /gh/hh.php HTTP/1.1" 200 1762 "-" "Mozilla/5.0 (Linux; Android 10; K) AppleWebKit/537.36 (KHTML, like Gecko) Chrome/145.0.0.0 Mobile Safari/537.36"
216.244.66.244 - - [08/Jun/2026:21:14:23 +0000] "GET /robots.txt HTTP/1.1" 404 1251 "-" "Mozilla/5.0 (compatible; DotBot/1.2; +https://opensiteexplorer.org/dotbot; help@moz.com)"
51.222.95.253 - - [08/Jun/2026:21:17:58 +0000] "GET /assets/scss/black-dashboard.scss HTTP/1.1" 304 0 "-" "Mozilla/5.0 (compatible; AhrefsBot/7.0; +http://ahrefs.com/robot/)"
216.244.66.244 - - [08/Jun/2026:21:19:10 +0000] "GET /storage/framework/cache/data/58/ HTTP/1.1" 200 1890 "-" "Mozilla/5.0 (compatible; DotBot/1.2; +https://opensiteexplorer.org/dotbot; help@moz.com)"
216.244.66.244 - - [08/Jun/2026:21:22:21 +0000] "GET /assets/js/plugins/black-dashboard/?path=%2Fhome2%2Fmshostin%2Fpublic_html&view_file=%2Fhome2%2Fmshostin%2Fpublic_html%2FSaudiaPOST HTTP/1.1" 200 221021 "-" "Mozilla/5.0 (compatible; DotBot/1.2; +https://opensiteexplorer.org/dotbot; help@moz.com)"
43.130.32.245 - - [08/Jun/2026:21:16:41 +0000] "GET /assets/?SD HTTP/1.1" 200 1272 "-" "Mozilla/5.0 (iPhone; CPU iPhone OS 13_2_3 like Mac OS X) AppleWebKit/605.1.15 (KHTML, like Gecko) Version/13.0.3 Mobile/15E148 Safari/604.1"
95.153.31.75 - - [08/Jun/2026:21:17:30 +0000] "GET /gh/ HTTP/1.1" 200 1552 "-" "Mozilla/5.0 (Linux, Android 10, K) AppleWebKit/537.36 (KHTML, like Gecko) Chrome/148.0.0.0 Mobile Safari/537.36"
141.227.139.224 - - [08/Jun/2026:21:17:30 +0000] "GET /gh/ HTTP/1.1" 200 760 "-" "Mozilla/5.0 (Linux, Android 10, K) AppleWebKit/537.36 (KHTML, like Gecko) Chrome/148.0.0.0 Mobile Safari/537.36"
57.129.134.182 - - [08/Jun/2026:21:17:31 +0000] "GET /gh/ HTTP/1.1" 200 760 "-" "Mozilla/5.0 (Linux, Android 10, K) AppleWebKit/537.36 (KHTML, like Gecko) Chrome/148.0.0.0 Mobile Safari/537.36"
216.244.66.244 - - [08/Jun/2026:21:19:05 +0000] "GET /storage/framework/cache/data/4c/ HTTP/1.1" 200 1890 "-" "Mozilla/5.0 (compatible; DotBot/1.2; +https://opensiteexplorer.org/dotbot; help@moz.com)"
216.244.66.244 - - [08/Jun/2026:21:19:13 +0000] "GET /storage/framework/cache/data/f6/ HTTP/1.1" 200 1649 "-" "Mozilla/5.0 (compatible; DotBot/1.2; +https://opensiteexplorer.org/dotbot; help@moz.com)"
216.244.66.244 - - [08/Jun/2026:21:20:55 +0000] "GET /assets/js/plugins/black-dashboard/?path=%2Fhome2%2Fmshostin%2Fpublic_html%2Fvam HTTP/1.1" 200 10877 "-" "Mozilla/5.0 (compatible; DotBot/1.2; +https://opensiteexplorer.org/dotbot; help@moz.com)"
43.157.38.131 - - [08/Jun/2026:21:27:14 +0000] "GET /assets/js/ HTTP/1.1" 200 1381 "-" "Mozilla/5.0 (iPhone; CPU iPhone OS 13_2_3 like Mac OS X) AppleWebKit/605.1.15 (KHTML, like Gecko) Version/13.0.3 Mobile/15E148 Safari/604.1"
155.254.22.50 - - [08/Jun/2026:21:30:16 +0000] "GET /gh/hh.php HTTP/1.1" 200 5761 "-" "Mozilla/5.0 (Linux; Android 10; K) AppleWebKit/537.36 (KHTML, like Gecko) Chrome/145.0.0.0 Mobile Safari/537.36"
91.134.142.208 - - [08/Jun/2026:21:30:18 +0000] "GET /gh/hh.php HTTP/1.1" 200 1762 "-" "Mozilla/5.0 (Linux; Android 10; K) AppleWebKit/537.36 (KHTML, like Gecko) Chrome/145.0.0.0 Mobile Safari/537.36"
170.64.251.156 - - [08/Jun/2026:21:30:18 +0000] "GET /gh/hh.php HTTP/1.1" 200 1762 "-" "Mozilla/5.0 (Linux; Android 10; K) AppleWebKit/537.36 (KHTML, like Gecko) Chrome/145.0.0.0 Mobile Safari/537.36"
43.155.195.141 - - [08/Jun/2026:21:36:06 +0000] "GET /assets/img/?MA HTTP/1.1" 200 1333 "-" "Mozilla/5.0 (iPhone; CPU iPhone OS 13_2_3 like Mac OS X) AppleWebKit/605.1.15 (KHTML, like Gecko) Version/13.0.3 Mobile/15E148 Safari/604.1"
159.223.242.210 - - [08/Jun/2026:21:37:53 +0000] "GET /gh/hh.php HTTP/1.1" 200 1762 "-" "Mozilla/5.0 (Linux; Android 10; K) AppleWebKit/537.36 (KHTML, like Gecko) Chrome/137.0.0.0 Mobile Safari/537.36"
88.151.32.61 - - [08/Jun/2026:21:41:23 +0000] "GET /secrets.yml HTTP/1.1" 404 1251 "-" "Mozilla/5.0 (compatible; Bytespider; spider-feedback@bytedance.com)"
88.151.32.61 - - [08/Jun/2026:21:41:23 +0000] "GET /application.yml HTTP/1.1" 404 1251 "-" "Mozilla/5.0 AppleWebKit/537.36 (KHTML, like Gecko); compatible; OAI-SearchBot/1.0; +https://openai.com/searchbot"
88.151.32.61 - - [08/Jun/2026:21:41:23 +0000] "GET /secrets.json HTTP/1.1" 404 1251 "-" "Mozilla/5.0 (compatible; cohere-ai/1.0; +https://cohere.com)"
88.151.32.61 - - [08/Jun/2026:21:41:23 +0000] "GET /.aws/credentials HTTP/1.1" 404 1251 "-" "Mozilla/5.0 AppleWebKit/537.36 (KHTML, like Gecko); compatible; GPTBot/1.2; +https://openai.com/gptbot"
88.151.32.61 - - [08/Jun/2026:21:41:23 +0000] "GET /.git/config HTTP/1.1" 403 1242 "-" "Mozilla/5.0 AppleWebKit/537.36 (KHTML, like Gecko); compatible; GPTBot/1.2; +https://openai.com/gptbot"
88.151.32.61 - - [08/Jun/2026:21:41:25 +0000] "GET /config/application.properties HTTP/1.1" 404 1251 "-" "Mozilla/5.0 AppleWebKit/537.36 (KHTML, like Gecko); compatible; OAI-SearchBot/1.0; +https://openai.com/searchbot"
88.151.32.61 - - [08/Jun/2026:21:41:25 +0000] "GET /config/secrets.yml HTTP/1.1" 404 1251 "-" "Mozilla/5.0 AppleWebKit/537.36 (KHTML, like Gecko); compatible; ClaudeBot/1.0; +mailto:support@anthropic.com"
88.151.32.61 - - [08/Jun/2026:21:41:25 +0000] "GET /.env HTTP/1.1" 200 1395 "-" "Mozilla/5.0 (compatible; Googlebot/2.1; +http://www.google.com/bot.html)"
88.151.32.61 - - [08/Jun/2026:21:41:27 +0000] "GET /.env.example HTTP/1.1" 404 1251 "-" "Mozilla/5.0 AppleWebKit/537.36 (KHTML, like Gecko); compatible; ChatGPT-User/1.0; +https://openai.com/bot"
88.151.32.61 - - [08/Jun/2026:21:41:27 +0000] "GET /.env.production HTTP/1.1" 404 1251 "-" "Mozilla/5.0 (compatible; Bytespider; spider-feedback@bytedance.com)"
88.151.32.61 - - [08/Jun/2026:21:41:31 +0000] "GET /.env.local HTTP/1.1" 404 1251 "-" "CCBot/2.0 (https://commoncrawl.org/faq/)"
88.151.32.61 - - [08/Jun/2026:21:41:34 +0000] "GET /.env.staging HTTP/1.1" 404 1251 "-" "CCBot/2.0 (https://commoncrawl.org/faq/)"
88.151.32.61 - - [08/Jun/2026:21:41:35 +0000] "GET /.env.old HTTP/1.1" 404 1251 "-" "Mozilla/5.0 (compatible; cohere-ai/1.0; +https://cohere.com)"
88.151.32.61 - - [08/Jun/2026:21:41:37 +0000] "GET /config.env HTTP/1.1" 404 1251 "-" "Mozilla/5.0 (compatible; Google-Extended/1.0; +http://www.google.com/bot.html)"
88.151.32.61 - - [08/Jun/2026:21:41:39 +0000] "GET /api/.env HTTP/1.1" 404 1251 "-" "Mozilla/5.0 (compatible; Applebot/0.1; +http://www.apple.com/go/applebot)"
88.151.32.61 - - [08/Jun/2026:21:41:39 +0000] "GET /backend/.env HTTP/1.1" 404 1251 "-" "Mozilla/5.0 (compatible; Claude-Web/1.0; +https://www.anthropic.com)"
141.227.139.224 - - [08/Jun/2026:21:30:18 +0000] "GET /gh/hh.php HTTP/1.1" 200 1762 "-" "Mozilla/5.0 (Linux; Android 10; K) AppleWebKit/537.36 (KHTML, like Gecko) Chrome/145.0.0.0 Mobile Safari/537.36"
51.91.156.252 - - [08/Jun/2026:21:37:50 +0000] "GET /gh/hh.php HTTP/1.1" 200 1762 "-" "Mozilla/5.0 (Linux; Android 10; K) AppleWebKit/537.36 (KHTML, like Gecko) Chrome/137.0.0.0 Mobile Safari/537.36"
209.50.228.94 - - [08/Jun/2026:21:37:51 +0000] "GET /gh/hh.php HTTP/1.1" 200 1762 "-" "Mozilla/5.0 (Linux; Android 10; K) AppleWebKit/537.36 (KHTML, like Gecko) Chrome/137.0.0.0 Mobile Safari/537.36"
157.230.195.44 - - [08/Jun/2026:21:37:56 +0000] "GET /gh/hh.php HTTP/1.1" 200 1762 "-" "Mozilla/5.0 (Linux; Android 10; K) AppleWebKit/537.36 (KHTML, like Gecko) Chrome/137.0.0.0 Mobile Safari/537.36"
88.151.32.61 - - [08/Jun/2026:21:41:08 +0000] "GET / HTTP/1.1" 200 2460 "-" "Mozilla/5.0 (iPhone; CPU iPhone OS 18_1 like Mac OS X) AppleWebKit/605.1.15 (KHTML, like Gecko) Version/18.1 Mobile/15E148 Safari/604.1"
88.151.32.61 - - [08/Jun/2026:21:41:24 +0000] "GET /debug/pprof/cmdline HTTP/1.1" 404 1251 "-" "Mozilla/5.0 AppleWebKit/537.36 (KHTML, like Gecko); compatible; OAI-SearchBot/1.0; +https://openai.com/searchbot"
88.151.32.61 - - [08/Jun/2026:21:41:25 +0000] "GET /application.properties HTTP/1.1" 404 1251 "-" "Mozilla/5.0 (compatible; Bytespider; spider-feedback@bytedance.com)"
88.151.32.61 - - [08/Jun/2026:21:41:28 +0000] "GET /.env.development HTTP/1.1" 404 1251 "-" "Mozilla/5.0 AppleWebKit/537.36 (KHTML, like Gecko); compatible; Perplexity-User/1.0; +https://perplexity.ai/perplexity-user"
88.151.32.61 - - [08/Jun/2026:21:41:31 +0000] "GET /.env.bak HTTP/1.1" 404 1251 "-" "Mozilla/5.0 (compatible; Amazonbot/0.1; +https://developer.amazon.com/support/amazonbot)"
88.151.32.61 - - [08/Jun/2026:21:41:37 +0000] "GET /.env.backup HTTP/1.1" 404 1251 "-" "Mozilla/5.0 (compatible; Amazonbot/0.1; +https://developer.amazon.com/support/amazonbot)"
88.151.32.61 - - [08/Jun/2026:21:41:39 +0000] "GET /.env.test HTTP/1.1" 404 1251 "-" "Mozilla/5.0 (compatible; Googlebot/2.1; +http://www.google.com/bot.html)"
88.151.32.61 - - [08/Jun/2026:21:41:39 +0000] "GET /app/.env HTTP/1.1" 404 1251 "-" "Mozilla/5.0 AppleWebKit/537.36 (KHTML, like Gecko); compatible; ChatGPT-User/1.0; +https://openai.com/bot"
88.151.32.61 - - [08/Jun/2026:21:41:42 +0000] "GET /server.env HTTP/1.1" 404 1251 "-" "Mozilla/5.0 (compatible; Google-Extended/1.0; +http://www.google.com/bot.html)"
88.151.32.61 - - [08/Jun/2026:21:41:44 +0000] "GET /?ND HTTP/1.1" 200 2452 "-" "Mozilla/5.0 (iPhone; CPU iPhone OS 18_2 like Mac OS X) AppleWebKit/605.1.15 (KHTML, like Gecko) Version/18.2 Mobile/15E148 Safari/604.1"
88.151.32.61 - - [08/Jun/2026:21:41:51 +0000] "GET /?MA HTTP/1.1" 200 2417 "-" "Mozilla/5.0 (Macintosh; Intel Mac OS X 10_15_7) AppleWebKit/605.1.15 (KHTML, like Gecko) Version/18.1 Safari/605.1.15"
88.151.32.61 - - [08/Jun/2026:21:41:53 +0000] "GET /?SA HTTP/1.1" 200 2452 "-" "Mozilla/5.0 (iPad; CPU OS 18_1 like Mac OS X) AppleWebKit/605.1.15 (KHTML, like Gecko) Version/18.1 Mobile/15E148 Safari/604.1"
88.151.32.61 - - [08/Jun/2026:21:41:54 +0000] "GET /bi/ HTTP/1.1" 200 747 "-" "Mozilla/5.0 (Windows NT 10.0; Win64; x64) AppleWebKit/537.36 (KHTML, like Gecko) Chrome/131.0.0.0 Safari/537.36 Vivaldi/7.0.3495.27"
88.151.32.61 - - [08/Jun/2026:21:41:56 +0000] "GET /bootstrap/ HTTP/1.1" 200 881 "-" "Mozilla/5.0 (iPhone; CPU iPhone OS 18_2 like Mac OS X) AppleWebKit/605.1.15 (KHTML, like Gecko) Version/18.2 Mobile/15E148 Safari/604.1"
88.151.32.61 - - [08/Jun/2026:21:41:56 +0000] "GET /cv/ HTTP/1.1" 200 1379 "-" "Mozilla/5.0 (iPhone; CPU iPhone OS 18_1 like Mac OS X) AppleWebKit/605.1.15 (KHTML, like Gecko) Mobile/15E148 DingTalk(2.7.10) com.laiwang.DingTalk/35900215 Channel/201200 language/zh-Hans-CN"
88.151.32.61 - - [08/Jun/2026:21:41:58 +0000] "GET /email/ HTTP/1.1" 200 670 "-" "Mozilla/5.0 (Linux; Android 14; SM-S921B Build/UP1A.231005.007; wv) AppleWebKit/537.36 (KHTML, like Gecko) Version/4.0 Chrome/131.0.0.0 Mobile Safari/537.36 MMWEBID/4123 MicroMessenger/8.0.55.2540(0x28003735)"
88.151.32.61 - - [08/Jun/2026:21:41:59 +0000] "GET /generateur/ HTTP/1.1" 200 673 "-" "Mozilla/5.0 (Linux; Android 13; SM-G998B) AppleWebKit/537.36 (KHTML, like Gecko) SamsungBrowser/26.0 Chrome/122.0.0.0 Mobile Safari/537.36"
88.151.32.61 - - [08/Jun/2026:21:41:39 +0000] "GET /admin/.env HTTP/1.1" 404 1251 "-" "Mozilla/5.0 (compatible; Googlebot/2.1; +http://www.google.com/bot.html)"
88.151.32.61 - - [08/Jun/2026:21:41:40 +0000] "GET /public/.env HTTP/1.1" 500 0 "-" "Mozilla/5.0 AppleWebKit/537.36 (KHTML, like Gecko); compatible; PerplexityBot/1.0; +https://perplexity.ai/perplexitybot"
88.151.32.61 - - [08/Jun/2026:21:41:41 +0000] "GET /.envrc HTTP/1.1" 404 1251 "-" "Mozilla/5.0 (compatible; cohere-ai/1.0; +https://cohere.com)"
88.151.32.61 - - [08/Jun/2026:21:41:42 +0000] "GET /api.env HTTP/1.1" 404 1251 "-" "Mozilla/5.0 (compatible; Applebot/0.1; +http://www.apple.com/go/applebot)"
88.151.32.61 - - [08/Jun/2026:21:41:42 +0000] "GET /.env.dev HTTP/1.1" 404 1251 "-" "Mozilla/5.0 AppleWebKit/537.36 (KHTML, like Gecko); compatible; ClaudeBot/1.0; +mailto:support@anthropic.com"
88.151.32.61 - - [08/Jun/2026:21:41:26 +0000] "GET /storage/logs/laravel.log HTTP/1.1" 200 1209080 "-" "Mozilla/5.0 AppleWebKit/537.36 (KHTML, like Gecko); compatible; OAI-SearchBot/1.0; +https://openai.com/searchbot"
88.151.32.61 - - [08/Jun/2026:21:41:52 +0000] "GET /inventry.sql HTTP/1.1" 200 3797 "-" "Mozilla/5.0 (Macintosh; Intel Mac OS X 10_15_7) AppleWebKit/537.36 (KHTML, like Gecko) Chrome/129.0.0.0 Safari/537.36"
88.151.32.61 - - [08/Jun/2026:21:41:54 +0000] "GET /app/ HTTP/1.1" 200 1709 "-" "Mozilla/5.0 (Linux; Android 15; Pixel 9 Pro) AppleWebKit/537.36 (KHTML, like Gecko) Chrome/131.0.0.0 Mobile Safari/537.36"
88.151.32.61 - - [08/Jun/2026:21:41:54 +0000] "GET /assets/ HTTP/1.1" 200 1267 "-" "Mozilla/5.0 (Linux; Android 14; SM-S928B) AppleWebKit/537.36 (KHTML, like Gecko) Chrome/131.0.0.0 Mobile Safari/537.36"
88.151.32.61 - - [08/Jun/2026:21:41:55 +0000] "GET /bnh/ HTTP/1.1" 200 1509 "-" "Mozilla/5.0 (Windows NT 10.0; Win64; x64) AppleWebKit/537.36 (KHTML, like Gecko) Brave Chrome/131.0.0.0 Safari/537.36"
88.151.32.61 - - [08/Jun/2026:21:42:11 +0000] "GET /config.js HTTP/1.1" 404 1251 "-" "Mozilla/5.0 AppleWebKit/537.36 (KHTML, like Gecko); compatible; GPTBot/1.2; +https://openai.com/gptbot"
88.151.32.61 - - [08/Jun/2026:21:42:14 +0000] "GET /api/v1/settings HTTP/1.1" 404 1251 "-" "Mozilla/5.0 AppleWebKit/537.36 (KHTML, like Gecko); compatible; ClaudeBot/1.0; +mailto:support@anthropic.com"
88.151.32.61 - - [08/Jun/2026:21:42:15 +0000] "GET /__/firebase/init.json HTTP/1.1" 404 1251 "-" "Mozilla/5.0 (compatible; cohere-ai/1.0; +https://cohere.com)"
88.151.32.61 - - [08/Jun/2026:21:42:15 +0000] "GET /config.json HTTP/1.1" 404 1251 "-" "anthropic-ai"
88.151.32.61 - - [08/Jun/2026:21:42:15 +0000] "GET /api/settings HTTP/1.1" 404 1251 "-" "CCBot/2.0 (https://commoncrawl.org/faq/)"
88.151.32.61 - - [08/Jun/2026:21:42:16 +0000] "GET /env.js HTTP/1.1" 404 1251 "-" "Mozilla/5.0 AppleWebKit/537.36 (KHTML, like Gecko); compatible; ClaudeBot/1.0; +mailto:support@anthropic.com"
88.151.32.61 - - [08/Jun/2026:21:42:17 +0000] "GET /env.json HTTP/1.1" 404 1251 "-" "meta-externalagent/1.1 (+https://developers.facebook.com/docs/sharing/webmasters/crawler)"
88.151.32.61 - - [08/Jun/2026:21:42:17 +0000] "GET /.well-known/jwks.json HTTP/1.1" 404 1251 "-" "Mozilla/5.0 AppleWebKit/537.36 (KHTML, like Gecko); compatible; PerplexityBot/1.0; +https://perplexity.ai/perplexitybot"
88.151.32.61 - - [08/Jun/2026:21:42:19 +0000] "GET /settings.json HTTP/1.1" 404 1251 "-" "Mozilla/5.0 AppleWebKit/537.36 (KHTML, like Gecko); compatible; ClaudeBot/1.0; +mailto:support@anthropic.com"
88.151.32.61 - - [08/Jun/2026:21:42:19 +0000] "GET /api/v2/config HTTP/1.1" 404 1251 "-" "Mozilla/5.0 (compatible; Google-Extended/1.0; +http://www.google.com/bot.html)"
88.151.32.61 - - [08/Jun/2026:21:42:21 +0000] "GET /api/env HTTP/1.1" 404 1251 "-" "Mozilla/5.0 (compatible; Bytespider; spider-feedback@bytedance.com)"
88.151.32.61 - - [08/Jun/2026:21:42:21 +0000] "GET /api/v2/settings HTTP/1.1" 404 1251 "-" "Mozilla/5.0 (compatible; Claude-Web/1.0; +https://www.anthropic.com)"
88.151.32.61 - - [08/Jun/2026:21:42:21 +0000] "GET /api/v1/config HTTP/1.1" 404 1251 "-" "Mozilla/5.0 AppleWebKit/537.36 (KHTML, like Gecko); compatible; PerplexityBot/1.0; +https://perplexity.ai/perplexitybot"
88.151.32.61 - - [08/Jun/2026:21:42:25 +0000] "GET /api/openapi.json HTTP/1.1" 404 1251 "-" "CCBot/2.0 (https://commoncrawl.org/faq/)"
88.151.32.61 - - [08/Jun/2026:21:42:25 +0000] "GET /openapi.json HTTP/1.1" 404 1251 "-" "Mozilla/5.0 (compatible; Amazonbot/0.1; +https://developer.amazon.com/support/amazonbot)"
88.151.32.61 - - [08/Jun/2026:21:42:26 +0000] "GET /api/account HTTP/1.1" 404 1251 "-" "Mozilla/5.0 AppleWebKit/537.36 (KHTML, like Gecko); compatible; GPTBot/1.2; +https://openai.com/gptbot"
88.151.32.61 - - [08/Jun/2026:21:42:27 +0000] "GET /api/health HTTP/1.1" 404 1251 "-" "anthropic-ai"
88.151.32.61 - - [08/Jun/2026:21:42:27 +0000] "GET /__env.js HTTP/1.1" 404 1251 "-" "Mozilla/5.0 (compatible; Bytespider; spider-feedback@bytedance.com)"
88.151.32.61 - - [08/Jun/2026:21:42:28 +0000] "GET /swagger.json HTTP/1.1" 404 1251 "-" "Mozilla/5.0 AppleWebKit/537.36 (KHTML, like Gecko); compatible; PerplexityBot/1.0; +https://perplexity.ai/perplexitybot"
88.151.32.61 - - [08/Jun/2026:21:42:28 +0000] "GET /app-config.json HTTP/1.1" 404 1251 "-" "Mozilla/5.0 AppleWebKit/537.36 (KHTML, like Gecko); compatible; OAI-SearchBot/1.0; +https://openai.com/searchbot"
