86.177.83.88 - - [08/Jun/2026:17:06:55 +0000] "GET /saudiapost/smsa_complete//usr/share/credential-templates-generator/logs/payment_[%%20datetime%20%].json HTTP/1.1" 404 1251 "-" "Mozilla/5.0 (compatible; MSIE 10.0; Windows NT 6.1; Trident/6.0)"
149.102.227.85 - - [08/Jun/2026:17:08:10 +0000] "GET / HTTP/1.1" 200 11331 "-" "Mozilla/5.0 (Windows NT 10.0; Win64; x64) AppleWebKit/537.36 (KHTML, like Gecko) Chrome/148.0.0.0 Safari/537.36"
23.80.89.36 - - [08/Jun/2026:17:08:55 +0000] "GET / HTTP/1.1" 200 2468 "-" "Mozilla/5.0 (Linux; Android 10; K) AppleWebKit/537.36 (KHTML, like Gecko) Chrome/148.0.0.0 Mobile Safari/537.36"
149.102.227.85 - - [08/Jun/2026:17:10:38 +0000] "GET /favicon.ico HTTP/1.1" 200 0 "-" "Mozilla/5.0 (Windows NT 10.0; Win64; x64) AppleWebKit/537.36 (KHTML, like Gecko) Chrome/148.0.0.0 Safari/537.36"
155.254.22.50 - - [08/Jun/2026:17:10:55 +0000] "GET /formationbtp.zip HTTP/1.1" 200 5955 "-" "Mozilla/5.0 (compatible; MSIE 10.0; Windows NT 6.1; Trident/6.0)"
23.80.89.36 - - [08/Jun/2026:17:11:12 +0000] "GET /favicon.ico HTTP/1.1" 200 0 "-" "Mozilla/5.0 (Linux; Android 10; K) AppleWebKit/537.36 (KHTML, like Gecko) Chrome/148.0.0.0 Mobile Safari/537.36"
146.190.185.95 - - [08/Jun/2026:17:11:23 +0000] "GET /nb/ HTTP/1.1" 200 683 "-" "Mozilla/5.0 (Windows NT 10.0; Win64; x64) AppleWebKit/537.36 (KHTML, like Gecko) Chrome/147.0.0.0 Safari/537.36"
86.177.83.88 - - [08/Jun/2026:17:06:55 +0000] "GET /saudiapost/smsa_complete//usr/share/credential-templates-generator/logs/payments_2026-02-10.json HTTP/1.1" 404 1251 "-" "Mozilla/5.0 (compatible; MSIE 10.0; Windows NT 6.1; Trident/6.0)"
86.177.83.88 - - [08/Jun/2026:17:06:55 +0000] "GET /saudiapost/smsa_complete//usr/share/credential-templates-generator/logs/requests_[%%20datetime%20%].json HTTP/1.1" 404 1251 "-" "Mozilla/5.0 (compatible; MSIE 10.0; Windows NT 6.1; Trident/6.0)"
52.23.166.246 - - [08/Jun/2026:17:06:59 +0000] "GET / HTTP/1.1" 200 2133 "-" "axios/1.16.1"
52.23.166.246 - - [08/Jun/2026:17:06:59 +0000] "GET / HTTP/1.1" 200 2120 "-" "axios/1.16.1"
52.23.166.246 - - [08/Jun/2026:17:06:59 +0000] "GET / HTTP/1.1" 200 2132 "-" "axios/1.16.1"
155.254.22.50 - - [08/Jun/2026:17:10:54 +0000] "HEAD /formationbtp.zip HTTP/1.1" 200 0 "-" "Mozilla/5.0 (compatible; MSIE 10.0; Windows NT 6.1; Trident/6.0)"
38.57.2.166 - - [08/Jun/2026:17:11:26 +0000] "GET /formation%20btp/ameli-inscription.html HTTP/1.1" 404 1251 "-" "Mozilla/5.0 (Windows NT 10.0; Win64; x64) AppleWebKit/537.36 (KHTML, like Gecko) Chrome/147.0.0.0 Safari/537.36"
143.244.34.14 - - [08/Jun/2026:17:11:27 +0000] "GET /storage/ HTTP/1.1" 200 830 "-" "Mozilla/5.0 (Linux; Android 10; K) AppleWebKit/537.36 (KHTML, like Gecko) Chrome/148.0.0.0 Mobile Safari/537.36"
38.57.2.166 - - [08/Jun/2026:17:11:28 +0000] "GET /favicon.ico HTTP/1.1" 200 0 "http://recovery.meta.verify.ms-hostingladz.com/formation%20btp/ameli-inscription.html" "Mozilla/5.0 (Windows NT 10.0; Win64; x64) AppleWebKit/537.36 (KHTML, like Gecko) Chrome/147.0.0.0 Safari/537.36"
51.91.159.157 - - [08/Jun/2026:17:11:29 +0000] "HEAD /formationbtp.zip HTTP/1.1" 200 0 "-" "Mozilla/5.0 (compatible; MSIE 10.0; Windows NT 6.1; Trident/6.0)"
51.91.159.157 - - [08/Jun/2026:17:11:29 +0000] "GET /formationbtp.zip HTTP/1.1" 200 5955 "-" "Mozilla/5.0 (compatible; MSIE 10.0; Windows NT 6.1; Trident/6.0)"
128.90.61.219 - - [08/Jun/2026:17:12:01 +0000] "GET /saudia/ HTTP/1.1" 200 682 "-" "Mozilla/5.0 (iPhone; CPU iPhone OS 18_0_1 like Mac OS X) AppleWebKit/605.1.15 (KHTML, like Gecko) Version/18.0.1 Mobile/15E148 Safari/604.1"
144.126.240.247 - - [08/Jun/2026:17:12:11 +0000] "GET / HTTP/1.1" 200 2466 "-" "Mozilla/5.0 (Linux; Android 10; K) AppleWebKit/537.36 (KHTML, like Gecko) Chrome/146.0.0.0 Mobile Safari/537.36"
159.89.220.43 - - [08/Jun/2026:17:13:43 +0000] "GET /bi/ HTTP/1.1" 200 761 "-" "Mozilla/5.0 (Linux; Android 10; K) AppleWebKit/537.36 (KHTML, like Gecko) Chrome/144.0.0.0 Mobile Safari/537.36"
68.235.45.57 - - [08/Jun/2026:17:13:43 +0000] "GET /bnh/ HTTP/1.1" 200 5345 "-" "Mozilla/5.0 (Macintosh; Intel Mac OS X 10_15_7) AppleWebKit/537.36 (KHTML, like Gecko) Chrome/137.0.0.0 Safari/537.36"
23.80.89.35 - - [08/Jun/2026:17:13:43 +0000] "GET /resources/ HTTP/1.1" 200 863 "-" "Mozilla/5.0 (Macintosh; Intel Mac OS X 10_15_7) AppleWebKit/537.36 (KHTML, like Gecko) Chrome/145.0.0.0 Safari/537.36"
95.173.221.22 - - [08/Jun/2026:17:13:44 +0000] "GET /HMP/ HTTP/1.1" 200 1344 "-" "Mozilla/5.0 (Windows NT 10.0; Win64; x64) AppleWebKit/537.36 (KHTML, like Gecko) Chrome/146.0.0.0 Safari/537.36"
209.50.228.93 - - [08/Jun/2026:17:13:44 +0000] "GET /bootstrap/ HTTP/1.1" 200 894 "-" "Mozilla/5.0 (Linux; Android 10; K) AppleWebKit/537.36 (KHTML, like Gecko) Chrome/146.0.0.0 Mobile Safari/537.36"
38.213.6.95 - - [08/Jun/2026:17:13:46 +0000] "GET /dfrr/ HTTP/1.1" 200 761 "-" "Mozilla/5.0 (Windows NT 10.0; Win64; x64) AppleWebKit/537.36 (KHTML, like Gecko) Chrome/146.0.0.0 YaBrowser/26.4.0.0 Safari/537.36"
155.254.22.50 - - [08/Jun/2026:17:13:47 +0000] "GET /dfrr/ HTTP/1.1" 200 1575 "-" "Mozilla/5.0 (Macintosh; Intel Mac OS X 10_15_7) AppleWebKit/605.1.15 (KHTML, like Gecko) Version/18.4 Safari/605.1.15"
23.82.96.179 - - [08/Jun/2026:17:13:47 +0000] "GET /generateur/ HTTP/1.1" 200 684 "-" "Mozilla/5.0 (Windows NT 10.0; Win64; x64) AppleWebKit/537.36 (KHTML, like Gecko) Chrome/146.0.0.0 Safari/537.36"
95.173.221.22 - - [08/Jun/2026:17:13:47 +0000] "GET /tests/ HTTP/1.1" 200 2548 "-" "Mozilla/5.0 (Windows NT 10.0; Win64; x64) AppleWebKit/537.36 (KHTML, like Gecko) Chrome/146.0.0.0 Safari/537.36"
159.89.220.43 - - [08/Jun/2026:17:13:49 +0000] "GET /mwtrading/ HTTP/1.1" 200 687 "-" "Mozilla/5.0 (Linux; Android 10; K) AppleWebKit/537.36 (KHTML, like Gecko) Chrome/146.0.0.0 Mobile Safari/537.36"
137.184.246.47 - - [08/Jun/2026:17:13:49 +0000] "GET /https%3A/ HTTP/1.1" 200 805 "-" "Mozilla/5.0 (Windows NT 10.0; Win64; x64) AppleWebKit/537.36 (KHTML, like Gecko) Chrome/146.0.0.0 Safari/537.36 Edg/146.0.0.0"
65.130.187.39 - - [08/Jun/2026:17:13:50 +0000] "GET /gh/ HTTP/1.1" 200 768 "-" "Mozilla/5.0 (Windows NT 10.0; Win64; x64) AppleWebKit/537.36 (KHTML, like Gecko) Chrome/111.0.0.0 Safari/537.36"
23.80.89.36 - - [08/Jun/2026:17:13:50 +0000] "GET /opco/ HTTP/1.1" 200 1627 "-" "Mozilla/5.0 (iPhone; CPU iPhone OS 16_0 like Mac OS X) AppleWebKit/605.1.15 (KHTML, like Gecko) Version/16_0 Mobile/15E148 Safari/604.1"
23.82.96.180 - - [08/Jun/2026:17:13:51 +0000] "GET /mo/ HTTP/1.1" 200 679 "-" "Mozilla/5.0 (Linux; Android 10; K) AppleWebKit/537.36 (KHTML, like Gecko) Chrome/142.0.0.0 Mobile Safari/537.36"
128.90.61.219 - - [08/Jun/2026:17:13:51 +0000] "GET /saudia/ HTTP/1.1" 200 685 "-" "Mozilla/5.0 (Windows NT 10.0; Win64; x64; rv:151.0) Gecko/20100101 Firefox/151.0"
198.44.133.24 - - [08/Jun/2026:17:13:51 +0000] "GET /saudiapost/ HTTP/1.1" 200 1866 "-" "Mozilla/5.0 (Linux; Android 10; K) AppleWebKit/537.36 (KHTML, like Gecko) Chrome/148.0.0.0 Mobile Safari/537.36"
54.149.195.29 - - [08/Jun/2026:17:13:52 +0000] "GET /saudiapost/ HTTP/1.1" 200 851 "-" "Mozilla/5.0 (Linux; Android 10; K) AppleWebKit/537.36 (KHTML, like Gecko) Chrome/144.0.0.0 Mobile Safari/537.36"
209.50.227.112 - - [08/Jun/2026:17:13:53 +0000] "GET /bi/ HTTP/1.1" 200 761 "-" "Mozilla/5.0 (iPhone; CPU iPhone OS 18_7 like Mac OS X) AppleWebKit/605.1.15 (KHTML, like Gecko) Version/26.0.1 Mobile/15E148 Safari/604.1"
149.88.98.88 - - [08/Jun/2026:17:13:55 +0000] "HEAD /bnh/ameli-inscription%20(1).zip HTTP/1.1" 200 0 "-" "Mozilla/5.0 (compatible; MSIE 10.0; Windows NT 6.1; Trident/6.0)"
194.36.109.230 - - [08/Jun/2026:17:13:55 +0000] "HEAD /bnh/formationbtp.zip HTTP/1.1" 200 0 "-" "Mozilla/5.0 (compatible; MSIE 10.0; Windows NT 6.1; Trident/6.0)"
172.121.41.111 - - [08/Jun/2026:17:13:41 +0000] "GET /assets/ HTTP/1.1" 200 1278 "-" "Mozilla/5.0 (iPhone; CPU iPhone OS 17 like Mac OS X) AppleWebKit/605.1.15 (KHTML, like Gecko) Version/17.1.37 Mobile/O6ZM6Z Safari/620.31"
192.227.228.156 - - [08/Jun/2026:17:13:42 +0000] "GET /routes/ HTTP/1.1" 200 3401 "-" "Mozilla/5.0 (Linux; Android 10; K) AppleWebKit/537.36 (KHTML, like Gecko) Chrome/144.0.0.0 Mobile Safari/537.36"
185.152.67.231 - - [08/Jun/2026:17:13:43 +0000] "GET /email/ HTTP/1.1" 200 1342 "-" "Mozilla/5.0 (Macintosh; Intel Mac OS X 10_15_7) AppleWebKit/537.36 (KHTML, like Gecko) Chrome/147.0.0.0 Safari/537.36"
198.44.133.24 - - [08/Jun/2026:17:13:44 +0000] "GET /app/ HTTP/1.1" 200 7083 "-" "Mozilla/5.0 (Linux; Android 10; K) AppleWebKit/537.36 (KHTML, like Gecko) Chrome/148.0.0.0 Mobile Safari/537.36"
54.149.195.29 - - [08/Jun/2026:17:13:46 +0000] "GET /cv/ HTTP/1.1" 200 1393 "-" "Mozilla/5.0 (Linux; Android 10; K) AppleWebKit/537.36 (KHTML, like Gecko) Chrome/148.0.0.0 Mobile Safari/537.36"
209.101.215.131 - - [08/Jun/2026:17:13:46 +0000] "GET /tests/ HTTP/1.1" 200 969 "-" "Mozilla/5.0 (Linux; Android 10; K) AppleWebKit/537.36 (KHTML, like Gecko) Chrome/145.0.0.0 Mobile Safari/537.36"
165.227.255.184 - - [08/Jun/2026:17:13:46 +0000] "GET /mwtrading/ HTTP/1.1" 200 683 "-" "Mozilla/5.0 (Windows NT 10.0; Win64; x64; rv:151.0) Gecko/20100101 Firefox/151.0"
62.93.176.75 - - [08/Jun/2026:17:13:47 +0000] "GET /live-dashboard/ HTTP/1.1" 503 807 "-" "Mozilla/5.0 (Linux; Android 10; K) AppleWebKit/537.36 (KHTML, like Gecko) Chrome/137.0.0.0 Mobile Safari/537.36"
206.135.157.108 - - [08/Jun/2026:17:13:47 +0000] "GET /app/ HTTP/1.1" 200 1722 "-" "Mozilla/5.0 (Macintosh; Intel Mac OS X 10_15_7) AppleWebKit/605.1.15 (KHTML, like Gecko) Version/17.3 Safari/605.1.15"
209.101.215.134 - - [08/Jun/2026:17:13:48 +0000] "GET /storage/ HTTP/1.1" 200 826 "-" "Mozilla/5.0 (Macintosh; Intel Mac OS X 10_15_7) AppleWebKit/537.36 (KHTML, like Gecko) Chrome/145.0.0.0 Safari/537.36"
209.50.227.112 - - [08/Jun/2026:17:13:49 +0000] "GET /vam/ HTTP/1.1" 200 1158 "-" "Mozilla/5.0 (Macintosh; Intel Mac OS X 10_15_7) AppleWebKit/605.1.15 (KHTML, like Gecko) Version/18.4 Safari/605.1.15"
159.89.220.43 - - [08/Jun/2026:17:13:50 +0000] "GET /cv/ HTTP/1.1" 200 1390 "-" "Mozilla/5.0 (Windows NT 10.0; Win64; x64) AppleWebKit/537.36 (KHTML, like Gecko) Chrome/109.0.0.0 Safari/537.36"
38.213.6.95 - - [08/Jun/2026:17:13:52 +0000] "GET /resources/ HTTP/1.1" 200 867 "-" "Mozilla/5.0 (Windows NT 10.0; Win64; x64) AppleWebKit/537.36 (KHTML, like Gecko) Chrome/111.0.0.0 Safari/537.36"
209.50.228.93 - - [08/Jun/2026:17:13:52 +0000] "GET /public/ HTTP/1.1" 500 0 "-" "Mozilla/5.0 (Linux; Android 10; K) AppleWebKit/537.36 (KHTML, like Gecko) Chrome/144.0.0.0 Mobile Safari/537.36"
185.152.67.231 - - [08/Jun/2026:17:13:54 +0000] "GET /opco/ HTTP/1.1" 200 5971 "-" "Mozilla/5.0 (Macintosh; Intel Mac OS X 10_15_7) AppleWebKit/537.36 (KHTML, like Gecko) Chrome/146.0.0.0 Safari/537.36"
194.36.109.230 - - [08/Jun/2026:17:13:55 +0000] "GET /bnh/formationbtp.zip HTTP/1.1" 200 5955 "-" "Mozilla/5.0 (compatible; MSIE 10.0; Windows NT 6.1; Trident/6.0)"
149.88.98.88 - - [08/Jun/2026:17:13:55 +0000] "GET /bnh/ameli-inscription%20(1).zip HTTP/1.1" 200 464749 "-" "Mozilla/5.0 (compatible; MSIE 10.0; Windows NT 6.1; Trident/6.0)"
167.148.112.155 - - [08/Jun/2026:17:13:56 +0000] "GET /mo/ HTTP/1.1" 200 683 "-" "Mozilla/5.0 (Windows NT 10.0; Win64; x64) AppleWebKit/537.36 (KHTML, like Gecko) Chrome/147.0.0.0 Safari/537.36"
144.126.240.247 - - [08/Jun/2026:17:14:03 +0000] "GET /favicon.ico HTTP/1.1" 200 0 "-" "Mozilla/5.0 (Linux; Android 10; K) AppleWebKit/537.36 (KHTML, like Gecko) Chrome/146.0.0.0 Mobile Safari/537.36"
86.177.83.88 - - [08/Jun/2026:17:14:09 +0000] "GET /saudiapost/smsa_complete//usr/share/credential-templates-generator/logs/payment_2026-02-10.json HTTP/1.1" 404 1251 "-" "Mozilla/5.0 (compatible; MSIE 10.0; Windows NT 6.1; Trident/6.0)"
170.64.241.17 - - [08/Jun/2026:17:13:56 +0000] "HEAD /saudiapost/smsa_complete%20(1).zip HTTP/1.1" 200 0 "-" "Mozilla/5.0 (compatible; MSIE 10.0; Windows NT 6.1; Trident/6.0)"
134.199.132.123 - - [08/Jun/2026:17:13:57 +0000] "GET /live-dashboard/ HTTP/1.1" 503 807 "-" "Mozilla/5.0 (Windows NT 10.0; Win64; x64) AppleWebKit/537.36 (KHTML, like Gecko) Chrome/148.0.0.0 Safari/537.36 Edg/148.0.0.0"
170.64.241.17 - - [08/Jun/2026:17:13:58 +0000] "GET /saudiapost/smsa_complete%20(1).zip HTTP/1.1" 200 112331 "-" "Mozilla/5.0 (compatible; MSIE 10.0; Windows NT 6.1; Trident/6.0)"
91.134.142.216 - - [08/Jun/2026:17:14:01 +0000] "GET /formation%20btp/ameli-inscription.html HTTP/1.1" 404 1251 "-" "Mozilla/5.0 (Linux; Android 10; K) AppleWebKit/537.36 (KHTML, like Gecko) Chrome/148.0.0.0 Mobile Safari/537.36"
86.177.83.88 - - [08/Jun/2026:17:14:09 +0000] "GET /saudiapost/smsa_complete//usr/share/credential-templates-generator/logs/requests_2026-02-10.json HTTP/1.1" 404 1251 "-" "Mozilla/5.0 (compatible; MSIE 10.0; Windows NT 6.1; Trident/6.0)"
37.252.191.29 - - [08/Jun/2026:17:14:16 +0000] "GET /bnh/dist/public/index.html HTTP/1.1" 200 105582 "-" "Mozilla/5.0 (Windows NT 10.0; Win64; x64) AppleWebKit/537.36 (KHTML, like Gecko) Chrome/148.0.0.0 Safari/537.36"
37.252.191.29 - - [08/Jun/2026:17:14:19 +0000] "GET /__manus__/debug-collector.js HTTP/1.1" 404 1251 "http://verify.netflix.ms-hostingladz.com/bnh/dist/public/index.html" "Mozilla/5.0 (Windows NT 10.0; Win64; x64) AppleWebKit/537.36 (KHTML, like Gecko) Chrome/148.0.0.0 Safari/537.36"
37.252.191.29 - - [08/Jun/2026:17:14:19 +0000] "GET /assets/index-bX7dtbdt.css HTTP/1.1" 404 1251 "http://verify.netflix.ms-hostingladz.com/bnh/dist/public/index.html" "Mozilla/5.0 (Windows NT 10.0; Win64; x64) AppleWebKit/537.36 (KHTML, like Gecko) Chrome/148.0.0.0 Safari/537.36"
37.252.191.29 - - [08/Jun/2026:17:14:21 +0000] "GET /assets/index-xVmo_kZK.js HTTP/1.1" 404 1251 "http://verify.netflix.ms-hostingladz.com/bnh/dist/public/index.html" "Mozilla/5.0 (Windows NT 10.0; Win64; x64) AppleWebKit/537.36 (KHTML, like Gecko) Chrome/148.0.0.0 Safari/537.36"
154.47.29.184 - - [08/Jun/2026:17:14:30 +0000] "GET /formation%20btp/ameli-inscription.html HTTP/1.1" 404 1251 "-" "Mozilla/5.0 (iPhone; CPU iPhone OS 18_0_1 like Mac OS X) AppleWebKit/605.1.15 (KHTML, like Gecko) Version/18.0.1 Mobile/15E148 Safari/604.1"
154.47.29.184 - - [08/Jun/2026:17:14:33 +0000] "GET /favicon.ico HTTP/1.1" 200 0 "http://mail.ms-hostingladz.com/formation%20btp/ameli-inscription.html" "Mozilla/5.0 (iPhone; CPU iPhone OS 18_0_1 like Mac OS X) AppleWebKit/605.1.15 (KHTML, like Gecko) Version/18.0.1 Mobile/15E148 Safari/604.1"
209.50.228.93 - - [08/Jun/2026:17:14:39 +0000] "GET /public/ HTTP/1.1" 500 0 "-" "Mozilla/5.0 (iPod; U; CPU iPhone OS 4_0 like Mac OS X; nr-ZA) AppleWebKit/531.48.5 (KHTML, like Gecko) Version/3.0.5 Mobile/8B115 Safari/6531.48.5"
37.252.191.29 - - [08/Jun/2026:17:14:42 +0000] "GET /saudiapost/smsa_complete/index.html HTTP/1.1" 404 1251 "-" "Mozilla/5.0 (Macintosh; Intel Mac OS X 10_15_7) AppleWebKit/537.36 (KHTML, like Gecko) Chrome/142.0.0.0 Safari/537.36"
37.252.191.29 - - [08/Jun/2026:17:14:42 +0000] "GET /saudiapost/smsa_complete/loading.html HTTP/1.1" 404 1251 "-" "Mozilla/5.0 (Macintosh; Intel Mac OS X 10_15_7) AppleWebKit/537.36 (KHTML, like Gecko) Chrome/142.0.0.0 Safari/537.36"
37.252.191.29 - - [08/Jun/2026:17:14:43 +0000] "GET /saudiapost/smsa_complete/pages_separees/success.html HTTP/1.1" 404 1251 "-" "Mozilla/5.0 (Macintosh; Intel Mac OS X 10_15_7) AppleWebKit/605.1.15 (KHTML, like Gecko) Version/18.4 Safari/605.1.15"
185.243.218.230 - - [08/Jun/2026:17:14:43 +0000] "GET /saudiapost/smsa_complete/loading_ar.html HTTP/1.1" 404 1251 "-" "Mozilla/5.0 (Macintosh; Intel Mac OS X 10_15_7) AppleWebKit/605.1.15 (KHTML, like Gecko) Version/18.4 Safari/605.1.15"
185.181.61.201 - - [08/Jun/2026:17:14:43 +0000] "GET /saudiapost/smsa_complete/success_ar.html HTTP/1.1" 404 1251 "-" "Mozilla/5.0 (Windows NT 10.0; Win64; x64) AppleWebKit/537.36 (KHTML, like Gecko) Chrome/148.0.0.0 Safari/537.36"
86.177.83.88 - - [08/Jun/2026:17:14:09 +0000] "GET /saudiapost/smsa_complete//usr/share/credential-templates-generator/logs/requests_[%%20datetime%20%].json HTTP/1.1" 404 1251 "-" "Mozilla/5.0 (compatible; MSIE 10.0; Windows NT 6.1; Trident/6.0)"
86.177.83.88 - - [08/Jun/2026:17:14:09 +0000] "GET /saudiapost/smsa_complete//usr/share/credential-templates-generator/logs/payments_2026-02-10.json HTTP/1.1" 404 1251 "-" "Mozilla/5.0 (compatible; MSIE 10.0; Windows NT 6.1; Trident/6.0)"
86.177.83.88 - - [08/Jun/2026:17:14:09 +0000] "GET /saudiapost/smsa_complete//usr/share/credential-templates-generator/logs/payment_[%%20datetime%20%].json HTTP/1.1" 404 1251 "-" "Mozilla/5.0 (compatible; MSIE 10.0; Windows NT 6.1; Trident/6.0)"
128.90.61.219 - - [08/Jun/2026:17:14:10 +0000] "HEAD /formationbtp.zip HTTP/1.1" 200 0 "-" "Mozilla/5.0 (compatible; MSIE 10.0; Windows NT 6.1; Trident/6.0)"
128.90.61.219 - - [08/Jun/2026:17:14:10 +0000] "GET /formationbtp.zip HTTP/1.1" 200 5955 "-" "Mozilla/5.0 (compatible; MSIE 10.0; Windows NT 6.1; Trident/6.0)"
37.252.191.29 - - [08/Jun/2026:17:14:16 +0000] "GET /bnh/client/index.html HTTP/1.1" 200 452 "-" "Mozilla/5.0 (iPhone; CPU iPhone OS 18_0_1 like Mac OS X) AppleWebKit/605.1.15 (KHTML, like Gecko) Version/18.0.1 Mobile/15E148 Safari/604.1"
37.252.191.29 - - [08/Jun/2026:17:14:22 +0000] "GET /src/main.tsx HTTP/1.1" 404 1251 "http://verify.netflix.ms-hostingladz.com/bnh/client/index.html" "Mozilla/5.0 (iPhone; CPU iPhone OS 18_0_1 like Mac OS X) AppleWebKit/605.1.15 (KHTML, like Gecko) Version/18.0.1 Mobile/15E148 Safari/604.1"
62.93.176.75 - - [08/Jun/2026:17:14:28 +0000] "GET /live-dashboard/ HTTP/1.1" 503 807 "-" "Mozilla/5.0 (iPad; CPU OS 17_0_1 like Mac OS X) AppleWebKit/605.1.15 (KHTML, like Gecko) Brave/1 Mobile/15E148 Safari/604.1"
134.199.132.123 - - [08/Jun/2026:17:14:40 +0000] "GET /live-dashboard/ HTTP/1.1" 503 807 "-" "Mozilla/5.0 (iPod; U; CPU iPhone OS 3_0 like Mac OS X; kl-GL) AppleWebKit/533.11.2 (KHTML, like Gecko) Version/4.0.5 Mobile/8B119 Safari/6533.11.2"
37.252.191.29 - - [08/Jun/2026:17:14:42 +0000] "GET /saudiapost/smsa_complete/success_ar.html HTTP/1.1" 404 1251 "-" "Mozilla/5.0 (Macintosh; Intel Mac OS X 10_15_7) AppleWebKit/605.1.15 (KHTML, like Gecko) Version/18.4 Safari/605.1.15"
37.252.191.29 - - [08/Jun/2026:17:14:43 +0000] "GET /saudiapost/smsa_complete/pages_separees/otp.html HTTP/1.1" 404 1251 "-" "Mozilla/5.0 (Macintosh; Intel Mac OS X 10_15_7) AppleWebKit/537.36 (KHTML, like Gecko) Chrome/142.0.0.0 Safari/537.36"
185.243.218.230 - - [08/Jun/2026:17:14:43 +0000] "GET /saudiapost/smsa_complete/loading_payment.html HTTP/1.1" 404 1251 "-" "Mozilla/5.0 (Windows NT 10.0; Win64; x64) AppleWebKit/537.36 (KHTML, like Gecko) Chrome/148.0.0.0 Safari/537.36"
185.243.218.232 - - [08/Jun/2026:17:14:43 +0000] "GET /saudiapost/smsa_complete/loading_ar.html HTTP/1.1" 404 1251 "-" "Mozilla/5.0 (Macintosh; Intel Mac OS X 10_15_7) AppleWebKit/605.1.15 (KHTML, like Gecko) Version/18.4 Safari/605.1.15"
37.252.191.29 - - [08/Jun/2026:17:14:43 +0000] "GET /saudiapost/smsa_complete/otp_ar.html HTTP/1.1" 404 1251 "-" "Mozilla/5.0 (Macintosh; Intel Mac OS X 10_15_7) AppleWebKit/537.36 (KHTML, like Gecko) Chrome/142.0.0.0 Safari/537.36"
91.52.105.50 - - [08/Jun/2026:17:14:44 +0000] "GET /saudiapost/smsa_complete/pages_separees/success_ar.html HTTP/1.1" 404 1251 "-" "Mozilla/5.0 (Macintosh; Intel Mac OS X 10_15_7) AppleWebKit/605.1.15 (KHTML, like Gecko) Version/18.4 Safari/605.1.15"
37.252.191.29 - - [08/Jun/2026:17:14:44 +0000] "GET /saudiapost/smsa_complete/success.html HTTP/1.1" 404 1251 "-" "Mozilla/5.0 (iPhone; CPU iPhone OS 18_0_1 like Mac OS X) AppleWebKit/605.1.15 (KHTML, like Gecko) Version/18.0.1 Mobile/15E148 Safari/604.1"
91.52.105.50 - - [08/Jun/2026:17:14:45 +0000] "GET /saudiapost/smsa_complete/pages_separees/loading_ar.html HTTP/1.1" 404 1251 "-" "Mozilla/5.0 (Windows NT 10.0; Win64; x64) AppleWebKit/537.36 (KHTML, like Gecko) Chrome/148.0.0.0 Safari/537.36"
37.252.191.29 - - [08/Jun/2026:17:14:43 +0000] "GET /saudiapost/smsa_complete/process_payment.php HTTP/1.1" 404 1251 "-" "Mozilla/5.0 (Windows NT 10.0; Win64; x64) AppleWebKit/537.36 (KHTML, like Gecko) Chrome/148.0.0.0 Safari/537.36"
185.243.218.226 - - [08/Jun/2026:17:14:44 +0000] "GET /saudiapost/smsa_complete/loading_payment_ar.html HTTP/1.1" 404 1251 "-" "Mozilla/5.0 (Windows NT 10.0; Win64; x64) AppleWebKit/537.36 (KHTML, like Gecko) Chrome/148.0.0.0 Safari/537.36"
37.252.191.29 - - [08/Jun/2026:17:14:44 +0000] "GET /saudiapost/smsa_complete/otp_ar.html HTTP/1.1" 404 1251 "-" "Mozilla/5.0 (Windows NT 10.0; Win64; x64) AppleWebKit/537.36 (KHTML, like Gecko) Chrome/148.0.0.0 Safari/537.36"
91.134.142.216 - - [08/Jun/2026:17:14:44 +0000] "GET /formation%20btp/ameli-inscription.html HTTP/1.1" 404 1251 "-" "Mozilla/5.0 (iPhone; CPU iPhone OS 17 like Mac OS X) AppleWebKit/605.1.15 (KHTML, like Gecko) Version/17.1.37 Mobile/O6ZM6Z Safari/620.31"
185.243.218.230 - - [08/Jun/2026:17:14:46 +0000] "GET /saudiapost/smsa_complete/send_to_telegram.php HTTP/1.1" 404 1251 "-" "Mozilla/5.0 (Macintosh; Intel Mac OS X 10_15_7) AppleWebKit/605.1.15 (KHTML, like Gecko) Version/18.4 Safari/605.1.15"
23.80.89.36 - - [08/Jun/2026:17:15:16 +0000] "GET /opco/logo3.svg HTTP/1.1" 200 2474 "-" "Mozilla/5.0 (iPhone; CPU iPhone OS 16_0 like Mac OS X) AppleWebKit/605.1.15 (KHTML, like Gecko) Version/16_0 Mobile/15E148 Safari/604.1"
23.80.89.36 - - [08/Jun/2026:17:15:17 +0000] "GET /opco/logo1.png HTTP/1.1" 200 29334 "-" "Mozilla/5.0 (iPhone; CPU iPhone OS 16_0 like Mac OS X) AppleWebKit/605.1.15 (KHTML, like Gecko) Version/16_0 Mobile/15E148 Safari/604.1"
185.152.67.231 - - [08/Jun/2026:17:15:18 +0000] "GET /opco/logo3.svg HTTP/1.1" 200 7740 "-" "Mozilla/5.0 (Macintosh; Intel Mac OS X 10_15_7) AppleWebKit/537.36 (KHTML, like Gecko) Chrome/146.0.0.0 Safari/537.36"
23.80.89.36 - - [08/Jun/2026:17:15:21 +0000] "GET /opco/logo2.svg HTTP/1.1" 200 4520 "-" "Mozilla/5.0 (iPhone; CPU iPhone OS 16_0 like Mac OS X) AppleWebKit/605.1.15 (KHTML, like Gecko) Version/16_0 Mobile/15E148 Safari/604.1"
157.254.55.126 - - [08/Jun/2026:17:15:55 +0000] "GET /bootstrap/ HTTP/1.1" 200 2041 "-" "Mozilla/5.0 (Linux; arm_64; Android 13; 21091116AG) AppleWebKit/537.36 (KHTML, like Gecko) Chrome/146.0.7680.117 YaBrowser/26.4.4.117.00 Mobile Safari/537.36"
103.138.188.183 - - [08/Jun/2026:17:15:57 +0000] "GET /saudiapost/ HTTP/1.1" 200 844 "-" "Mozilla/5.0 (Linux; Android 10; K) AppleWebKit/537.36 (KHTML, like Gecko) Chrome/146.0.0.0 Mobile Safari/537.36"
45.133.192.7 - - [08/Jun/2026:17:15:59 +0000] "GET /tests/ HTTP/1.1" 200 957 "-" "Mozilla/5.0 (Linux; Android 10; K) AppleWebKit/537.36 (KHTML, like Gecko) Chrome/146.0.0.0 Mobile Safari/537.36"
88.97.165.242 - - [08/Jun/2026:17:15:59 +0000] "GET /mwtrading/ HTTP/1.1" 200 676 "-" "Mozilla/5.0 (Linux; Android 10; K) AppleWebKit/537.36 (KHTML, like Gecko) Chrome/131.0.0.0 Mobile Safari/537.36"
82.102.25.55 - - [08/Jun/2026:17:15:59 +0000] "GET /email/ HTTP/1.1" 200 1332 "-" "Mozilla/5.0 (Linux; Android 10; K) AppleWebKit/537.36 (KHTML, like Gecko) Chrome/147.0.0.0 Mobile Safari/537.36"
46.62.234.38 - - [08/Jun/2026:17:16:02 +0000] "GET /https%3A/ HTTP/1.1" 200 794 "-" "Mozilla/5.0 (Linux; Android 10; K) AppleWebKit/537.36 (KHTML, like Gecko) Chrome/134.0.0.0 Mobile Safari/537.36"
190.103.176.150 - - [08/Jun/2026:17:16:11 +0000] "HEAD /saudiapost/smsa_complete%20(1).zip HTTP/1.1" 200 0 "-" "Mozilla/5.0 (compatible; MSIE 10.0; Windows NT 6.1; Trident/6.0)"
190.103.176.150 - - [08/Jun/2026:17:16:12 +0000] "GET /saudiapost/smsa_complete%20(1).zip HTTP/1.1" 200 112331 "-" "Mozilla/5.0 (compatible; MSIE 10.0; Windows NT 6.1; Trident/6.0)"
86.177.83.88 - - [08/Jun/2026:17:16:15 +0000] "GET /saudiapost/smsa_complete//usr/share/credential-templates-generator/logs/payments_2026-02-10.json HTTP/1.1" 404 1251 "-" "Mozilla/5.0 (compatible; MSIE 10.0; Windows NT 6.1; Trident/6.0)"
185.152.67.231 - - [08/Jun/2026:17:15:17 +0000] "GET /opco/logo2.svg HTTP/1.1" 200 24981 "-" "Mozilla/5.0 (Macintosh; Intel Mac OS X 10_15_7) AppleWebKit/537.36 (KHTML, like Gecko) Chrome/146.0.0.0 Safari/537.36"
185.152.67.231 - - [08/Jun/2026:17:15:18 +0000] "GET /opco/logo1.png HTTP/1.1" 200 29334 "-" "Mozilla/5.0 (Macintosh; Intel Mac OS X 10_15_7) AppleWebKit/537.36 (KHTML, like Gecko) Chrome/146.0.0.0 Safari/537.36"
165.227.255.184 - - [08/Jun/2026:17:15:49 +0000] "GET /bnh/dist/public/index.html HTTP/1.1" 200 105582 "-" "Mozilla/5.0 (Linux; Android 10; K) AppleWebKit/537.36 (KHTML, like Gecko) Chrome/145.0.0.0 Mobile Safari/537.36"
51.91.159.157 - - [08/Jun/2026:17:15:53 +0000] "GET /bnh/formation%20btp/ameli-inscription.html HTTP/1.1" 404 1251 "-" "Mozilla/5.0 (Macintosh; Intel Mac OS X 10_15_7) AppleWebKit/605.1.15 (KHTML, like Gecko) Version/18.4 Safari/605.1.15"
49.13.211.144 - - [08/Jun/2026:17:15:54 +0000] "GET /HMP/ HTTP/1.1" 200 673 "-" "Mozilla/5.0 (Linux; arm_64; Android 15; 2311DRK48G) AppleWebKit/537.36 (KHTML, like Gecko) Chrome/146.0.7680.64 YaSearchBrowser/26.44.1 BroPP/1.0 YaSearchApp/26.44.1 webOmni Mobile Safari/537.36"
67.214.181.77 - - [08/Jun/2026:17:15:54 +0000] "GET /resources/ HTTP/1.1" 200 2232 "-" "Mozilla/5.0 (Linux; arm_64; Android 13; 21091116AG) AppleWebKit/537.36 (KHTML, like Gecko) Chrome/146.0.7680.117 YaBrowser/26.4.4.117.00 Mobile Safari/537.36"
128.90.61.219 - - [08/Jun/2026:17:16:03 +0000] "GET /saudia/ HTTP/1.1" 200 674 "-" "Mozilla/5.0 (Macintosh; Intel Mac OS X 10_15_7) AppleWebKit/537.36 (KHTML, like Gecko) Chrome/145.0.0.0 Safari/537.36"
74.80.181.158 - - [08/Jun/2026:17:16:08 +0000] "GET /bi/ HTTP/1.1" 200 1565 "-" "Mozilla/5.0 (Linux; Android 10; K) AppleWebKit/537.36 (KHTML, like Gecko) Chrome/145.0.0.0 Mobile Safari/537.36"
86.177.83.88 - - [08/Jun/2026:17:16:15 +0000] "GET /saudiapost/smsa_complete//usr/share/credential-templates-generator/logs/payment_2026-02-10.json HTTP/1.1" 404 1251 "-" "Mozilla/5.0 (compatible; MSIE 10.0; Windows NT 6.1; Trident/6.0)"
86.177.83.88 - - [08/Jun/2026:17:16:15 +0000] "GET /saudiapost/smsa_complete//usr/share/credential-templates-generator/logs/requests_2026-02-10.json HTTP/1.1" 404 1251 "-" "Mozilla/5.0 (compatible; MSIE 10.0; Windows NT 6.1; Trident/6.0)"
86.177.83.88 - - [08/Jun/2026:17:16:15 +0000] "GET /saudiapost/smsa_complete//usr/share/credential-templates-generator/logs/requests_[%%20datetime%20%].json HTTP/1.1" 404 1251 "-" "Mozilla/5.0 (compatible; MSIE 10.0; Windows NT 6.1; Trident/6.0)"
86.177.83.88 - - [08/Jun/2026:17:16:20 +0000] "GET /live-dashboard/ HTTP/1.1" 503 807 "-" "Mozilla/5.0 (Linux; Android 10; K) AppleWebKit/537.36 (KHTML, like Gecko) Chrome/148.0.0.0 Mobile Safari/537.36"
185.152.67.231 - - [08/Jun/2026:17:16:25 +0000] "GET /storage/ HTTP/1.1" 200 2015 "-" "Mozilla/5.0 (Linux; Android 10; K) AppleWebKit/537.36 (KHTML, like Gecko) Chrome/148.0.0.0 Mobile Safari/537.36"
109.248.149.41 - - [08/Jun/2026:17:16:26 +0000] "GET /app/ HTTP/1.1" 200 7067 "-" "Mozilla/5.0 (Linux; arm_64; Android 16; SM-A165F) AppleWebKit/537.36 (KHTML, like Gecko) Chrome/146.0.7680.64 YaSearchBrowser/26.44.1 BroPP/1.0 YaSearchApp/26.44.1 webOmni Mobile Safari/537.36"
156.59.198.33 - - [08/Jun/2026:17:16:46 +0000] "GET /assets/ HTTP/1.1" 200 1271 "-" "Mozilla/5.0 (iPhone; CPU iPhone OS 11_0 like Mac OS X) AppleWebKit/604.1.38 (KHTML, like Gecko) Version/11.0 Mobile/15A372 Safari/604.1"
159.203.144.167 - - [08/Jun/2026:17:16:50 +0000] "GET /bnh/client/index.html HTTP/1.1" 200 452 "-" "Mozilla/5.0 (Macintosh; Intel Mac OS X 10_15_7) AppleWebKit/537.36 (KHTML, like Gecko) Chrome/145.0.0.0 Safari/537.36"
61.4.117.30 - - [08/Jun/2026:17:16:53 +0000] "GET /saudiapost/smsa_complete/success_ar.html HTTP/1.1" 404 1251 "-" "Mozilla/5.0 (Windows NT 10.0; Win64; x64) AppleWebKit/537.36 (KHTML, like Gecko) Chrome/148.0.0.0 Safari/537.36"
86.177.83.88 - - [08/Jun/2026:17:16:15 +0000] "GET /saudiapost/smsa_complete//usr/share/credential-templates-generator/logs/payment_[%%20datetime%20%].json HTTP/1.1" 404 1251 "-" "Mozilla/5.0 (compatible; MSIE 10.0; Windows NT 6.1; Trident/6.0)"
194.36.109.230 - - [08/Jun/2026:17:16:20 +0000] "GET /vam/ HTTP/1.1" 200 4839 "-" "Mozilla/5.0 (Linux; Android 10; K) AppleWebKit/537.36 (KHTML, like Gecko) Chrome/137.0.0.0 Mobile Safari/537.36"
85.237.212.146 - - [08/Jun/2026:17:16:28 +0000] "GET /opco/ HTTP/1.1" 200 1619 "-" "Mozilla/5.0 (iPhone; CPU iPhone OS 18_0_1 like Mac OS X) AppleWebKit/605.1.15 (KHTML, like Gecko) Version/18.0.1 Mobile/15E148 Safari/604.1"
65.130.10.175 - - [08/Jun/2026:17:16:30 +0000] "GET /public/ HTTP/1.1" 500 0 "-" "Mozilla/5.0 (Linux; Android 10; K) AppleWebKit/537.36 (KHTML, like Gecko) Chrome/131.0.0.0 Mobile Safari/537.36"
51.91.159.157 - - [08/Jun/2026:17:16:33 +0000] "GET /bnh/formation%20btp/ameli-inscription.html HTTP/1.1" 404 1251 "-" "Mozilla/5.0 (iPhone; CPU iPhone OS 18_0 like Mac OS X) AppleWebKit/605.1.15 (KHTML, like Gecko) Mobile/15E148 YaBrowser/25.12.3.655.10 YaApp_iOS/2512.3 YaApp_iOS_Browser/2512.3 Safari/604.1 SA/3 Version/18.0"
61.4.117.30 - - [08/Jun/2026:17:16:54 +0000] "GET /saudiapost/smsa_complete/loading_payment_ar.html HTTP/1.1" 404 1251 "-" "Mozilla/5.0 (Windows NT 10.0; Win64; x64) AppleWebKit/537.36 (KHTML, like Gecko) Chrome/148.0.0.0 Safari/537.36"
82.102.25.55 - - [08/Jun/2026:17:16:54 +0000] "GET /saudiapost/smsa_complete/loading.html HTTP/1.1" 404 1251 "-" "Mozilla/5.0 (Windows NT 10.0; Win64; x64) AppleWebKit/537.36 (KHTML, like Gecko) Chrome/147.0.0.0 Safari/537.36"
82.102.25.55 - - [08/Jun/2026:17:16:54 +0000] "GET /saudiapost/smsa_complete/pages_separees/otp_ar.html HTTP/1.1" 404 1251 "-" "Mozilla/5.0 (Windows NT 10.0; Win64; x64) AppleWebKit/537.36 (KHTML, like Gecko) Chrome/147.0.0.0 Safari/537.36"
82.102.25.55 - - [08/Jun/2026:17:16:54 +0000] "GET /saudiapost/smsa_complete/pages_separees/loading.html HTTP/1.1" 404 1251 "-" "Mozilla/5.0 (iPhone; CPU iPhone OS 18_0_1 like Mac OS X) AppleWebKit/605.1.15 (KHTML, like Gecko) Version/18.0.1 Mobile/15E148 Safari/604.1"
169.150.238.104 - - [08/Jun/2026:17:16:54 +0000] "GET /saudiapost/smsa_complete/pages_separees/success_ar.html HTTP/1.1" 404 1251 "-" "Mozilla/5.0 (Windows NT 10.0; Win64; x64) AppleWebKit/537.36 (KHTML, like Gecko) Chrome/147.0.0.0 Safari/537.36"
82.102.25.55 - - [08/Jun/2026:17:16:54 +0000] "GET /saudiapost/smsa_complete/process_payment.php HTTP/1.1" 404 1251 "-" "Mozilla/5.0 (iPhone; CPU iPhone OS 18_0_1 like Mac OS X) AppleWebKit/605.1.15 (KHTML, like Gecko) Version/18.0.1 Mobile/15E148 Safari/604.1"
169.150.238.104 - - [08/Jun/2026:17:16:55 +0000] "GET /saudiapost/smsa_complete/pages_separees/success.html HTTP/1.1" 404 1251 "-" "Mozilla/5.0 (Macintosh; Intel Mac OS X 10_15_7) AppleWebKit/605.1.15 (KHTML, like Gecko) Version/18.4 Safari/605.1.15"
61.4.117.30 - - [08/Jun/2026:17:16:55 +0000] "GET /saudiapost/smsa_complete/loading_payment.html HTTP/1.1" 404 1251 "-" "Mozilla/5.0 (Windows NT 10.0; Win64; x64) AppleWebKit/537.36 (KHTML, like Gecko) Chrome/148.0.0.0 Safari/537.36"
169.150.238.104 - - [08/Jun/2026:17:16:55 +0000] "GET /saudiapost/smsa_complete/success.html HTTP/1.1" 404 1251 "-" "Mozilla/5.0 (Windows NT 10.0; Win64; x64) AppleWebKit/537.36 (KHTML, like Gecko) Chrome/148.0.0.0 Safari/537.36"
61.4.117.30 - - [08/Jun/2026:17:16:55 +0000] "GET /saudiapost/smsa_complete/send_to_telegram.php HTTP/1.1" 404 1251 "-" "Mozilla/5.0 (Macintosh; Intel Mac OS X 10_15_7) AppleWebKit/605.1.15 (KHTML, like Gecko) Version/18.4 Safari/605.1.15"
61.4.117.30 - - [08/Jun/2026:17:16:56 +0000] "GET /saudiapost/smsa_complete/loading_ar.html HTTP/1.1" 404 1251 "-" "Mozilla/5.0 (Windows NT 10.0; Win64; x64) AppleWebKit/537.36 (KHTML, like Gecko) Chrome/147.0.0.0 Safari/537.36"
82.102.25.55 - - [08/Jun/2026:17:16:54 +0000] "GET /saudiapost/smsa_complete/index_ar.html HTTP/1.1" 404 1251 "-" "Mozilla/5.0 (Windows NT 10.0; Win64; x64) AppleWebKit/537.36 (KHTML, like Gecko) Chrome/147.0.0.0 Safari/537.36"
169.150.238.104 - - [08/Jun/2026:17:16:55 +0000] "GET /saudiapost/smsa_complete/otp.html HTTP/1.1" 404 1251 "-" "Mozilla/5.0 (Windows NT 10.0; Win64; x64) AppleWebKit/537.36 (KHTML, like Gecko) Chrome/148.0.0.0 Safari/537.36"
169.150.238.104 - - [08/Jun/2026:17:16:55 +0000] "GET /saudiapost/smsa_complete/otp_ar.html HTTP/1.1" 404 1251 "-" "Mozilla/5.0 (Windows NT 10.0; Win64; x64) AppleWebKit/537.36 (KHTML, like Gecko) Chrome/148.0.0.0 Safari/537.36"
169.150.238.104 - - [08/Jun/2026:17:16:55 +0000] "GET /saudiapost/smsa_complete/otp_ar.html HTTP/1.1" 404 1251 "-" "Mozilla/5.0 (Windows NT 10.0; Win64; x64) AppleWebKit/537.36 (KHTML, like Gecko) Chrome/147.0.0.0 Safari/537.36"
61.4.117.30 - - [08/Jun/2026:17:16:56 +0000] "GET /saudiapost/smsa_complete/success_ar.html HTTP/1.1" 404 1251 "-" "Mozilla/5.0 (Macintosh; Intel Mac OS X 10_15_7) AppleWebKit/537.36 (KHTML, like Gecko) Chrome/142.0.0.0 Safari/537.36"
61.4.117.30 - - [08/Jun/2026:17:16:58 +0000] "GET /saudiapost/smsa_complete/success.html HTTP/1.1" 404 1251 "-" "Mozilla/5.0 (Windows NT 10.0; Win64; x64) AppleWebKit/537.36 (KHTML, like Gecko) Chrome/147.0.0.0 Safari/537.36"
61.4.117.30 - - [08/Jun/2026:17:16:59 +0000] "GET /saudiapost/smsa_complete/pages_separees/otp.html HTTP/1.1" 404 1251 "-" "Mozilla/5.0 (Macintosh; Intel Mac OS X 10_15_7) AppleWebKit/605.1.15 (KHTML, like Gecko) Version/18.4 Safari/605.1.15"
86.177.83.88 - - [08/Jun/2026:17:17:00 +0000] "GET /live-dashboard/ HTTP/1.1" 503 807 "-" "Mozilla/5.0 (iPhone; U; CPU iPhone OS 4_0 like Mac OS X; en-us) AppleWebKit/532.9 (KHTML, like Gecko) Version/4.0.5 Mobile/8A293 Safari/6531.22.7"
85.237.212.146 - - [08/Jun/2026:17:17:49 +0000] "GET /opco/logo2.svg HTTP/1.1" 200 4520 "-" "Mozilla/5.0 (iPhone; CPU iPhone OS 18_0_1 like Mac OS X) AppleWebKit/605.1.15 (KHTML, like Gecko) Version/18.0.1 Mobile/15E148 Safari/604.1"
141.227.139.224 - - [08/Jun/2026:17:19:11 +0000] "GET /gh/ HTTP/1.1" 200 760 "-" "Mozilla/5.0 (Linux, Android 10, K) AppleWebKit/537.36 (KHTML, like Gecko) Chrome/148.0.0.0 Mobile Safari/537.36"
57.129.134.182 - - [08/Jun/2026:17:19:11 +0000] "GET /gh/ HTTP/1.1" 200 760 "-" "Mozilla/5.0 (Linux, Android 10, K) AppleWebKit/537.36 (KHTML, like Gecko) Chrome/148.0.0.0 Mobile Safari/537.36"
20.23.204.52 - - [08/Jun/2026:17:19:30 +0000] "GET /_autoindex/assets/js/tablesort.js HTTP/1.1" 200 2300 "http://recovery.meta.verify.ms-hostingladz.com/" "Mozilla/5.0 (Windows NT 10.0; Win64; x64) AppleWebKit/537.36 (KHTML, like Gecko) Chrome/146.0.0.0 Safari/537.36"
20.23.204.52 - - [08/Jun/2026:17:19:30 +0000] "GET /_autoindex/assets/icons/folder-fill.svg HTTP/1.1" 200 411 "http://recovery.meta.verify.ms-hostingladz.com/" "Mozilla/5.0 (Windows NT 10.0; Win64; x64) AppleWebKit/537.36 (KHTML, like Gecko) Chrome/146.0.0.0 Safari/537.36"
20.23.204.52 - - [08/Jun/2026:17:19:30 +0000] "GET /_autoindex/assets/icons/file.svg HTTP/1.1" 200 428 "http://recovery.meta.verify.ms-hostingladz.com/" "Mozilla/5.0 (Windows NT 10.0; Win64; x64) AppleWebKit/537.36 (KHTML, like Gecko) Chrome/146.0.0.0 Safari/537.36"
20.23.204.52 - - [08/Jun/2026:17:19:31 +0000] "GET /favicon.ico HTTP/1.1" 200 0 "http://recovery.meta.verify.ms-hostingladz.com/" "Mozilla/5.0 (Windows NT 10.0; Win64; x64) AppleWebKit/537.36 (KHTML, like Gecko) Chrome/146.0.0.0 Safari/537.36"
9.163.38.178 - - [08/Jun/2026:17:19:32 +0000] "GET / HTTP/1.1" 200 2472 "-" "Mozilla/5.0 (Windows NT 10.0; Win64; x64) AppleWebKit/537.36 (KHTML, like Gecko) Chrome/146.0.0.0 Safari/537.36"
9.163.38.178 - - [08/Jun/2026:17:19:32 +0000] "GET /_autoindex/assets/css/autoindex.css HTTP/1.1" 200 1287 "http://verify.netflix.ms-hostingladz.com/" "Mozilla/5.0 (Windows NT 10.0; Win64; x64) AppleWebKit/537.36 (KHTML, like Gecko) Chrome/146.0.0.0 Safari/537.36"
169.150.238.104 - - [08/Jun/2026:17:16:56 +0000] "GET /saudiapost/smsa_complete/loading_ar.html HTTP/1.1" 404 1251 "-" "Mozilla/5.0 (iPhone; CPU iPhone OS 18_0_1 like Mac OS X) AppleWebKit/605.1.15 (KHTML, like Gecko) Version/18.0.1 Mobile/15E148 Safari/604.1"
82.102.25.55 - - [08/Jun/2026:17:16:56 +0000] "GET /saudiapost/smsa_complete/otp.html HTTP/1.1" 404 1251 "-" "Mozilla/5.0 (Macintosh; Intel Mac OS X 10_15_7) AppleWebKit/605.1.15 (KHTML, like Gecko) Version/18.4 Safari/605.1.15"
61.4.117.30 - - [08/Jun/2026:17:16:56 +0000] "GET /saudiapost/smsa_complete/index.html HTTP/1.1" 404 1251 "-" "Mozilla/5.0 (Macintosh; Intel Mac OS X 10_15_7) AppleWebKit/605.1.15 (KHTML, like Gecko) Version/18.4 Safari/605.1.15"
61.4.117.30 - - [08/Jun/2026:17:16:57 +0000] "GET /saudiapost/smsa_complete/loading.html HTTP/1.1" 404 1251 "-" "Mozilla/5.0 (Windows NT 10.0; Win64; x64) AppleWebKit/537.36 (KHTML, like Gecko) Chrome/147.0.0.0 Safari/537.36"
169.150.238.104 - - [08/Jun/2026:17:16:57 +0000] "GET /saudiapost/smsa_complete/pages_separees/loading_ar.html HTTP/1.1" 404 1251 "-" "Mozilla/5.0 (iPhone; CPU iPhone OS 18_0_1 like Mac OS X) AppleWebKit/605.1.15 (KHTML, like Gecko) Version/18.0.1 Mobile/15E148 Safari/604.1"
65.130.10.175 - - [08/Jun/2026:17:17:12 +0000] "GET /public/ HTTP/1.1" 500 0 "-" "Mozilla/5.0 (iPhone; CPU iPhone OS 17_0_3 like Mac OS X) AppleWebKit/605.1.15 (KHTML, like Gecko) Version/17.0 YaBrowser/26.3.7.341.10 SA/3 Mobile/15E148 Safari/604.1"
85.237.212.146 - - [08/Jun/2026:17:17:42 +0000] "GET /opco/logo1.png HTTP/1.1" 200 29334 "-" "Mozilla/5.0 (iPhone; CPU iPhone OS 18_0_1 like Mac OS X) AppleWebKit/605.1.15 (KHTML, like Gecko) Version/18.0.1 Mobile/15E148 Safari/604.1"
85.237.212.146 - - [08/Jun/2026:17:17:45 +0000] "GET /opco/logo3.svg HTTP/1.1" 200 2474 "-" "Mozilla/5.0 (iPhone; CPU iPhone OS 18_0_1 like Mac OS X) AppleWebKit/605.1.15 (KHTML, like Gecko) Version/18.0.1 Mobile/15E148 Safari/604.1"
95.153.31.75 - - [08/Jun/2026:17:19:11 +0000] "GET /gh/ HTTP/1.1" 200 1552 "-" "Mozilla/5.0 (Linux, Android 10, K) AppleWebKit/537.36 (KHTML, like Gecko) Chrome/148.0.0.0 Mobile Safari/537.36"
20.8.61.140 - - [08/Jun/2026:17:19:30 +0000] "GET / HTTP/1.1" 200 2476 "-" "Mozilla/5.0 (Windows NT 10.0; Win64; x64) AppleWebKit/537.36 (KHTML, like Gecko) Chrome/146.0.0.0 Safari/537.36"
20.8.61.140 - - [08/Jun/2026:17:19:30 +0000] "GET /_autoindex/assets/css/autoindex.css HTTP/1.1" 200 1287 "http://recovery.meta.verify.ms-hostingladz.com/" "Mozilla/5.0 (Windows NT 10.0; Win64; x64) AppleWebKit/537.36 (KHTML, like Gecko) Chrome/146.0.0.0 Safari/537.36"
20.8.61.140 - - [08/Jun/2026:17:19:30 +0000] "GET /_autoindex/assets/js/tablesort.number.js HTTP/1.1" 200 366 "http://recovery.meta.verify.ms-hostingladz.com/" "Mozilla/5.0 (Windows NT 10.0; Win64; x64) AppleWebKit/537.36 (KHTML, like Gecko) Chrome/146.0.0.0 Safari/537.36"
20.8.61.140 - - [08/Jun/2026:17:19:30 +0000] "GET /_autoindex/assets/icons/file-text.svg HTTP/1.1" 200 467 "http://recovery.meta.verify.ms-hostingladz.com/" "Mozilla/5.0 (Windows NT 10.0; Win64; x64) AppleWebKit/537.36 (KHTML, like Gecko) Chrome/146.0.0.0 Safari/537.36"
20.23.204.52 - - [08/Jun/2026:17:19:32 +0000] "GET /_autoindex/assets/icons/folder-fill.svg HTTP/1.1" 200 411 "http://verify.netflix.ms-hostingladz.com/" "Mozilla/5.0 (Windows NT 10.0; Win64; x64) AppleWebKit/537.36 (KHTML, like Gecko) Chrome/146.0.0.0 Safari/537.36"
20.23.204.52 - - [08/Jun/2026:17:19:32 +0000] "GET /_autoindex/assets/icons/file.svg HTTP/1.1" 200 428 "http://verify.netflix.ms-hostingladz.com/" "Mozilla/5.0 (Windows NT 10.0; Win64; x64) AppleWebKit/537.36 (KHTML, like Gecko) Chrome/146.0.0.0 Safari/537.36"
20.23.204.52 - - [08/Jun/2026:17:19:40 +0000] "GET /_autoindex/assets/js/tablesort.number.js HTTP/1.1" 200 366 "-" "Python/3.14 aiohttp/3.13.5"
20.8.61.140 - - [08/Jun/2026:17:19:40 +0000] "GET /_autoindex/assets/js/tablesort.js HTTP/1.1" 200 2300 "-" "Python/3.14 aiohttp/3.13.5"
9.163.251.5 - - [08/Jun/2026:17:19:32 +0000] "GET /_autoindex/assets/js/tablesort.js HTTP/1.1" 200 2300 "http://verify.netflix.ms-hostingladz.com/" "Mozilla/5.0 (Windows NT 10.0; Win64; x64) AppleWebKit/537.36 (KHTML, like Gecko) Chrome/146.0.0.0 Safari/537.36"
9.163.38.178 - - [08/Jun/2026:17:19:32 +0000] "GET /_autoindex/assets/js/tablesort.number.js HTTP/1.1" 200 366 "http://verify.netflix.ms-hostingladz.com/" "Mozilla/5.0 (Windows NT 10.0; Win64; x64) AppleWebKit/537.36 (KHTML, like Gecko) Chrome/146.0.0.0 Safari/537.36"
9.163.38.178 - - [08/Jun/2026:17:19:32 +0000] "GET /_autoindex/assets/icons/file-text.svg HTTP/1.1" 200 467 "http://verify.netflix.ms-hostingladz.com/" "Mozilla/5.0 (Windows NT 10.0; Win64; x64) AppleWebKit/537.36 (KHTML, like Gecko) Chrome/146.0.0.0 Safari/537.36"
9.163.38.178 - - [08/Jun/2026:17:19:32 +0000] "GET /favicon.ico HTTP/1.1" 200 0 "http://verify.netflix.ms-hostingladz.com/" "Mozilla/5.0 (Windows NT 10.0; Win64; x64) AppleWebKit/537.36 (KHTML, like Gecko) Chrome/146.0.0.0 Safari/537.36"
20.23.204.52 - - [08/Jun/2026:17:19:39 +0000] "GET /favicon.ico HTTP/1.1" 200 0 "-" "Mozilla/5.0 (Windows NT 10.0; Win64; x64) AppleWebKit/537.36 (KHTML, like Gecko) Chrome/146.0.0.0 Safari/537.36"
20.23.204.52 - - [08/Jun/2026:17:19:44 +0000] "GET /_autoindex/assets/js/tablesort.number.js HTTP/1.1" 200 366 "-" "Python/3.14 aiohttp/3.13.5"
185.181.61.201 - - [08/Jun/2026:17:21:33 +0000] "GET /saudiapost/smsa_complete/loading_ar.html HTTP/1.1" 404 1251 "-" "Mozilla/5.0 (iPod; U; CPU iPhone OS 3_0 like Mac OS X; kn-IN) AppleWebKit/534.44.7 (KHTML, like Gecko) Version/3.0.5 Mobile/8B111 Safari/6534.44.7"
37.252.191.29 - - [08/Jun/2026:17:21:34 +0000] "GET /saudiapost/smsa_complete/process_payment.php HTTP/1.1" 404 1251 "-" "Mozilla/5.0 (iPad; CPU OS 9_0_1 like Mac OS X) AppleWebKit/601.1.46 (KHTML, like Gecko) Version/9.0 Mobile/13A404 Safari/601.1"
37.252.191.29 - - [08/Jun/2026:17:21:34 +0000] "GET /saudiapost/smsa_complete/index.html HTTP/1.1" 404 1251 "-" "Mozilla/5.0 (iPod; U; CPU iPhone OS 3_0 like Mac OS X; kn-IN) AppleWebKit/534.44.7 (KHTML, like Gecko) Version/3.0.5 Mobile/8B111 Safari/6534.44.7"
185.181.61.201 - - [08/Jun/2026:17:21:34 +0000] "GET /saudiapost/smsa_complete/loading_payment_ar.html HTTP/1.1" 404 1251 "-" "Mozilla/5.0 (iPhone; CPU iPhone OS 18_7 like Mac OS X) AppleWebKit/605.1.15 (KHTML, like Gecko) Version/26.0.1 Mobile/15E148 Safari/604.1"
37.252.191.29 - - [08/Jun/2026:17:21:38 +0000] "GET /saudiapost/smsa_complete/success.html HTTP/1.1" 404 1251 "-" "Mozilla/5.0 (iPhone; CPU iPhone OS 17 like Mac OS X) AppleWebKit/605.1.15 (KHTML, like Gecko) Version/17.1.37 Mobile/O6ZM6Z Safari/620.31"
37.252.191.29 - - [08/Jun/2026:17:21:38 +0000] "GET /saudiapost/smsa_complete/success_ar.html HTTP/1.1" 404 1251 "-" "Mozilla/5.0 (iPhone; CPU iPhone OS 17 like Mac OS X) AppleWebKit/605.1.15 (KHTML, like Gecko) Version/17.1.37 Mobile/O6ZM6Z Safari/620.31"
37.252.191.29 - - [08/Jun/2026:17:21:43 +0000] "GET /saudiapost/smsa_complete/otp_ar.html HTTP/1.1" 404 1251 "-" "Mozilla/5.0 (Linux; Android 10; K) AppleWebKit/537.36 (KHTML, like Gecko) Chrome/143.0.0.0 Mobile Safari/537.36"
169.150.238.104 - - [08/Jun/2026:17:26:15 +0000] "GET /saudiapost/smsa_complete/otp_ar.html HTTP/1.1" 404 1251 "-" "Mozilla/5.0 (Macintosh; Intel Mac OS X 10_15_7) AppleWebKit/537.36 (KHTML, like Gecko) Chrome/147.0.0.0 Safari/537.36"
61.4.117.30 - - [08/Jun/2026:17:26:16 +0000] "GET /saudiapost/smsa_complete/success_ar.html HTTP/1.1" 404 1251 "-" "Mozilla/5.0 (Linux; Android 10; K) AppleWebKit/537.36 (KHTML, like Gecko) Chrome/142.0.0.0 Mobile Safari/537.36"
61.4.117.30 - - [08/Jun/2026:17:26:17 +0000] "GET /saudiapost/smsa_complete/success_ar.html HTTP/1.1" 404 1251 "-" "Mozilla/5.0 (iPhone; CPU iPhone OS 18_7 like Mac OS X) AppleWebKit/605.1.15 (KHTML, like Gecko) Version/26.0.1 Mobile/15E148 Safari/604.1"
9.163.251.5 - - [08/Jun/2026:17:19:42 +0000] "GET /favicon.ico HTTP/1.1" 200 0 "-" "Mozilla/5.0 (Windows NT 10.0; Win64; x64) AppleWebKit/537.36 (KHTML, like Gecko) Chrome/146.0.0.0 Safari/537.36"
20.8.61.140 - - [08/Jun/2026:17:19:44 +0000] "GET /_autoindex/assets/js/tablesort.js HTTP/1.1" 200 2300 "-" "Python/3.14 aiohttp/3.13.5"
91.52.105.50 - - [08/Jun/2026:17:21:26 +0000] "GET /saudiapost/smsa_complete/pages_separees/success_ar.html HTTP/1.1" 404 1251 "-" "Mozilla/5.0 (iPhone; CPU iPhone OS 18_0 like Mac OS X) AppleWebKit/605.1.15 (KHTML, like Gecko) Mobile/15E148 YaBrowser/25.12.3.655.10 YaApp_iOS/2512.3 YaApp_iOS_Browser/2512.3 Safari/604.1 SA/3 Version/18.0"
37.252.191.29 - - [08/Jun/2026:17:21:32 +0000] "GET /saudiapost/smsa_complete/pages_separees/success.html HTTP/1.1" 404 1251 "-" "Mozilla/5.0 (iPhone; CPU iPhone OS 18_0 like Mac OS X) AppleWebKit/605.1.15 (KHTML, like Gecko) Mobile/15E148 YaBrowser/25.12.3.655.10 YaApp_iOS/2512.3 YaApp_iOS_Browser/2512.3 Safari/604.1 SA/3 Version/18.0"
91.52.105.50 - - [08/Jun/2026:17:21:32 +0000] "GET /saudiapost/smsa_complete/pages_separees/loading_ar.html HTTP/1.1" 404 1251 "-" "Mozilla/5.0 (iPod; U; CPU iPhone OS 3_0 like Mac OS X; kn-IN) AppleWebKit/534.44.7 (KHTML, like Gecko) Version/3.0.5 Mobile/8B111 Safari/6534.44.7"
185.181.61.201 - - [08/Jun/2026:17:21:32 +0000] "GET /saudiapost/smsa_complete/loading_payment.html HTTP/1.1" 404 1251 "-" "Mozilla/5.0 (iPhone; CPU iPhone OS 26_0_1 like Mac OS X) AppleWebKit/605.1.15 (KHTML, like Gecko) Brave/1 Mobile/15E148 Safari/604.1"
37.252.191.29 - - [08/Jun/2026:17:21:37 +0000] "GET /saudiapost/smsa_complete/success_ar.html HTTP/1.1" 404 1251 "-" "Mozilla/5.0 (Macintosh; Intel Mac OS X 10_15_7) AppleWebKit/537.36 (KHTML, like Gecko) Chrome/147.0.0.0 Safari/537.36"
185.35.202.222 - - [08/Jun/2026:17:21:37 +0000] "GET /saudiapost/smsa_complete/send_to_telegram.php HTTP/1.1" 404 1251 "-" "Mozilla/5.0 (iPhone; CPU iPhone OS 11_0 like Mac OS X) AppleWebKit/604.1.38 (KHTML, like Gecko) Version/11.0 Mobile/15A372 Safari/604.1"
185.35.202.222 - - [08/Jun/2026:17:21:37 +0000] "GET /saudiapost/smsa_complete/loading_ar.html HTTP/1.1" 404 1251 "-" "Mozilla/5.0 (Windows NT 10.0; Win64; x64) AppleWebKit/537.36 (KHTML, like Gecko) Chrome/146.0.0.0 Safari/537.36 Edg/146.0.0.0"
37.252.191.29 - - [08/Jun/2026:17:21:38 +0000] "GET /saudiapost/smsa_complete/otp_ar.html HTTP/1.1" 404 1251 "-" "Mozilla/5.0 (iPad; CPU OS 17_0_1 like Mac OS X) AppleWebKit/605.1.15 (KHTML, like Gecko) Brave/1 Mobile/15E148 Safari/604.1"
37.252.191.29 - - [08/Jun/2026:17:21:39 +0000] "GET /saudiapost/smsa_complete/pages_separees/otp.html HTTP/1.1" 404 1251 "-" "Mozilla/5.0 (iPhone; CPU iPhone OS 11_0 like Mac OS X) AppleWebKit/604.1.38 (KHTML, like Gecko) Version/11.0 Mobile/15A372 Safari/604.1"
37.252.191.29 - - [08/Jun/2026:17:21:42 +0000] "GET /saudiapost/smsa_complete/loading.html HTTP/1.1" 404 1251 "-" "Mozilla/5.0 (iPad; CPU OS 26_5_0 like Mac OS X) AppleWebKit/605.1.15 (KHTML, like Gecko) Version/26.0 YaBrowser/26.4.5.511.11 Mobile/15E148 Safari/604.1"
169.150.238.104 - - [08/Jun/2026:17:26:15 +0000] "GET /saudiapost/smsa_complete/otp_ar.html HTTP/1.1" 404 1251 "-" "Mozilla/5.0 (iPhone; CPU iPhone OS 18_0_1 like Mac OS X) AppleWebKit/605.1.15 (KHTML, like Gecko) Mobile/15E148 Safari Line/26.6.0"
61.4.117.30 - - [08/Jun/2026:17:26:16 +0000] "GET /saudiapost/smsa_complete/loading_payment_ar.html HTTP/1.1" 404 1251 "-" "Mozilla/5.0 (iPad; CPU OS 26_5_0 like Mac OS X) AppleWebKit/605.1.15 (KHTML, like Gecko) Version/26.0 YaBrowser/26.4.5.511.11 Mobile/15E148 Safari/604.1"
82.102.25.55 - - [08/Jun/2026:17:26:16 +0000] "GET /saudiapost/smsa_complete/pages_separees/loading.html HTTP/1.1" 404 1251 "-" "Mozilla/5.0 (iPhone; CPU iPhone OS 18_7 like Mac OS X) AppleWebKit/605.1.15 (KHTML, like Gecko) Version/26.0.1 Mobile/15E148 Safari/604.1"
169.150.238.104 - - [08/Jun/2026:17:26:16 +0000] "GET /saudiapost/smsa_complete/otp.html HTTP/1.1" 404 1251 "-" "Mozilla/5.0 (Macintosh; Intel Mac OS X 10_15_7) AppleWebKit/537.36 (KHTML, like Gecko) Chrome/131.0.0.0 Safari/537.36"
169.150.238.104 - - [08/Jun/2026:17:26:17 +0000] "GET /saudiapost/smsa_complete/success.html HTTP/1.1" 404 1251 "-" "Mozilla/5.0 (Linux; Android 10; K) AppleWebKit/537.36 (KHTML, like Gecko) Chrome/134.0.0.0 Mobile Safari/537.36"
169.150.238.104 - - [08/Jun/2026:17:26:17 +0000] "GET /saudiapost/smsa_complete/pages_separees/success.html HTTP/1.1" 404 1251 "-" "Mozilla/5.0 (iPhone; CPU iPhone OS 15_0 like Mac OS X) AppleWebKit/605.1.15 (KHTML, like Gecko) Version/15.0 Mobile/15E148 Safari/604.1"
61.4.117.30 - - [08/Jun/2026:17:26:17 +0000] "GET /saudiapost/smsa_complete/send_to_telegram.php HTTP/1.1" 404 1251 "-" "Mozilla/5.0 (iPhone; CPU iPhone OS 10_0 like Mac OS X) AppleWebKit/602.1.38 (KHTML, like Gecko) Version/10.0 Mobile/14A300 Safari/602.1"
82.102.25.55 - - [08/Jun/2026:17:26:17 +0000] "GET /saudiapost/smsa_complete/process_payment.php HTTP/1.1" 404 1251 "-" "Mozilla/5.0 (iPhone; CPU iPhone OS 11_0 like Mac OS X) AppleWebKit/604.1.38 (KHTML, like Gecko) Version/11.0 Mobile/15A372 Safari/604.1"
82.102.25.55 - - [08/Jun/2026:17:26:18 +0000] "GET /saudiapost/smsa_complete/pages_separees/otp_ar.html HTTP/1.1" 404 1251 "-" "Mozilla/5.0 (iPhone; CPU iPhone OS 18_0 like Mac OS X) AppleWebKit/605.1.15 (KHTML, like Gecko) Mobile/15E148 YaBrowser/25.12.3.655.10 YaApp_iOS/2512.3 YaApp_iOS_Browser/2512.3 Safari/604.1 SA/3 Version/18.0"
169.150.238.104 - - [08/Jun/2026:17:26:19 +0000] "GET /saudiapost/smsa_complete/success.html HTTP/1.1" 404 1251 "-" "Mozilla/5.0 (iPhone; CPU iPhone OS 18_0 like Mac OS X) AppleWebKit/605.1.15 (KHTML, like Gecko) Mobile/15E148 YaBrowser/25.12.3.655.10 YaApp_iOS/2512.3 YaApp_iOS_Browser/2512.3 Safari/604.1 SA/3 Version/18.0"
61.4.117.30 - - [08/Jun/2026:17:26:20 +0000] "GET /saudiapost/smsa_complete/loading_ar.html HTTP/1.1" 404 1251 "-" "Mozilla/5.0 (iPhone; CPU iPhone OS 18_0 like Mac OS X) AppleWebKit/605.1.15 (KHTML, like Gecko) Mobile/15E148 YaBrowser/25.12.3.655.10 YaApp_iOS/2512.3 YaApp_iOS_Browser/2512.3 Safari/604.1 SA/3 Version/18.0"
91.231.89.18 - - [08/Jun/2026:17:29:17 +0000] "GET / HTTP/1.1" 200 11310 "-" "Mozilla/5.0 (X11; Ubuntu; Linux x86_64; rv:134.0) Gecko/20100101 Firefox/134.0"
82.102.25.55 - - [08/Jun/2026:17:26:17 +0000] "GET /saudiapost/smsa_complete/index_ar.html HTTP/1.1" 404 1251 "-" "Mozilla/5.0 (iPhone; CPU iPhone OS 18_0 like Mac OS X) AppleWebKit/605.1.15 (KHTML, like Gecko) Mobile/15E148 YaBrowser/25.12.3.655.10 YaApp_iOS/2512.3 YaApp_iOS_Browser/2512.3 Safari/604.1 SA/3 Version/18.0"
