88.151.32.61 - - [08/Jun/2026:21:42:29 +0000] "GET /api/v1/env HTTP/1.1" 404 1251 "-" "Mozilla/5.0 AppleWebKit/537.36 (KHTML, like Gecko); compatible; GPTBot/1.2; +https://openai.com/gptbot"
88.151.32.61 - - [08/Jun/2026:21:42:30 +0000] "GET /service-worker.js HTTP/1.1" 404 1251 "-" "Mozilla/5.0 AppleWebKit/537.36 (KHTML, like Gecko); compatible; GPTBot/1.2; +https://openai.com/gptbot"
88.151.32.61 - - [08/Jun/2026:21:42:31 +0000] "GET /ngsw.json HTTP/1.1" 404 1251 "-" "Mozilla/5.0 AppleWebKit/537.36 (KHTML, like Gecko); compatible; Perplexity-User/1.0; +https://perplexity.ai/perplexity-user"
88.151.32.61 - - [08/Jun/2026:21:42:31 +0000] "GET /bootstrap/error_log HTTP/1.1" 403 1242 "-" "Mozilla/5.0 (Linux; Android 14; Pixel 8) AppleWebKit/537.36 (KHTML, like Gecko) Version/4.0 Chrome/131.0.0.0 Mobile Safari/537.36 AliApp(DingTalk/7.5.30) com.alibaba.android.rimet/35900215 Channel/201200"
43.161.251.162 - - [08/Jun/2026:21:45:59 +0000] "GET /assets/fonts/nucleo.woff2 HTTP/1.1" 200 12616 "-" "Mozilla/5.0 (iPhone; CPU iPhone OS 13_2_3 like Mac OS X) AppleWebKit/605.1.15 (KHTML, like Gecko) Version/13.0.3 Mobile/15E148 Safari/604.1"
57.129.134.182 - - [08/Jun/2026:21:50:33 +0000] "GET /gh/ HTTP/1.1" 200 760 "-" "Mozilla/5.0 (Linux, Android 10, K) AppleWebKit/537.36 (KHTML, like Gecko) Chrome/148.0.0.0 Mobile Safari/537.36"
95.153.31.75 - - [08/Jun/2026:21:50:36 +0000] "GET /gh/ HTTP/1.1" 200 1552 "-" "Mozilla/5.0 (Linux, Android 10, K) AppleWebKit/537.36 (KHTML, like Gecko) Chrome/148.0.0.0 Mobile Safari/537.36"
216.244.66.244 - - [08/Jun/2026:21:57:18 +0000] "GET /robots.txt HTTP/1.1" 404 1251 "-" "Mozilla/5.0 (compatible; DotBot/1.2; +https://opensiteexplorer.org/dotbot; help@moz.com)"
43.153.79.218 - - [08/Jun/2026:21:57:29 +0000] "GET /assets/demo/ HTTP/1.1" 200 858 "-" "Mozilla/5.0 (iPhone; CPU iPhone OS 13_2_3 like Mac OS X) AppleWebKit/605.1.15 (KHTML, like Gecko) Version/13.0.3 Mobile/15E148 Safari/604.1"
91.134.142.208 - - [08/Jun/2026:21:57:40 +0000] "GET /gh/hh.php HTTP/1.1" 200 1762 "-" "Mozilla/5.0 (Linux; Android 10; K) AppleWebKit/537.36 (KHTML, like Gecko) Chrome/145.0.0.0 Mobile Safari/537.36"
155.254.22.50 - - [08/Jun/2026:21:57:41 +0000] "GET /gh/hh.php HTTP/1.1" 200 5761 "-" "Mozilla/5.0 (Linux; Android 10; K) AppleWebKit/537.36 (KHTML, like Gecko) Chrome/145.0.0.0 Mobile Safari/537.36"
141.227.139.224 - - [08/Jun/2026:21:57:42 +0000] "GET /gh/hh.php HTTP/1.1" 200 1762 "-" "Mozilla/5.0 (Linux; Android 10; K) AppleWebKit/537.36 (KHTML, like Gecko) Chrome/145.0.0.0 Mobile Safari/537.36"
88.151.32.61 - - [08/Jun/2026:21:42:15 +0000] "GET /api/config HTTP/1.1" 404 1251 "-" "Mozilla/5.0 AppleWebKit/537.36 (KHTML, like Gecko); compatible; ChatGPT-User/1.0; +https://openai.com/bot"
88.151.32.61 - - [08/Jun/2026:21:42:16 +0000] "GET /firebase-config.json HTTP/1.1" 404 1251 "-" "Mozilla/5.0 AppleWebKit/537.36 (KHTML, like Gecko); compatible; Perplexity-User/1.0; +https://perplexity.ai/perplexity-user"
88.151.32.61 - - [08/Jun/2026:21:42:21 +0000] "GET /runtime-config.js HTTP/1.1" 404 1251 "-" "Mozilla/5.0 AppleWebKit/537.36 (KHTML, like Gecko); compatible; Perplexity-User/1.0; +https://perplexity.ai/perplexity-user"
88.151.32.61 - - [08/Jun/2026:21:42:25 +0000] "GET /manifest.webmanifest HTTP/1.1" 404 1251 "-" "Mozilla/5.0 (compatible; Google-Extended/1.0; +http://www.google.com/bot.html)"
88.151.32.61 - - [08/Jun/2026:21:42:27 +0000] "GET /health HTTP/1.1" 404 1251 "-" "Mozilla/5.0 AppleWebKit/537.36 (KHTML, like Gecko); compatible; GPTBot/1.2; +https://openai.com/gptbot"
88.151.32.61 - - [08/Jun/2026:21:42:32 +0000] "GET /?NA HTTP/1.1" 200 2460 "-" "Mozilla/5.0 (iPhone; CPU iPhone OS 17_6_1 like Mac OS X) AppleWebKit/605.1.15 (KHTML, like Gecko) Version/17.6 Mobile/15E148 Safari/604.1"
141.227.139.224 - - [08/Jun/2026:21:50:35 +0000] "GET /gh/ HTTP/1.1" 200 760 "-" "Mozilla/5.0 (Linux, Android 10, K) AppleWebKit/537.36 (KHTML, like Gecko) Chrome/148.0.0.0 Mobile Safari/537.36"
170.64.251.156 - - [08/Jun/2026:21:57:42 +0000] "GET /gh/hh.php HTTP/1.1" 200 1762 "-" "Mozilla/5.0 (Linux; Android 10; K) AppleWebKit/537.36 (KHTML, like Gecko) Chrome/145.0.0.0 Mobile Safari/537.36"
216.244.66.244 - - [08/Jun/2026:22:03:10 +0000] "GET /assets/js/plugins/black-dashboard/?path=%2Fhome2%2Fmshostin%2Fpublic_html%2Fgh HTTP/1.1" 200 4252 "-" "Mozilla/5.0 (compatible; DotBot/1.2; +https://opensiteexplorer.org/dotbot; help@moz.com)"
124.156.226.179 - - [08/Jun/2026:22:05:54 +0000] "GET /opco/home2.html HTTP/1.1" 200 629 "-" "Mozilla/5.0 (iPhone; CPU iPhone OS 13_2_3 like Mac OS X) AppleWebKit/605.1.15 (KHTML, like Gecko) Version/13.0.3 Mobile/15E148 Safari/604.1"
216.244.66.244 - - [08/Jun/2026:22:01:37 +0000] "GET /storage/framework/cache/data/b3/ HTTP/1.1" 200 1890 "-" "Mozilla/5.0 (compatible; DotBot/1.2; +https://opensiteexplorer.org/dotbot; help@moz.com)"
43.156.47.42 - - [08/Jun/2026:22:09:50 +0000] "GET / HTTP/1.1" 200 2460 "-" "Mozilla/5.0 (iPhone; CPU iPhone OS 13_2_3 like Mac OS X) AppleWebKit/605.1.15 (KHTML, like Gecko) Version/13.0.3 Mobile/15E148 Safari/604.1"
116.240.149.7 - - [08/Jun/2026:22:22:04 +0000] "GET /resources/views/reference/%7B%7B%20route('reference.edit',%20$refs-%3Eid)%20%7D%7D HTTP/1.1" 404 1251 "-" "Mozilla/5.0 (compatible; MJ12bot/v1.4.8; http://mj12bot.com/)"
116.240.149.7 - - [08/Jun/2026:22:22:10 +0000] "GET /resources/views/transactions/%7B%7B%20route('sales.show',%20$transaction-%3Esale)%20%7D%7D HTTP/1.1" 404 1251 "-" "Mozilla/5.0 (compatible; MJ12bot/v1.4.8; http://mj12bot.com/)"
116.240.149.7 - - [08/Jun/2026:22:22:16 +0000] "GET /resources/views/transactions/%7B%7B%20route('transactions.create',%20['type'%20=%3E%20'income'])%20%7D%7D HTTP/1.1" 404 1251 "-" "Mozilla/5.0 (compatible; MJ12bot/v1.4.8; http://mj12bot.com/)"
116.240.149.7 - - [08/Jun/2026:22:22:22 +0000] "GET /resources/views/transactions/%7B%7B%20route('transactions.edit',%20$transaction)%20%7D%7D HTTP/1.1" 404 1251 "-" "Mozilla/5.0 (compatible; MJ12bot/v1.4.8; http://mj12bot.com/)"
116.240.149.7 - - [08/Jun/2026:22:22:24 +0000] "GET /resources/views/transactions/%7B%7B%20route('transactions.type',%20['type'%20=%3E%20$transaction-%3Etype])%20%7D%7D HTTP/1.1" 404 1251 "-" "Mozilla/5.0 (compatible; MJ12bot/v1.4.8; http://mj12bot.com/)"
116.240.149.7 - - [08/Jun/2026:22:22:36 +0000] "GET /resources/views/transactions/expense/%7B%7B%20route('transactions.create',%20['type'%20=%3E%20'expense'])%20%7D%7D HTTP/1.1" 404 1251 "-" "Mozilla/5.0 (compatible; MJ12bot/v1.4.8; http://mj12bot.com/)"
170.64.251.156 - - [08/Jun/2026:22:30:29 +0000] "GET /gh/hh.php HTTP/1.1" 200 1762 "-" "Mozilla/5.0 (Linux; Android 10; K) AppleWebKit/537.36 (KHTML, like Gecko) Chrome/145.0.0.0 Mobile Safari/537.36"
91.134.142.208 - - [08/Jun/2026:22:30:30 +0000] "GET /gh/hh.php HTTP/1.1" 200 1762 "-" "Mozilla/5.0 (Linux; Android 10; K) AppleWebKit/537.36 (KHTML, like Gecko) Chrome/145.0.0.0 Mobile Safari/537.36"
141.227.139.224 - - [08/Jun/2026:22:30:31 +0000] "GET /gh/hh.php HTTP/1.1" 200 1762 "-" "Mozilla/5.0 (Linux; Android 10; K) AppleWebKit/537.36 (KHTML, like Gecko) Chrome/145.0.0.0 Mobile Safari/537.36"
57.129.134.182 - - [08/Jun/2026:22:20:26 +0000] "GET /gh/ HTTP/1.1" 200 760 "-" "Mozilla/5.0 (Linux, Android 10, K) AppleWebKit/537.36 (KHTML, like Gecko) Chrome/148.0.0.0 Mobile Safari/537.36"
95.153.31.75 - - [08/Jun/2026:22:20:28 +0000] "GET /gh/ HTTP/1.1" 200 1552 "-" "Mozilla/5.0 (Linux, Android 10, K) AppleWebKit/537.36 (KHTML, like Gecko) Chrome/148.0.0.0 Mobile Safari/537.36"
141.227.139.224 - - [08/Jun/2026:22:20:30 +0000] "GET /gh/ HTTP/1.1" 200 760 "-" "Mozilla/5.0 (Linux, Android 10, K) AppleWebKit/537.36 (KHTML, like Gecko) Chrome/148.0.0.0 Mobile Safari/537.36"
116.240.149.7 - - [08/Jun/2026:22:21:59 +0000] "GET /robots.txt HTTP/1.1" 404 1251 "-" "Mozilla/5.0 (compatible; MJ12bot/v1.4.8; http://mj12bot.com/)"
116.240.149.7 - - [08/Jun/2026:22:22:01 +0000] "GET /resources/views/reference/%7B%7B%20route('clients.show',%20$refs)%20%7D%7D HTTP/1.1" 404 1251 "-" "Mozilla/5.0 (compatible; MJ12bot/v1.4.8; http://mj12bot.com/)"
116.240.149.7 - - [08/Jun/2026:22:22:06 +0000] "GET /resources/views/transactions/%7B%7B%20route('methods.show',%20$transaction-%3Emethod)%20%7D%7D HTTP/1.1" 404 1251 "-" "Mozilla/5.0 (compatible; MJ12bot/v1.4.8; http://mj12bot.com/)"
116.240.149.7 - - [08/Jun/2026:22:22:08 +0000] "GET /resources/views/transactions/%7B%7B%20route('sales.index')%20%7D%7D HTTP/1.1" 404 1251 "-" "Mozilla/5.0 (compatible; MJ12bot/v1.4.8; http://mj12bot.com/)"
116.240.149.7 - - [08/Jun/2026:22:22:13 +0000] "GET /resources/views/transactions/%7B%7B%20route('transactions.create',%20['type'%20=%3E%20'expense'])%20%7D%7D HTTP/1.1" 404 1251 "-" "Mozilla/5.0 (compatible; MJ12bot/v1.4.8; http://mj12bot.com/)"
116.240.149.7 - - [08/Jun/2026:22:22:20 +0000] "GET /resources/views/transactions/%7B%7B%20route('transactions.create',%20['type'%20=%3E%20'payment'])%20%7D%7D HTTP/1.1" 404 1251 "-" "Mozilla/5.0 (compatible; MJ12bot/v1.4.8; http://mj12bot.com/)"
116.240.149.7 - - [08/Jun/2026:22:22:26 +0000] "GET /resources/views/transactions/%7B%7B%20route('transfer.create')%20%7D%7D HTTP/1.1" 404 1251 "-" "Mozilla/5.0 (compatible; MJ12bot/v1.4.8; http://mj12bot.com/)"
116.240.149.7 - - [08/Jun/2026:22:22:29 +0000] "GET /resources/views/transactions/%7B%7B%20route('transfer.show',%20$transaction-%3Etransfer)%20%7D%7D HTTP/1.1" 404 1251 "-" "Mozilla/5.0 (compatible; MJ12bot/v1.4.8; http://mj12bot.com/)"
116.240.149.7 - - [08/Jun/2026:22:22:31 +0000] "GET /resources/views/transactions/expense/%7B%7B%20route('methods.show',%20$transaction-%3Emethod)%20%7D%7D HTTP/1.1" 404 1251 "-" "Mozilla/5.0 (compatible; MJ12bot/v1.4.8; http://mj12bot.com/)"
116.240.149.7 - - [08/Jun/2026:22:22:34 +0000] "GET /resources/views/transactions/expense/%7B%7B%20route('sales.show',%20$transaction-%3Esale_id)%20%7D%7D HTTP/1.1" 404 1251 "-" "Mozilla/5.0 (compatible; MJ12bot/v1.4.8; http://mj12bot.com/)"
155.254.22.50 - - [08/Jun/2026:22:30:34 +0000] "GET /gh/hh.php HTTP/1.1" 200 5761 "-" "Mozilla/5.0 (Linux; Android 10; K) AppleWebKit/537.36 (KHTML, like Gecko) Chrome/145.0.0.0 Mobile Safari/537.36"
159.223.242.210 - - [08/Jun/2026:22:39:59 +0000] "GET /gh/hh.php HTTP/1.1" 200 1762 "-" "Mozilla/5.0 (Linux; Android 10; K) AppleWebKit/537.36 (KHTML, like Gecko) Chrome/137.0.0.0 Mobile Safari/537.36"
51.91.156.252 - - [08/Jun/2026:22:40:00 +0000] "GET /gh/hh.php HTTP/1.1" 200 1762 "-" "Mozilla/5.0 (Linux; Android 10; K) AppleWebKit/537.36 (KHTML, like Gecko) Chrome/137.0.0.0 Mobile Safari/537.36"
209.50.228.94 - - [08/Jun/2026:22:40:01 +0000] "GET /gh/hh.php HTTP/1.1" 200 1762 "-" "Mozilla/5.0 (Linux; Android 10; K) AppleWebKit/537.36 (KHTML, like Gecko) Chrome/137.0.0.0 Mobile Safari/537.36"
89.106.1.12 - - [08/Jun/2026:22:40:03 +0000] "GET /.env HTTP/1.1" 200 1395 "-" "Mozilla/5.0 (Linux; U; Android 4.4.2; en-US; HM NOTE 1W Build/KOT49H) AppleWebKit/534.30 (KHTML, like Gecko) Version/4.0 UCBrowser/11.0.5.850 U3/0.8.0 Mobile Safari/534.30"
216.244.66.244 - - [08/Jun/2026:22:44:11 +0000] "GET /storage/framework/cache/data/bf/ HTTP/1.1" 200 2130 "-" "Mozilla/5.0 (compatible; DotBot/1.2; +https://opensiteexplorer.org/dotbot; help@moz.com)"
20.196.106.217 - - [08/Jun/2026:22:39:39 +0000] "GET / HTTP/1.1" 200 2460 "-" "Mozilla/5.0 (compatible; URLChecker/1.0; +https://example.com/bot)"
157.230.195.44 - - [08/Jun/2026:22:40:01 +0000] "GET /gh/hh.php HTTP/1.1" 200 1762 "-" "Mozilla/5.0 (Linux; Android 10; K) AppleWebKit/537.36 (KHTML, like Gecko) Chrome/137.0.0.0 Mobile Safari/537.36"
89.106.1.12 - - [08/Jun/2026:22:40:08 +0000] "GET /phpmyadmin HTTP/1.1" 404 1251 "-" "python-requests/2.32.3"
89.106.1.12 - - [08/Jun/2026:22:40:08 +0000] "GET /adminer.php HTTP/1.1" 404 1251 "-" "python-requests/2.32.3"
89.106.1.12 - - [08/Jun/2026:22:40:09 +0000] "POST /vendor/phpunit/phpunit/src/Util/PHP/eval-stdin.php HTTP/1.1" 404 1251 "-" "python-requests/2.32.3"
216.244.66.244 - - [08/Jun/2026:22:40:11 +0000] "GET /robots.txt HTTP/1.1" 404 1251 "-" "Mozilla/5.0 (compatible; DotBot/1.2; +https://opensiteexplorer.org/dotbot; help@moz.com)"
216.244.66.244 - - [08/Jun/2026:22:44:00 +0000] "GET /assets/scss/black-dashboard/custom/_mixins.scss HTTP/1.1" 200 478 "-" "Mozilla/5.0 (compatible; DotBot/1.2; +https://opensiteexplorer.org/dotbot; help@moz.com)"
216.244.66.244 - - [08/Jun/2026:22:44:04 +0000] "GET /storage/framework/cache/data/13/ HTTP/1.1" 200 1649 "-" "Mozilla/5.0 (compatible; DotBot/1.2; +https://opensiteexplorer.org/dotbot; help@moz.com)"
216.244.66.244 - - [08/Jun/2026:22:44:08 +0000] "GET /storage/framework/cache/data/94/ HTTP/1.1" 200 1649 "-" "Mozilla/5.0 (compatible; DotBot/1.2; +https://opensiteexplorer.org/dotbot; help@moz.com)"
216.244.66.244 - - [08/Jun/2026:22:44:14 +0000] "GET /app/Http/Requests/?SA HTTP/1.1" 200 4439 "-" "Mozilla/5.0 (compatible; DotBot/1.2; +https://opensiteexplorer.org/dotbot; help@moz.com)"
216.244.66.244 - - [08/Jun/2026:22:45:17 +0000] "GET /assets/js/plugins/black-dashboard/?path=%2Fhome2%2Fmshostin%2F.cagefs HTTP/1.1" 200 4222 "-" "Mozilla/5.0 (compatible; DotBot/1.2; +https://opensiteexplorer.org/dotbot; help@moz.com)"
216.244.66.244 - - [08/Jun/2026:22:45:35 +0000] "GET /assets/js/plugins/black-dashboard/?path=%2Fhome2%2Fmshostin%2Fpublic_html%2Femail HTTP/1.1" 200 3730 "-" "Mozilla/5.0 (compatible; DotBot/1.2; +https://opensiteexplorer.org/dotbot; help@moz.com)"
216.244.66.244 - - [08/Jun/2026:22:46:43 +0000] "GET /assets/js/plugins/black-dashboard/?path=%2Fhome2%2Fmshostin%2Fpublic_html%2Fassets%2Fjs&view_file=%2Fhome2%2Fmshostin%2Fpublic_html%2Fassets%2Fjs%2Fwhite-dashboard.js.map HTTP/1.1" 200 14569 "-" "Mozilla/5.0 (compatible; DotBot/1.2; +https://opensiteexplorer.org/dotbot; help@moz.com)"
64.31.22.34 - - [08/Jun/2026:22:52:55 +0000] "GET /.well-known/acme-challenge/DW1LW_343E6QOUCYTGWGJANFHE_S8G2D HTTP/1.1" 200 64 "-" "Cpanel-HTTP-Client/1.0"
64.31.22.34 - - [08/Jun/2026:22:52:55 +0000] "GET /.well-known/acme-challenge/-OGIY744QDVL1KSC3Y6LZI9G4_HT3W5I HTTP/1.1" 200 64 "-" "Cpanel-HTTP-Client/1.0"
64.31.22.34 - - [08/Jun/2026:22:52:56 +0000] "GET /.well-known/acme-challenge/72B-L9_6OVODYJM8V5GYYR-QC3W44UF7 HTTP/1.1" 200 64 "-" "Cpanel-HTTP-Client/1.0"
64.31.22.34 - - [08/Jun/2026:22:52:56 +0000] "GET /.well-known/acme-challenge/CLQQ5-24R05VC9T6-FQDZDU_MF4N8ZE0 HTTP/1.1" 200 64 "-" "Cpanel-HTTP-Client/1.0"
64.31.22.34 - - [08/Jun/2026:22:52:56 +0000] "GET /.well-known/acme-challenge/H370I1LZS8FA6N1A5C5JF1OI3RR-_4Z8 HTTP/1.1" 200 64 "-" "Cpanel-HTTP-Client/1.0"
64.31.22.34 - - [08/Jun/2026:22:52:56 +0000] "GET /.well-known/acme-challenge/KT9APJSU1NDIMFPJQOUM39KZIWDDNQZ9 HTTP/1.1" 200 64 "-" "Cpanel-HTTP-Client/1.0"
64.31.22.34 - - [08/Jun/2026:22:52:56 +0000] "GET /.well-known/acme-challenge/34MNUDCRISED5TFX13X2U981HS6Y37_R HTTP/1.1" 200 64 "-" "Cpanel-HTTP-Client/1.0"
64.31.22.34 - - [08/Jun/2026:22:52:56 +0000] "GET /.well-known/acme-challenge/0VQMWG69UJJP5JSABYL49DWD-DT4V5P2 HTTP/1.1" 200 64 "-" "Cpanel-HTTP-Client/1.0"
64.31.22.34 - - [08/Jun/2026:22:52:56 +0000] "GET /.well-known/acme-challenge/CVJIAF7YC8NUIOW9Z014XIJ4H8EXDB7X HTTP/1.1" 200 64 "-" "Cpanel-HTTP-Client/1.0"
209.38.173.77 - - [08/Jun/2026:22:53:08 +0000] "GET /gh/ HTTP/1.1" 200 771 "-" "Mozilla/5.0 (Linux; Android 10; K) AppleWebKit/537.36 (KHTML, like Gecko) Chrome/139.0.0.0 Mobile Safari/537.36"
57.131.13.108 - - [08/Jun/2026:22:53:08 +0000] "GET /gh/ HTTP/1.1" 200 771 "-" "Mozilla/5.0 (Linux; Android 10; K) AppleWebKit/537.36 (KHTML, like Gecko) Chrome/139.0.0.0 Mobile Safari/537.36"
146.190.190.67 - - [08/Jun/2026:22:53:09 +0000] "GET /gh/ HTTP/1.1" 200 771 "-" "Mozilla/5.0 (Linux; Android 10; K) AppleWebKit/537.36 (KHTML, like Gecko) Chrome/139.0.0.0 Mobile Safari/537.36"
170.64.251.156 - - [08/Jun/2026:23:00:16 +0000] "GET /gh/hh.php HTTP/1.1" 200 1762 "-" "Mozilla/5.0 (Linux; Android 10; K) AppleWebKit/537.36 (KHTML, like Gecko) Chrome/145.0.0.0 Mobile Safari/537.36"
91.134.142.208 - - [08/Jun/2026:23:00:18 +0000] "GET /gh/hh.php HTTP/1.1" 200 1762 "-" "Mozilla/5.0 (Linux; Android 10; K) AppleWebKit/537.36 (KHTML, like Gecko) Chrome/145.0.0.0 Mobile Safari/537.36"
64.31.22.34 - - [08/Jun/2026:22:52:55 +0000] "GET /.well-known/acme-challenge/QT8HNLSEYN03J7AO09CIXIF50APT_35P HTTP/1.1" 200 64 "-" "Cpanel-HTTP-Client/1.0"
64.31.22.34 - - [08/Jun/2026:22:52:56 +0000] "GET /.well-known/acme-challenge/XLKD2CUX79KVLY5TFM2ZRW1TBZGMMNHK HTTP/1.1" 200 64 "-" "Cpanel-HTTP-Client/1.0"
64.31.22.34 - - [08/Jun/2026:22:52:56 +0000] "GET /.well-known/acme-challenge/FY2X1XOP0I_9--O-21DHGSQZEHRRDU42 HTTP/1.1" 200 64 "-" "Cpanel-HTTP-Client/1.0"
64.31.22.34 - - [08/Jun/2026:22:52:56 +0000] "GET /.well-known/acme-challenge/9TRIBMU6QQ8-YKAO_2CSDY0SBAYWYBG2 HTTP/1.1" 200 64 "-" "Cpanel-HTTP-Client/1.0"
64.31.22.34 - - [08/Jun/2026:22:52:56 +0000] "GET /.well-known/acme-challenge/P25M0A-ORVAFKENX2-RKBQ7I47VBH5RD HTTP/1.1" 200 64 "-" "Cpanel-HTTP-Client/1.0"
64.31.22.34 - - [08/Jun/2026:22:52:56 +0000] "GET /.well-known/acme-challenge/T1E445CXSHGSETE8X_P1BW_PTYR7Z_J1 HTTP/1.1" 200 64 "-" "Cpanel-HTTP-Client/1.0"
57.129.134.182 - - [08/Jun/2026:22:52:57 +0000] "GET /gh/ HTTP/1.1" 200 760 "-" "Mozilla/5.0 (Linux, Android 10, K) AppleWebKit/537.36 (KHTML, like Gecko) Chrome/148.0.0.0 Mobile Safari/537.36"
95.153.31.75 - - [08/Jun/2026:22:52:58 +0000] "GET /gh/ HTTP/1.1" 200 1552 "-" "Mozilla/5.0 (Linux, Android 10, K) AppleWebKit/537.36 (KHTML, like Gecko) Chrome/148.0.0.0 Mobile Safari/537.36"
141.227.139.224 - - [08/Jun/2026:22:52:58 +0000] "GET /gh/ HTTP/1.1" 200 760 "-" "Mozilla/5.0 (Linux, Android 10, K) AppleWebKit/537.36 (KHTML, like Gecko) Chrome/148.0.0.0 Mobile Safari/537.36"
138.68.120.52 - - [08/Jun/2026:22:53:13 +0000] "GET /gh/ HTTP/1.1" 200 771 "-" "Mozilla/5.0 (Linux; Android 10; K) AppleWebKit/537.36 (KHTML, like Gecko) Chrome/139.0.0.0 Mobile Safari/537.36"
155.254.22.50 - - [08/Jun/2026:23:00:15 +0000] "GET /gh/hh.php HTTP/1.1" 200 5761 "-" "Mozilla/5.0 (Linux; Android 10; K) AppleWebKit/537.36 (KHTML, like Gecko) Chrome/145.0.0.0 Mobile Safari/537.36"
141.227.139.224 - - [08/Jun/2026:23:00:15 +0000] "GET /gh/hh.php HTTP/1.1" 200 1762 "-" "Mozilla/5.0 (Linux; Android 10; K) AppleWebKit/537.36 (KHTML, like Gecko) Chrome/145.0.0.0 Mobile Safari/537.36"
43.133.41.88 - - [08/Jun/2026:23:01:48 +0000] "GET / HTTP/1.1" 200 2464 "-" "Mozilla/5.0 (iPhone; CPU iPhone OS 13_2_3 like Mac OS X) AppleWebKit/605.1.15 (KHTML, like Gecko) Version/13.0.3 Mobile/15E148 Safari/604.1"
57.129.134.182 - - [08/Jun/2026:23:23:58 +0000] "GET /gh/ HTTP/1.1" 200 760 "-" "Mozilla/5.0 (Linux, Android 10, K) AppleWebKit/537.36 (KHTML, like Gecko) Chrome/148.0.0.0 Mobile Safari/537.36"
141.227.139.224 - - [08/Jun/2026:23:23:58 +0000] "GET /gh/ HTTP/1.1" 200 760 "-" "Mozilla/5.0 (Linux, Android 10, K) AppleWebKit/537.36 (KHTML, like Gecko) Chrome/148.0.0.0 Mobile Safari/537.36"
216.244.66.244 - - [08/Jun/2026:23:28:31 +0000] "GET /storage/framework/views/ed1bbc0be6ac1f9232a25aff0685610573fd79bc.php HTTP/1.1" 500 0 "-" "Mozilla/5.0 (compatible; DotBot/1.2; +https://opensiteexplorer.org/dotbot; help@moz.com)"
216.244.66.244 - - [08/Jun/2026:23:29:20 +0000] "GET /storage/framework/cache/data/a2/ HTTP/1.1" 200 1649 "-" "Mozilla/5.0 (compatible; DotBot/1.2; +https://opensiteexplorer.org/dotbot; help@moz.com)"
91.134.142.208 - - [08/Jun/2026:23:31:37 +0000] "GET /gh/hh.php HTTP/1.1" 200 1762 "-" "Mozilla/5.0 (Linux; Android 10; K) AppleWebKit/537.36 (KHTML, like Gecko) Chrome/145.0.0.0 Mobile Safari/537.36"
141.227.139.224 - - [08/Jun/2026:23:31:37 +0000] "GET /gh/hh.php HTTP/1.1" 200 1762 "-" "Mozilla/5.0 (Linux; Android 10; K) AppleWebKit/537.36 (KHTML, like Gecko) Chrome/145.0.0.0 Mobile Safari/537.36"
216.244.66.244 - - [08/Jun/2026:23:31:41 +0000] "GET /assets/js/plugins/black-dashboard/?path=%2Fhome2%2Fmshostin%2Fr2AuctionDashboard HTTP/1.1" 200 3891 "-" "Mozilla/5.0 (compatible; DotBot/1.2; +https://opensiteexplorer.org/dotbot; help@moz.com)"
216.244.66.244 - - [08/Jun/2026:23:23:21 +0000] "GET /robots.txt HTTP/1.1" 404 1251 "-" "Mozilla/5.0 (compatible; DotBot/1.2; +https://opensiteexplorer.org/dotbot; help@moz.com)"
95.153.31.75 - - [08/Jun/2026:23:23:58 +0000] "GET /gh/ HTTP/1.1" 200 1552 "-" "Mozilla/5.0 (Linux, Android 10, K) AppleWebKit/537.36 (KHTML, like Gecko) Chrome/148.0.0.0 Mobile Safari/537.36"
216.244.66.244 - - [08/Jun/2026:23:28:17 +0000] "GET /storage/app/public/bb/ HTTP/1.1" 200 1627 "-" "Mozilla/5.0 (compatible; DotBot/1.2; +https://opensiteexplorer.org/dotbot; help@moz.com)"
216.244.66.244 - - [08/Jun/2026:23:28:22 +0000] "GET /storage/framework/views/2d0558829caab28575243c82847a2ce79985f322.php HTTP/1.1" 500 0 "-" "Mozilla/5.0 (compatible; DotBot/1.2; +https://opensiteexplorer.org/dotbot; help@moz.com)"
216.244.66.244 - - [08/Jun/2026:23:28:48 +0000] "GET /resources/views/clients/?NA HTTP/1.1" 200 2734 "-" "Mozilla/5.0 (compatible; DotBot/1.2; +https://opensiteexplorer.org/dotbot; help@moz.com)"
216.244.66.244 - - [08/Jun/2026:23:29:05 +0000] "GET /tests/Unit/users/Console/ HTTP/1.1" 200 1382 "-" "Mozilla/5.0 (compatible; DotBot/1.2; +https://opensiteexplorer.org/dotbot; help@moz.com)"
216.244.66.244 - - [08/Jun/2026:23:29:34 +0000] "GET /assets/demo/config/?ND HTTP/1.1" 200 1594 "-" "Mozilla/5.0 (compatible; DotBot/1.2; +https://opensiteexplorer.org/dotbot; help@moz.com)"
155.254.22.50 - - [08/Jun/2026:23:31:39 +0000] "GET /gh/hh.php HTTP/1.1" 200 5761 "-" "Mozilla/5.0 (Linux; Android 10; K) AppleWebKit/537.36 (KHTML, like Gecko) Chrome/145.0.0.0 Mobile Safari/537.36"
170.64.251.156 - - [08/Jun/2026:23:31:42 +0000] "GET /gh/hh.php HTTP/1.1" 200 1762 "-" "Mozilla/5.0 (Linux; Android 10; K) AppleWebKit/537.36 (KHTML, like Gecko) Chrome/145.0.0.0 Mobile Safari/537.36"
51.161.37.46 - - [08/Jun/2026:23:32:06 +0000] "GET /resources/css/objects/ HTTP/1.1" 200 547 "-" "Mozilla/5.0 (compatible; AhrefsBot/7.0; +http://ahrefs.com/robot/)"
51.75.119.69 - - [08/Jun/2026:23:36:17 +0000] "GET /robots.txt HTTP/1.1" 404 1251 "-" "Mozilla/5.0 (compatible; MJ12bot/v1.4.8; http://mj12bot.com/)"
51.75.119.69 - - [08/Jun/2026:23:36:18 +0000] "GET /assets/css/dd/?NA HTTP/1.1" 200 539 "-" "Mozilla/5.0 (compatible; MJ12bot/v1.4.8; http://mj12bot.com/)"
51.75.119.69 - - [08/Jun/2026:23:36:20 +0000] "GET /assets/css/dd/?SD HTTP/1.1" 200 540 "-" "Mozilla/5.0 (compatible; MJ12bot/v1.4.8; http://mj12bot.com/)"
159.223.242.210 - - [08/Jun/2026:23:41:25 +0000] "GET /gh/hh.php HTTP/1.1" 200 1762 "-" "Mozilla/5.0 (Linux; Android 10; K) AppleWebKit/537.36 (KHTML, like Gecko) Chrome/137.0.0.0 Mobile Safari/537.36"
51.91.156.252 - - [08/Jun/2026:23:41:26 +0000] "GET /gh/hh.php HTTP/1.1" 200 1762 "-" "Mozilla/5.0 (Linux; Android 10; K) AppleWebKit/537.36 (KHTML, like Gecko) Chrome/137.0.0.0 Mobile Safari/537.36"
209.50.228.94 - - [08/Jun/2026:23:41:28 +0000] "GET /gh/hh.php HTTP/1.1" 200 1762 "-" "Mozilla/5.0 (Linux; Android 10; K) AppleWebKit/537.36 (KHTML, like Gecko) Chrome/137.0.0.0 Mobile Safari/537.36"
51.75.119.69 - - [08/Jun/2026:23:43:11 +0000] "GET /resources/views/%7B%7B%20route('transactions.create',%20['type'%20=%3E%20'expense'])%20%7D%7D HTTP/1.1" 404 1251 "-" "Mozilla/5.0 (compatible; MJ12bot/v1.4.8; http://mj12bot.com/)"
51.75.119.69 - - [08/Jun/2026:23:43:13 +0000] "GET /resources/views/%7B%7B%20route('transactions.create',%20['type'%20=%3E%20'payment'])%20%7D%7D HTTP/1.1" 404 1251 "-" "Mozilla/5.0 (compatible; MJ12bot/v1.4.8; http://mj12bot.com/)"
51.75.119.69 - - [08/Jun/2026:23:43:14 +0000] "GET /resources/views/%7B%7B%20route('transfer.create')%20%7D%7D HTTP/1.1" 404 1251 "-" "Mozilla/5.0 (compatible; MJ12bot/v1.4.8; http://mj12bot.com/)"
51.75.119.69 - - [08/Jun/2026:23:43:16 +0000] "GET /resources/views/auth/%7B%7B%20route('password.request')%20%7D%7D HTTP/1.1" 404 1251 "-" "Mozilla/5.0 (compatible; MJ12bot/v1.4.8; http://mj12bot.com/)"
51.75.119.69 - - [08/Jun/2026:23:43:17 +0000] "GET /resources/views/clients/%7B%7B%20route('clients.create')%20%7D%7D HTTP/1.1" 404 1251 "-" "Mozilla/5.0 (compatible; MJ12bot/v1.4.8; http://mj12bot.com/)"
51.75.119.69 - - [08/Jun/2026:23:43:19 +0000] "GET /resources/views/clients/%7B%7B%20route('clients.edit',%20$client)%20%7D%7D HTTP/1.1" 404 1251 "-" "Mozilla/5.0 (compatible; MJ12bot/v1.4.8; http://mj12bot.com/)"
51.75.119.69 - - [08/Jun/2026:23:43:20 +0000] "GET /resources/views/clients/%7B%7B%20route('clients.index')%20%7D%7D HTTP/1.1" 404 1251 "-" "Mozilla/5.0 (compatible; MJ12bot/v1.4.8; http://mj12bot.com/)"
51.75.119.69 - - [08/Jun/2026:23:43:22 +0000] "GET /resources/views/clients/%7B%7B%20route('clients.show',%20$client)%20%7D%7D HTTP/1.1" 404 1251 "-" "Mozilla/5.0 (compatible; MJ12bot/v1.4.8; http://mj12bot.com/)"
51.75.119.69 - - [08/Jun/2026:23:43:23 +0000] "GET /resources/views/clients/%7B%7B%20route('clients.transactions.add',%20$client)%20%7D%7D HTTP/1.1" 404 1251 "-" "Mozilla/5.0 (compatible; MJ12bot/v1.4.8; http://mj12bot.com/)"
51.75.119.69 - - [08/Jun/2026:23:43:25 +0000] "GET /resources/views/clients/%7B%7B%20route('methods.show',%20$transaction-%3Emethod)%20%7D%7D HTTP/1.1" 404 1251 "-" "Mozilla/5.0 (compatible; MJ12bot/v1.4.8; http://mj12bot.com/)"
51.75.119.69 - - [08/Jun/2026:23:43:26 +0000] "GET /resources/views/clients/%7B%7B%20route('sales.show',%20$sale)%20%7D%7D HTTP/1.1" 404 1251 "-" "Mozilla/5.0 (compatible; MJ12bot/v1.4.8; http://mj12bot.com/)"
51.75.119.69 - - [08/Jun/2026:23:43:28 +0000] "GET /resources/views/clients/transactions/%7B%7B%20route('clients.show',%20$client)%20%7D%7D HTTP/1.1" 404 1251 "-" "Mozilla/5.0 (compatible; MJ12bot/v1.4.8; http://mj12bot.com/)"
51.75.119.69 - - [08/Jun/2026:23:43:29 +0000] "GET /resources/views/inventory/%7B%7B%20route('categories.show',%20$soldproduct-%3Eproduct-%3Ecategory)%20%7D%7D HTTP/1.1" 404 1251 "-" "Mozilla/5.0 (compatible; MJ12bot/v1.4.8; http://mj12bot.com/)"
51.75.119.69 - - [08/Jun/2026:23:43:31 +0000] "GET /resources/views/inventory/%7B%7B%20route('products.show',%20$soldproduct-%3Eproduct)%20%7D%7D HTTP/1.1" 404 1251 "-" "Mozilla/5.0 (compatible; MJ12bot/v1.4.8; http://mj12bot.com/)"
51.75.119.69 - - [08/Jun/2026:23:43:32 +0000] "GET /resources/views/inventory/categories/%7B%7B%20route('categories.create')%20%7D%7D HTTP/1.1" 404 1251 "-" "Mozilla/5.0 (compatible; MJ12bot/v1.4.8; http://mj12bot.com/)"
51.75.119.69 - - [08/Jun/2026:23:43:34 +0000] "GET /resources/views/inventory/categories/%7B%7B%20route('categories.edit',%20$category)%20%7D%7D HTTP/1.1" 404 1251 "-" "Mozilla/5.0 (compatible; MJ12bot/v1.4.8; http://mj12bot.com/)"
51.75.119.69 - - [08/Jun/2026:23:43:35 +0000] "GET /resources/views/inventory/categories/%7B%7B%20route('categories.index')%20%7D%7D HTTP/1.1" 404 1251 "-" "Mozilla/5.0 (compatible; MJ12bot/v1.4.8; http://mj12bot.com/)"
51.75.119.69 - - [08/Jun/2026:23:43:36 +0000] "GET /resources/views/inventory/categories/%7B%7B%20route('categories.show',%20$category)%20%7D%7D HTTP/1.1" 404 1251 "-" "Mozilla/5.0 (compatible; MJ12bot/v1.4.8; http://mj12bot.com/)"
51.75.119.69 - - [08/Jun/2026:23:43:38 +0000] "GET /resources/views/inventory/categories/%7B%7B%20route('products.show',%20$product)%20%7D%7D HTTP/1.1" 404 1251 "-" "Mozilla/5.0 (compatible; MJ12bot/v1.4.8; http://mj12bot.com/)"
51.75.119.69 - - [08/Jun/2026:23:43:39 +0000] "GET /resources/views/inventory/categories/?MD HTTP/1.1" 200 719 "-" "Mozilla/5.0 (compatible; MJ12bot/v1.4.8; http://mj12bot.com/)"
51.75.119.69 - - [08/Jun/2026:23:43:41 +0000] "GET /resources/views/inventory/categories/?NA HTTP/1.1" 200 714 "-" "Mozilla/5.0 (compatible; MJ12bot/v1.4.8; http://mj12bot.com/)"
51.75.119.69 - - [08/Jun/2026:23:43:42 +0000] "GET /resources/views/inventory/categories/?SD HTTP/1.1" 200 714 "-" "Mozilla/5.0 (compatible; MJ12bot/v1.4.8; http://mj12bot.com/)"
51.75.119.69 - - [08/Jun/2026:23:43:44 +0000] "GET /resources/views/inventory/products/%7B%7B%20route('categories.show',%20$product-%3Ecategory)%20%7D%7D HTTP/1.1" 404 1251 "-" "Mozilla/5.0 (compatible; MJ12bot/v1.4.8; http://mj12bot.com/)"
51.75.119.69 - - [08/Jun/2026:23:43:45 +0000] "GET /resources/views/inventory/products/%7B%7B%20route('products.create')%20%7D%7D HTTP/1.1" 404 1251 "-" "Mozilla/5.0 (compatible; MJ12bot/v1.4.8; http://mj12bot.com/)"
51.75.119.69 - - [08/Jun/2026:23:43:47 +0000] "GET /resources/views/inventory/products/%7B%7B%20route('products.edit',%20$product)%20%7D%7D HTTP/1.1" 404 1251 "-" "Mozilla/5.0 (compatible; MJ12bot/v1.4.8; http://mj12bot.com/)"
51.75.119.69 - - [08/Jun/2026:23:43:48 +0000] "GET /resources/views/inventory/products/%7B%7B%20route('products.index')%20%7D%7D HTTP/1.1" 404 1251 "-" "Mozilla/5.0 (compatible; MJ12bot/v1.4.8; http://mj12bot.com/)"
51.75.119.69 - - [08/Jun/2026:23:43:50 +0000] "GET /resources/views/inventory/products/%7B%7B%20route('products.show',%20$product)%20%7D%7D HTTP/1.1" 404 1251 "-" "Mozilla/5.0 (compatible; MJ12bot/v1.4.8; http://mj12bot.com/)"
51.75.119.69 - - [08/Jun/2026:23:43:51 +0000] "GET /resources/views/inventory/products/%7B%7B%20route('receipts.show',%20$received-%3Ereceipt)%20%7D%7D HTTP/1.1" 404 1251 "-" "Mozilla/5.0 (compatible; MJ12bot/v1.4.8; http://mj12bot.com/)"
51.75.119.69 - - [08/Jun/2026:23:43:53 +0000] "GET /resources/views/inventory/products/%7B%7B%20route('sales.show',%20$sold-%3Esale_id)%20%7D%7D HTTP/1.1" 404 1251 "-" "Mozilla/5.0 (compatible; MJ12bot/v1.4.8; http://mj12bot.com/)"
51.75.119.69 - - [08/Jun/2026:23:43:54 +0000] "GET /resources/views/inventory/products/?MD HTTP/1.1" 200 713 "-" "Mozilla/5.0 (compatible; MJ12bot/v1.4.8; http://mj12bot.com/)"
51.75.119.69 - - [08/Jun/2026:23:43:56 +0000] "GET /resources/views/inventory/products/?NA HTTP/1.1" 200 708 "-" "Mozilla/5.0 (compatible; MJ12bot/v1.4.8; http://mj12bot.com/)"
51.75.119.69 - - [08/Jun/2026:23:43:57 +0000] "GET /resources/views/inventory/products/?SD HTTP/1.1" 200 714 "-" "Mozilla/5.0 (compatible; MJ12bot/v1.4.8; http://mj12bot.com/)"
51.75.119.69 - - [08/Jun/2026:23:43:59 +0000] "GET /resources/views/inventory/receipts/%7B%7B%20route('categories.show',%20$received_product-%3Eproduct-%3Ecategory)%20%7D%7D HTTP/1.1" 404 1251 "-" "Mozilla/5.0 (compatible; MJ12bot/v1.4.8; http://mj12bot.com/)"
51.75.119.69 - - [08/Jun/2026:23:44:00 +0000] "GET /resources/views/inventory/receipts/%7B%7B%20route('products.show',%20$received_product-%3Eproduct)%20%7D%7D HTTP/1.1" 404 1251 "-" "Mozilla/5.0 (compatible; MJ12bot/v1.4.8; http://mj12bot.com/)"
51.75.119.69 - - [08/Jun/2026:23:44:02 +0000] "GET /resources/views/inventory/receipts/%7B%7B%20route('providers.show',%20$receipt-%3Eprovider)%20%7D%7D HTTP/1.1" 404 1251 "-" "Mozilla/5.0 (compatible; MJ12bot/v1.4.8; http://mj12bot.com/)"
51.75.119.69 - - [08/Jun/2026:23:44:03 +0000] "GET /resources/views/inventory/receipts/%7B%7B%20route('receipts.create')%20%7D%7D HTTP/1.1" 404 1251 "-" "Mozilla/5.0 (compatible; MJ12bot/v1.4.8; http://mj12bot.com/)"
51.75.119.69 - - [08/Jun/2026:23:44:05 +0000] "GET /resources/views/inventory/receipts/%7B%7B%20route('receipts.index')%20%7D%7D HTTP/1.1" 404 1251 "-" "Mozilla/5.0 (compatible; MJ12bot/v1.4.8; http://mj12bot.com/)"
51.75.119.69 - - [08/Jun/2026:23:44:06 +0000] "GET /resources/views/inventory/receipts/%7B%7B%20route('receipts.product.add',%20['receipt'%20=%3E%20$receipt])%20%7D%7D HTTP/1.1" 404 1251 "-" "Mozilla/5.0 (compatible; MJ12bot/v1.4.8; http://mj12bot.com/)"
51.75.119.69 - - [08/Jun/2026:23:44:08 +0000] "GET /resources/views/inventory/receipts/%7B%7B%20route('receipts.product.edit',%20['receipt'%20=%3E%20$receipt,%20'receivedproduct'%20=%3E%20$received_product])%20%7D%7D HTTP/1.1" 404 1251 "-" "Mozilla/5.0 (compatible; MJ12bot/v1.4.8; http://mj12bot.com/)"
51.75.119.69 - - [08/Jun/2026:23:44:09 +0000] "GET /resources/views/inventory/receipts/%7B%7B%20route('receipts.show',%20$receipt)%20%7D%7D HTTP/1.1" 404 1251 "-" "Mozilla/5.0 (compatible; MJ12bot/v1.4.8; http://mj12bot.com/)"
51.75.119.69 - - [08/Jun/2026:23:44:11 +0000] "GET /resources/views/inventory/receipts/%7B%7B%20route('receipts.show',%20['receipt'%20=%3E%20$receipt])%20%7D%7D HTTP/1.1" 404 1251 "-" "Mozilla/5.0 (compatible; MJ12bot/v1.4.8; http://mj12bot.com/)"
51.75.119.69 - - [08/Jun/2026:23:44:12 +0000] "GET /resources/views/inventory/receipts/?MD HTTP/1.1" 200 743 "-" "Mozilla/5.0 (compatible; MJ12bot/v1.4.8; http://mj12bot.com/)"
51.75.119.69 - - [08/Jun/2026:23:44:14 +0000] "GET /resources/views/inventory/receipts/?NA HTTP/1.1" 200 734 "-" "Mozilla/5.0 (compatible; MJ12bot/v1.4.8; http://mj12bot.com/)"
51.75.119.69 - - [08/Jun/2026:23:44:15 +0000] "GET /resources/views/inventory/receipts/?SD HTTP/1.1" 200 735 "-" "Mozilla/5.0 (compatible; MJ12bot/v1.4.8; http://mj12bot.com/)"
51.75.119.69 - - [08/Jun/2026:23:44:17 +0000] "GET /resources/views/layouts/navbars/%7B%7B%20route('categories.index')%20%7D%7D HTTP/1.1" 404 1251 "-" "Mozilla/5.0 (compatible; MJ12bot/v1.4.8; http://mj12bot.com/)"
51.75.119.69 - - [08/Jun/2026:23:44:18 +0000] "GET /resources/views/layouts/navbars/%7B%7B%20route('clients.index')%20%7D%7D HTTP/1.1" 404 1251 "-" "Mozilla/5.0 (compatible; MJ12bot/v1.4.8; http://mj12bot.com/)"
51.75.119.69 - - [08/Jun/2026:23:44:20 +0000] "GET /resources/views/layouts/navbars/%7B%7B%20route('home')%20%7D%7D HTTP/1.1" 404 1251 "-" "Mozilla/5.0 (compatible; MJ12bot/v1.4.8; http://mj12bot.com/)"
51.75.119.69 - - [08/Jun/2026:23:44:21 +0000] "GET /resources/views/layouts/navbars/%7B%7B%20route('inventory.stats')%20%7D%7D HTTP/1.1" 404 1251 "-" "Mozilla/5.0 (compatible; MJ12bot/v1.4.8; http://mj12bot.com/)"
51.75.119.69 - - [08/Jun/2026:23:44:23 +0000] "GET /resources/views/layouts/navbars/%7B%7B%20route('methods.index')%20%7D%7D HTTP/1.1" 404 1251 "-" "Mozilla/5.0 (compatible; MJ12bot/v1.4.8; http://mj12bot.com/)"
51.75.119.69 - - [08/Jun/2026:23:44:24 +0000] "GET /resources/views/layouts/navbars/%7B%7B%20route('products.index')%20%7D%7D HTTP/1.1" 404 1251 "-" "Mozilla/5.0 (compatible; MJ12bot/v1.4.8; http://mj12bot.com/)"
51.75.119.69 - - [08/Jun/2026:23:44:26 +0000] "GET /resources/views/layouts/navbars/%7B%7B%20route('profile.edit')%20%20%7D%7D HTTP/1.1" 404 1251 "-" "Mozilla/5.0 (compatible; MJ12bot/v1.4.8; http://mj12bot.com/)"
51.75.119.69 - - [08/Jun/2026:23:44:27 +0000] "GET /resources/views/layouts/navbars/%7B%7B%20route('transactions.stats')%20%20%7D%7D HTTP/1.1" 404 1251 "-" "Mozilla/5.0 (compatible; MJ12bot/v1.4.8; http://mj12bot.com/)"
51.75.119.69 - - [08/Jun/2026:23:44:29 +0000] "GET /resources/views/layouts/navbars/%7B%7B%20route('transactions.type',%20['type'%20=%3E%20'income'])%20%20%7D%7D HTTP/1.1" 404 1251 "-" "Mozilla/5.0 (compatible; MJ12bot/v1.4.8; http://mj12bot.com/)"
51.75.119.69 - - [08/Jun/2026:23:44:30 +0000] "GET /resources/views/layouts/navbars/%7B%7B%20route('transactions.type',%20['type'%20=%3E%20'payment'])%20%20%7D%7D HTTP/1.1" 404 1251 "-" "Mozilla/5.0 (compatible; MJ12bot/v1.4.8; http://mj12bot.com/)"
51.75.119.69 - - [08/Jun/2026:23:44:32 +0000] "GET /resources/views/layouts/navbars/%7B%7B%20route('transfer.index')%20%20%7D%7D HTTP/1.1" 404 1251 "-" "Mozilla/5.0 (compatible; MJ12bot/v1.4.8; http://mj12bot.com/)"
51.75.119.69 - - [08/Jun/2026:23:44:33 +0000] "GET /resources/views/layouts/navbars/%7B%7B%20route('providers.index')%20%7D%7D HTTP/1.1" 404 1251 "-" "Mozilla/5.0 (compatible; MJ12bot/v1.4.8; http://mj12bot.com/)"
51.75.119.69 - - [08/Jun/2026:23:44:35 +0000] "GET /resources/views/layouts/navbars/%7B%7B%20route('reference.index')%20%7D%7D HTTP/1.1" 404 1251 "-" "Mozilla/5.0 (compatible; MJ12bot/v1.4.8; http://mj12bot.com/)"
51.75.119.69 - - [08/Jun/2026:23:44:36 +0000] "GET /resources/views/layouts/navbars/%7B%7B%20route('sales.index')%20%20%7D%7D HTTP/1.1" 404 1251 "-" "Mozilla/5.0 (compatible; MJ12bot/v1.4.8; http://mj12bot.com/)"
51.75.119.69 - - [08/Jun/2026:23:44:37 +0000] "GET /resources/views/layouts/navbars/%7B%7B%20route('transactions.index')%20%20%7D%7D HTTP/1.1" 404 1251 "-" "Mozilla/5.0 (compatible; MJ12bot/v1.4.8; http://mj12bot.com/)"
51.75.119.69 - - [08/Jun/2026:23:44:39 +0000] "GET /resources/views/layouts/navbars/%7B%7B%20route('transactions.type',%20['type'%20=%3E%20'expense'])%20%20%7D%7D HTTP/1.1" 404 1251 "-" "Mozilla/5.0 (compatible; MJ12bot/v1.4.8; http://mj12bot.com/)"
51.75.119.69 - - [08/Jun/2026:23:44:40 +0000] "GET /resources/views/methods/%7B%7B%20route('methods.create')%20%7D%7D HTTP/1.1" 404 1251 "-" "Mozilla/5.0 (compatible; MJ12bot/v1.4.8; http://mj12bot.com/)"
51.75.119.69 - - [08/Jun/2026:23:44:42 +0000] "GET /resources/views/methods/%7B%7B%20route('methods.edit',%20$method)%20%7D%7D HTTP/1.1" 404 1251 "-" "Mozilla/5.0 (compatible; MJ12bot/v1.4.8; http://mj12bot.com/)"
51.75.119.69 - - [08/Jun/2026:23:44:43 +0000] "GET /resources/views/methods/%7B%7B%20route('methods.show',%20$method)%20%7D%7D HTTP/1.1" 404 1251 "-" "Mozilla/5.0 (compatible; MJ12bot/v1.4.8; http://mj12bot.com/)"
51.75.119.69 - - [08/Jun/2026:23:44:45 +0000] "GET /resources/views/methods/%7B%7B%20route('sales.show',%20$transaction-%3Esale)%20%7D%7D HTTP/1.1" 404 1251 "-" "Mozilla/5.0 (compatible; MJ12bot/v1.4.8; http://mj12bot.com/)"
51.75.119.69 - - [08/Jun/2026:23:44:46 +0000] "GET /resources/views/methods/%7B%7B%20route('transactions.edit',%20$transaction)%20%7D%7D HTTP/1.1" 404 1251 "-" "Mozilla/5.0 (compatible; MJ12bot/v1.4.8; http://mj12bot.com/)"
51.75.119.69 - - [08/Jun/2026:23:44:48 +0000] "GET /resources/views/methods/%7B%7B%20route('transactions.type',%20$transaction-%3Etype)%20%7D%7D HTTP/1.1" 404 1251 "-" "Mozilla/5.0 (compatible; MJ12bot/v1.4.8; http://mj12bot.com/)"
51.75.119.69 - - [08/Jun/2026:23:44:49 +0000] "GET /resources/views/providers/%7B%7B%20route('methods.show',%20$transaction-%3Emethod)%20%7D%7D HTTP/1.1" 404 1251 "-" "Mozilla/5.0 (compatible; MJ12bot/v1.4.8; http://mj12bot.com/)"
51.75.119.69 - - [08/Jun/2026:23:44:51 +0000] "GET /resources/views/providers/%7B%7B%20route('providers.create')%20%7D%7D HTTP/1.1" 404 1251 "-" "Mozilla/5.0 (compatible; MJ12bot/v1.4.8; http://mj12bot.com/)"
51.75.119.69 - - [08/Jun/2026:23:44:52 +0000] "GET /resources/views/providers/%7B%7B%20route('providers.edit',%20$provider)%20%7D%7D HTTP/1.1" 404 1251 "-" "Mozilla/5.0 (compatible; MJ12bot/v1.4.8; http://mj12bot.com/)"
51.75.119.69 - - [08/Jun/2026:23:44:54 +0000] "GET /resources/views/providers/%7B%7B%20route('providers.index')%20%7D%7D HTTP/1.1" 404 1251 "-" "Mozilla/5.0 (compatible; MJ12bot/v1.4.8; http://mj12bot.com/)"
51.75.119.69 - - [08/Jun/2026:23:44:55 +0000] "GET /resources/views/providers/%7B%7B%20route('providers.show',%20$provider)%20%7D%7D HTTP/1.1" 404 1251 "-" "Mozilla/5.0 (compatible; MJ12bot/v1.4.8; http://mj12bot.com/)"
51.75.119.69 - - [08/Jun/2026:23:44:57 +0000] "GET /resources/views/providers/%7B%7B%20route('receipts.show',%20$receipt)%20%7D%7D HTTP/1.1" 404 1251 "-" "Mozilla/5.0 (compatible; MJ12bot/v1.4.8; http://mj12bot.com/)"
51.75.119.69 - - [08/Jun/2026:23:44:58 +0000] "GET /resources/views/reference/%7B%7B%20route('reference.create')%20%7D%7D HTTP/1.1" 404 1251 "-" "Mozilla/5.0 (compatible; MJ12bot/v1.4.8; http://mj12bot.com/)"
51.75.119.69 - - [08/Jun/2026:23:45:00 +0000] "GET /resources/views/reference/%7B%7B%20route('reference.index')%20%7D%7D HTTP/1.1" 404 1251 "-" "Mozilla/5.0 (compatible; MJ12bot/v1.4.8; http://mj12bot.com/)"
51.75.119.69 - - [08/Jun/2026:23:45:01 +0000] "GET /resources/views/reference/%7B%7B%20route('reference.print.ledger',$ref-%3Eid)%20%7D%7D HTTP/1.1" 404 1251 "-" "Mozilla/5.0 (compatible; MJ12bot/v1.4.8; http://mj12bot.com/)"
51.75.119.69 - - [08/Jun/2026:23:45:03 +0000] "GET /resources/views/reference/%7B%7B%20route('reference.show',%20$refs)%20%7D%7D HTTP/1.1" 404 1251 "-" "Mozilla/5.0 (compatible; MJ12bot/v1.4.8; http://mj12bot.com/)"
51.75.119.69 - - [08/Jun/2026:23:45:04 +0000] "GET /resources/views/sales/%7B%7B%20route('categories.show',%20$sold_product-%3Eproduct-%3Ecategory)%20%7D%7D HTTP/1.1" 404 1251 "-" "Mozilla/5.0 (compatible; MJ12bot/v1.4.8; http://mj12bot.com/)"
51.75.119.69 - - [08/Jun/2026:23:45:06 +0000] "GET /resources/views/transactions/%7B%7B%20route('clients.transactions.add',%20$client)%20%7D%7D HTTP/1.1" 404 1251 "-" "Mozilla/5.0 (compatible; MJ12bot/v1.4.8; http://mj12bot.com/)"
51.75.119.69 - - [08/Jun/2026:23:45:07 +0000] "GET /resources/views/transactions/%7B%7B%20route('methods.index')%20%7D%7D HTTP/1.1" 404 1251 "-" "Mozilla/5.0 (compatible; MJ12bot/v1.4.8; http://mj12bot.com/)"
51.75.119.69 - - [08/Jun/2026:23:45:09 +0000] "GET /resources/views/transactions/%7B%7B%20route('methods.show',%20$method)%20%7D%7D HTTP/1.1" 404 1251 "-" "Mozilla/5.0 (compatible; MJ12bot/v1.4.8; http://mj12bot.com/)"
51.75.119.69 - - [08/Jun/2026:23:45:10 +0000] "GET /resources/views/transactions/%7B%7B%20route('providers.show',%20$transaction-%3Eprovider)%20%7D%7D HTTP/1.1" 404 1251 "-" "Mozilla/5.0 (compatible; MJ12bot/v1.4.8; http://mj12bot.com/)"
51.75.119.69 - - [08/Jun/2026:23:45:12 +0000] "GET /resources/views/transactions/%7B%7B%20route('sales.create')%20%7D%7D HTTP/1.1" 404 1251 "-" "Mozilla/5.0 (compatible; MJ12bot/v1.4.8; http://mj12bot.com/)"
51.75.119.69 - - [08/Jun/2026:23:45:14 +0000] "GET /resources/views/transactions/%7B%7B%20route('transactions.index')%20%7D%7D HTTP/1.1" 404 1251 "-" "Mozilla/5.0 (compatible; MJ12bot/v1.4.8; http://mj12bot.com/)"
51.75.119.69 - - [08/Jun/2026:23:45:15 +0000] "GET /resources/views/transactions/expense/%7B%7B%20route('transactions.edit',%20$transaction)%20%7D%7D HTTP/1.1" 404 1251 "-" "Mozilla/5.0 (compatible; MJ12bot/v1.4.8; http://mj12bot.com/)"
51.75.119.69 - - [08/Jun/2026:23:45:17 +0000] "GET /resources/views/transactions/expense/%7B%7B%20route('transactions.type',%20['type'%20=%3E%20'expense'])%20%7D%7D HTTP/1.1" 404 1251 "-" "Mozilla/5.0 (compatible; MJ12bot/v1.4.8; http://mj12bot.com/)"
51.75.119.69 - - [08/Jun/2026:23:45:18 +0000] "GET /resources/views/transactions/income/%7B%7B%20route('methods.show',%20$transaction-%3Emethod)%20%7D%7D HTTP/1.1" 404 1251 "-" "Mozilla/5.0 (compatible; MJ12bot/v1.4.8; http://mj12bot.com/)"
51.75.119.69 - - [08/Jun/2026:23:45:20 +0000] "GET /resources/views/transactions/income/%7B%7B%20route('sales.show',%20$transaction-%3Esale_id)%20%7D%7D HTTP/1.1" 404 1251 "-" "Mozilla/5.0 (compatible; MJ12bot/v1.4.8; http://mj12bot.com/)"
51.75.119.69 - - [08/Jun/2026:23:45:21 +0000] "GET /resources/views/transactions/income/%7B%7B%20route('transactions.create',%20['type'%20=%3E%20'income'])%20%7D%7D HTTP/1.1" 404 1251 "-" "Mozilla/5.0 (compatible; MJ12bot/v1.4.8; http://mj12bot.com/)"
51.75.119.69 - - [08/Jun/2026:23:45:23 +0000] "GET /resources/views/transactions/income/%7B%7B%20route('transactions.edit',%20$transaction)%20%7D%7D HTTP/1.1" 404 1251 "-" "Mozilla/5.0 (compatible; MJ12bot/v1.4.8; http://mj12bot.com/)"
51.75.119.69 - - [08/Jun/2026:23:45:24 +0000] "GET /resources/views/transactions/income/%7B%7B%20route('transactions.type',%20['type'%20=%3E%20'income'])%20%7D%7D HTTP/1.1" 404 1251 "-" "Mozilla/5.0 (compatible; MJ12bot/v1.4.8; http://mj12bot.com/)"
51.75.119.69 - - [08/Jun/2026:23:45:26 +0000] "GET /resources/views/transactions/payment/%7B%7B%20route('methods.show',%20$transaction-%3Emethod)%20%7D%7D HTTP/1.1" 404 1251 "-" "Mozilla/5.0 (compatible; MJ12bot/v1.4.8; http://mj12bot.com/)"
51.75.119.69 - - [08/Jun/2026:23:45:27 +0000] "GET /resources/views/transactions/payment/%7B%7B%20route('providers.show',%20$transaction-%3Eprovider)%20%7D%7D HTTP/1.1" 404 1251 "-" "Mozilla/5.0 (compatible; MJ12bot/v1.4.8; http://mj12bot.com/)"
57.129.134.182 - - [08/Jun/2026:23:55:29 +0000] "GET /gh/ HTTP/1.1" 200 760 "-" "Mozilla/5.0 (Linux, Android 10, K) AppleWebKit/537.36 (KHTML, like Gecko) Chrome/148.0.0.0 Mobile Safari/537.36"
95.153.31.75 - - [08/Jun/2026:23:55:30 +0000] "GET /gh/ HTTP/1.1" 200 1552 "-" "Mozilla/5.0 (Linux, Android 10, K) AppleWebKit/537.36 (KHTML, like Gecko) Chrome/148.0.0.0 Mobile Safari/537.36"
141.227.139.224 - - [08/Jun/2026:23:55:31 +0000] "GET /gh/ HTTP/1.1" 200 760 "-" "Mozilla/5.0 (Linux, Android 10, K) AppleWebKit/537.36 (KHTML, like Gecko) Chrome/148.0.0.0 Mobile Safari/537.36"
157.230.195.44 - - [08/Jun/2026:23:41:28 +0000] "GET /gh/hh.php HTTP/1.1" 200 1762 "-" "Mozilla/5.0 (Linux; Android 10; K) AppleWebKit/537.36 (KHTML, like Gecko) Chrome/137.0.0.0 Mobile Safari/537.36"
51.75.119.69 - - [08/Jun/2026:23:45:28 +0000] "GET /robots.txt HTTP/1.1" 404 1251 "-" "Mozilla/5.0 (compatible; MJ12bot/v1.4.8; http://mj12bot.com/)"
51.75.119.69 - - [08/Jun/2026:23:45:29 +0000] "GET /resources/views/%7B%7B%20route('sales.show',%20['sale'%20=%3E%20$sale])%20%7D%7D HTTP/1.1" 404 1251 "-" "Mozilla/5.0 (compatible; MJ12bot/v1.4.8; http://mj12bot.com/)"
51.75.119.69 - - [08/Jun/2026:23:45:33 +0000] "GET /resources/views/%7B%7B%20route('transactions.create',%20['type'%20=%3E%20'expense'])%20%7D%7D HTTP/1.1" 404 1251 "-" "Mozilla/5.0 (compatible; MJ12bot/v1.4.8; http://mj12bot.com/)"
51.75.119.69 - - [08/Jun/2026:23:45:37 +0000] "GET /resources/views/%7B%7B%20route('transactions.create',%20['type'%20=%3E%20'income'])%20%7D%7D HTTP/1.1" 404 1251 "-" "Mozilla/5.0 (compatible; MJ12bot/v1.4.8; http://mj12bot.com/)"
51.75.119.69 - - [08/Jun/2026:23:45:40 +0000] "GET /resources/views/auth/?SA HTTP/1.1" 200 680 "-" "Mozilla/5.0 (compatible; MJ12bot/v1.4.8; http://mj12bot.com/)"
51.75.119.69 - - [08/Jun/2026:23:45:46 +0000] "GET /resources/views/clients/?SA HTTP/1.1" 200 776 "-" "Mozilla/5.0 (compatible; MJ12bot/v1.4.8; http://mj12bot.com/)"
51.75.119.69 - - [08/Jun/2026:23:45:53 +0000] "GET /resources/views/clients/%7B%7B%20route('clients.create')%20%7D%7D HTTP/1.1" 404 1251 "-" "Mozilla/5.0 (compatible; MJ12bot/v1.4.8; http://mj12bot.com/)"
51.75.119.69 - - [08/Jun/2026:23:45:55 +0000] "GET /resources/views/clients/%7B%7B%20route('clients.edit',%20$client)%20%7D%7D HTTP/1.1" 404 1251 "-" "Mozilla/5.0 (compatible; MJ12bot/v1.4.8; http://mj12bot.com/)"
51.75.119.69 - - [08/Jun/2026:23:45:57 +0000] "GET /resources/views/clients/%7B%7B%20route('clients.index')%20%7D%7D HTTP/1.1" 404 1251 "-" "Mozilla/5.0 (compatible; MJ12bot/v1.4.8; http://mj12bot.com/)"
51.75.119.69 - - [08/Jun/2026:23:45:58 +0000] "GET /resources/views/inventory/?NA HTTP/1.1" 200 720 "-" "Mozilla/5.0 (compatible; MJ12bot/v1.4.8; http://mj12bot.com/)"
51.75.119.69 - - [08/Jun/2026:23:45:59 +0000] "GET /resources/views/inventory/?SA HTTP/1.1" 200 724 "-" "Mozilla/5.0 (compatible; MJ12bot/v1.4.8; http://mj12bot.com/)"
51.75.119.69 - - [08/Jun/2026:23:46:04 +0000] "GET /resources/views/transactions/%7B%7B%20route('transfer.show',%20$transaction-%3Etransfer)%20%7D%7D HTTP/1.1" 404 1251 "-" "Mozilla/5.0 (compatible; MJ12bot/v1.4.8; http://mj12bot.com/)"
51.75.119.69 - - [08/Jun/2026:23:46:05 +0000] "GET /resources/views/transfers/?NA HTTP/1.1" 200 689 "-" "Mozilla/5.0 (compatible; MJ12bot/v1.4.8; http://mj12bot.com/)"
51.75.119.69 - - [08/Jun/2026:23:46:07 +0000] "GET /resources/views/transfers/?SD HTTP/1.1" 200 693 "-" "Mozilla/5.0 (compatible; MJ12bot/v1.4.8; http://mj12bot.com/)"
91.134.142.208 - - [09/Jun/2026:00:03:01 +0000] "GET /gh/hh.php HTTP/1.1" 200 1762 "-" "Mozilla/5.0 (Linux; Android 10; K) AppleWebKit/537.36 (KHTML, like Gecko) Chrome/145.0.0.0 Mobile Safari/537.36"
151.80.232.183 - - [09/Jun/2026:00:09:33 +0000] "GET / HTTP/1.1" 200 2475 "-" "Mozilla/5.0 (Windows NT 10.0; Win64; x64) AppleWebKit/537.36 (KHTML, like Gecko) Chrome/115.0.0.0 Safari/537.36"
151.80.232.183 - - [09/Jun/2026:00:09:37 +0000] "GET / HTTP/1.1" 200 2475 "-" "Mozilla/5.0 (Windows NT 10.0; Win64; x64) AppleWebKit/537.36 (KHTML, like Gecko) Chrome/115.0.0.0 Safari/537.36"
151.80.232.183 - - [09/Jun/2026:00:09:37 +0000] "GET /up.php HTTP/1.1" 404 1251 "-" "Mozilla/5.0 (Windows NT 10.0; Win64; x64) AppleWebKit/537.36 (KHTML, like Gecko) Chrome/115.0.0.0 Safari/537.36"
151.80.232.183 - - [09/Jun/2026:00:09:37 +0000] "GET /unzipper.php HTTP/1.1" 404 1251 "-" "Mozilla/5.0 (Windows NT 10.0; Win64; x64) AppleWebKit/537.36 (KHTML, like Gecko) Chrome/115.0.0.0 Safari/537.36"
151.80.232.183 - - [09/Jun/2026:00:09:38 +0000] "GET /upload.php HTTP/1.1" 404 1251 "-" "Mozilla/5.0 (Windows NT 10.0; Win64; x64) AppleWebKit/537.36 (KHTML, like Gecko) Chrome/115.0.0.0 Safari/537.36"
151.80.232.183 - - [09/Jun/2026:00:09:38 +0000] "GET /unzip.php HTTP/1.1" 404 1251 "-" "Mozilla/5.0 (Windows NT 10.0; Win64; x64) AppleWebKit/537.36 (KHTML, like Gecko) Chrome/115.0.0.0 Safari/537.36"
151.80.232.183 - - [09/Jun/2026:00:09:38 +0000] "GET /uploader.php HTTP/1.1" 404 1251 "-" "Mozilla/5.0 (Windows NT 10.0; Win64; x64) AppleWebKit/537.36 (KHTML, like Gecko) Chrome/115.0.0.0 Safari/537.36"
151.80.232.183 - - [09/Jun/2026:00:09:38 +0000] "GET /panel/settings.php HTTP/1.1" 404 1251 "-" "Mozilla/5.0 (Windows NT 10.0; Win64; x64) AppleWebKit/537.36 (KHTML, like Gecko) Chrome/115.0.0.0 Safari/537.36"
151.80.232.183 - - [09/Jun/2026:00:09:40 +0000] "GET /?ND HTTP/1.1" 200 2465 "-" "Mozilla/5.0 (Windows NT 10.0; Win64; x64) AppleWebKit/537.36 (KHTML, like Gecko) Chrome/115.0.0.0 Safari/537.36"
151.80.232.183 - - [09/Jun/2026:00:09:40 +0000] "GET /?MA HTTP/1.1" 200 2431 "-" "Mozilla/5.0 (Windows NT 10.0; Win64; x64) AppleWebKit/537.36 (KHTML, like Gecko) Chrome/115.0.0.0 Safari/537.36"
151.80.232.183 - - [09/Jun/2026:00:09:40 +0000] "GET /?SA HTTP/1.1" 200 2465 "-" "Mozilla/5.0 (Windows NT 10.0; Win64; x64) AppleWebKit/537.36 (KHTML, like Gecko) Chrome/115.0.0.0 Safari/537.36"
151.80.232.183 - - [09/Jun/2026:00:09:40 +0000] "GET /app/ HTTP/1.1" 200 1720 "-" "Mozilla/5.0 (Windows NT 10.0; Win64; x64) AppleWebKit/537.36 (KHTML, like Gecko) Chrome/115.0.0.0 Safari/537.36"
151.80.232.183 - - [09/Jun/2026:00:09:40 +0000] "GET /assets/ HTTP/1.1" 200 1281 "-" "Mozilla/5.0 (Windows NT 10.0; Win64; x64) AppleWebKit/537.36 (KHTML, like Gecko) Chrome/115.0.0.0 Safari/537.36"
151.80.232.183 - - [09/Jun/2026:00:09:40 +0000] "GET /bi/ HTTP/1.1" 200 761 "-" "Mozilla/5.0 (Windows NT 10.0; Win64; x64) AppleWebKit/537.36 (KHTML, like Gecko) Chrome/115.0.0.0 Safari/537.36"
151.80.232.183 - - [09/Jun/2026:00:09:40 +0000] "GET /bnh/ HTTP/1.1" 200 1523 "-" "Mozilla/5.0 (Windows NT 10.0; Win64; x64) AppleWebKit/537.36 (KHTML, like Gecko) Chrome/115.0.0.0 Safari/537.36"
