51.75.119.69 - - [08/Jun/2026:23:37:52 +0000] "GET /assets/js/plugins/black-dashboard/?path=/home2/mshostin/carnival.ms-hostingladz.com/.git/objects/pack&view_file=/home2/mshostin/carnival.ms-hostingladz.com/.git/objects/pack/pack-e00acd78622ae774442680eb66b3e4f801873a08.pack HTTP/1.1" 200 2544795 "-" "Mozilla/5.0 (compatible; MJ12bot/v1.4.8; http://mj12bot.com/)"
51.75.119.69 - - [08/Jun/2026:23:37:55 +0000] "GET /assets/js/plugins/black-dashboard/?path=/home2/mshostin/carnival.ms-hostingladz.com/.git/objects/pack&view_file=/home2/mshostin/carnival.ms-hostingladz.com/.git/objects/pack/tmp_pack_WtsmyF HTTP/1.1" 200 3511428 "-" "Mozilla/5.0 (compatible; MJ12bot/v1.4.8; http://mj12bot.com/)"
51.75.119.69 - - [08/Jun/2026:23:37:59 +0000] "GET /assets/js/plugins/black-dashboard/?path=/home2/mshostin/carnival.ms-hostingladz.com/.git/objects/pack&view_file=/home2/mshostin/carnival.ms-hostingladz.com/.git/objects/pack/tmp_pack_fupWB5 HTTP/1.1" 200 4257872 "-" "Mozilla/5.0 (compatible; MJ12bot/v1.4.8; http://mj12bot.com/)"
51.75.119.69 - - [08/Jun/2026:23:39:12 +0000] "GET /assets/js/plugins/black-dashboard/?path=/home2/mshostin/carnival.ms-hostingladz.com/public/banner_image&view_file=/home2/mshostin/carnival.ms-hostingladz.com/public/banner_image/1739799274.mp4 HTTP/1.1" 200 446136 "-" "Mozilla/5.0 (compatible; MJ12bot/v1.4.8; http://mj12bot.com/)"
51.75.119.69 - - [08/Jun/2026:23:39:14 +0000] "GET /assets/js/plugins/black-dashboard/?path=/home2/mshostin/carnival.ms-hostingladz.com/public/banner_image&view_file=/home2/mshostin/carnival.ms-hostingladz.com/public/banner_image/1739824381.png HTTP/1.1" 200 868004 "-" "Mozilla/5.0 (compatible; MJ12bot/v1.4.8; http://mj12bot.com/)"
216.73.217.143 - - [08/Jun/2026:23:39:15 +0000] "GET /resources/views/%7B%7B%20route('sales.show',%20['sale'%20=%3E%20$sale])%20%7D%7D HTTP/2" 404 1251 "-" "Mozilla/5.0 AppleWebKit/537.36 (KHTML, like Gecko; compatible; ClaudeBot/1.0; +claudebot@anthropic.com)"
51.75.119.69 - - [08/Jun/2026:23:39:16 +0000] "GET /assets/js/plugins/black-dashboard/?path=/home2/mshostin/carnival.ms-hostingladz.com/public/banner_image&view_file=/home2/mshostin/carnival.ms-hostingladz.com/public/banner_image/1739828537.mp4 HTTP/1.1" 200 1191279 "-" "Mozilla/5.0 (compatible; MJ12bot/v1.4.8; http://mj12bot.com/)"
216.73.217.143 - - [08/Jun/2026:23:39:20 +0000] "GET /storage/framework/sessions/QqWlhaxAYiCsq4Cdhp9BkLRBxLxlk4fLigmO4BxW HTTP/2" 200 305 "-" "Mozilla/5.0 AppleWebKit/537.36 (KHTML, like Gecko; compatible; ClaudeBot/1.0; +claudebot@anthropic.com)"
216.73.217.143 - - [08/Jun/2026:23:39:25 +0000] "GET /storage/framework/sessions/DJgp8N9jv56T0EwO70pbTXoij3Q21YCG6kAXTOdO HTTP/2" 200 325 "-" "Mozilla/5.0 AppleWebKit/537.36 (KHTML, like Gecko; compatible; ClaudeBot/1.0; +claudebot@anthropic.com)"
216.73.217.143 - - [08/Jun/2026:23:39:30 +0000] "GET /storage/framework/sessions/gG616Qr81hH6bQCV2iVfANTFogmbQbg099JitV6l HTTP/2" 200 269 "-" "Mozilla/5.0 AppleWebKit/537.36 (KHTML, like Gecko; compatible; ClaudeBot/1.0; +claudebot@anthropic.com)"
167.235.36.41 - - [08/Jun/2026:23:39:31 +0000] "GET / HTTP/2" 200 2136 "-" "Mozilla/5.0 (Linux; Android 10; K) AppleWebKit/537.36 (KHTML, like Gecko) Chrome/143.0.0.0 Mobile Safari/537.36"
216.73.217.143 - - [08/Jun/2026:23:39:35 +0000] "GET /storage/framework/sessions/KozxZX2NixgmTZmrAFLSDGwH6tCGlwMefQ7gWFbw HTTP/2" 200 261 "-" "Mozilla/5.0 AppleWebKit/537.36 (KHTML, like Gecko; compatible; ClaudeBot/1.0; +claudebot@anthropic.com)"
216.73.217.143 - - [08/Jun/2026:23:39:40 +0000] "GET /storage/framework/sessions/vprYtTTG9Z7gWSE0K31GOwjNU9NfPv3CFltIWcnY HTTP/2" 200 203 "-" "Mozilla/5.0 AppleWebKit/537.36 (KHTML, like Gecko; compatible; ClaudeBot/1.0; +claudebot@anthropic.com)"
216.73.217.143 - - [08/Jun/2026:23:39:45 +0000] "GET /storage/framework/sessions/reXz7VEUA7FlfaepgAP5QzMudsM3NbTNUmsXPrYr HTTP/2" 200 200 "-" "Mozilla/5.0 AppleWebKit/537.36 (KHTML, like Gecko; compatible; ClaudeBot/1.0; +claudebot@anthropic.com)"
216.73.217.143 - - [08/Jun/2026:23:39:50 +0000] "GET /storage/framework/sessions/1x6uCT7yfqo3ZlFPK4KpbQSYWdsy2QyuvHSZX84g HTTP/2" 200 261 "-" "Mozilla/5.0 AppleWebKit/537.36 (KHTML, like Gecko; compatible; ClaudeBot/1.0; +claudebot@anthropic.com)"
216.73.217.143 - - [08/Jun/2026:23:39:55 +0000] "GET /storage/framework/sessions/nkt3sqpdidJf6VPslNL8lIPOyN4BkSUBkA3jV9FB HTTP/2" 200 196 "-" "Mozilla/5.0 AppleWebKit/537.36 (KHTML, like Gecko; compatible; ClaudeBot/1.0; +claudebot@anthropic.com)"
51.75.119.69 - - [08/Jun/2026:23:39:56 +0000] "GET /assets/js/plugins/black-dashboard/?path=/home2/mshostin/carnival.ms-hostingladz.com/public/banner_image&view_file=/home2/mshostin/carnival.ms-hostingladz.com/public/banner_image/1739992300.mp4 HTTP/1.1" 200 2980158 "-" "Mozilla/5.0 (compatible; MJ12bot/v1.4.8; http://mj12bot.com/)"
216.73.217.143 - - [08/Jun/2026:23:40:00 +0000] "GET /storage/framework/sessions/EaszUpGeDizoAzai4WG04nZhLwc2ryw5yRfLYz7w HTTP/2" 200 196 "-" "Mozilla/5.0 AppleWebKit/537.36 (KHTML, like Gecko; compatible; ClaudeBot/1.0; +claudebot@anthropic.com)"
51.75.119.69 - - [08/Jun/2026:23:39:39 +0000] "GET /assets/js/plugins/black-dashboard/?path=/home2/mshostin/carnival.ms-hostingladz.com/public/banner_image&view_file=/home2/mshostin/carnival.ms-hostingladz.com/public/banner_image/1739828889.mp4 HTTP/1.1" 200 4053078 "-" "Mozilla/5.0 (compatible; MJ12bot/v1.4.8; http://mj12bot.com/)"
51.75.119.69 - - [08/Jun/2026:23:39:47 +0000] "GET /assets/js/plugins/black-dashboard/?path=/home2/mshostin/carnival.ms-hostingladz.com/public/banner_image&view_file=/home2/mshostin/carnival.ms-hostingladz.com/public/banner_image/1739986685.mp4 HTTP/1.1" 200 446158 "-" "Mozilla/5.0 (compatible; MJ12bot/v1.4.8; http://mj12bot.com/)"
51.75.119.69 - - [08/Jun/2026:23:39:49 +0000] "GET /assets/js/plugins/black-dashboard/?path=/home2/mshostin/carnival.ms-hostingladz.com/public/banner_image&view_file=/home2/mshostin/carnival.ms-hostingladz.com/public/banner_image/1739987353.mp4 HTTP/1.1" 200 3534967 "-" "Mozilla/5.0 (compatible; MJ12bot/v1.4.8; http://mj12bot.com/)"
51.75.119.69 - - [08/Jun/2026:23:40:23 +0000] "GET /assets/js/plugins/black-dashboard/?path=/home2/mshostin/carnival.ms-hostingladz.com/public/banner_image&view_file=/home2/mshostin/carnival.ms-hostingladz.com/public/banner_image/1743572265.png HTTP/1.1" 200 3566430 "-" "Mozilla/5.0 (compatible; MJ12bot/v1.4.8; http://mj12bot.com/)"
51.75.119.69 - - [08/Jun/2026:23:40:27 +0000] "GET /assets/js/plugins/black-dashboard/?path=/home2/mshostin/carnival.ms-hostingladz.com/public/banner_image&view_file=/home2/mshostin/carnival.ms-hostingladz.com/public/banner_image/1743572693.png HTTP/1.1" 200 1367606 "-" "Mozilla/5.0 (compatible; MJ12bot/v1.4.8; http://mj12bot.com/)"
51.75.119.69 - - [08/Jun/2026:23:40:30 +0000] "GET /assets/js/plugins/black-dashboard/?path=/home2/mshostin/carnival.ms-hostingladz.com/public/banner_image&view_file=/home2/mshostin/carnival.ms-hostingladz.com/public/banner_image/1743572862.png HTTP/1.1" 200 1367606 "-" "Mozilla/5.0 (compatible; MJ12bot/v1.4.8; http://mj12bot.com/)"
51.75.119.69 - - [08/Jun/2026:23:40:32 +0000] "GET /assets/js/plugins/black-dashboard/?path=/home2/mshostin/carnival.ms-hostingladz.com/public/banner_image&view_file=/home2/mshostin/carnival.ms-hostingladz.com/public/banner_image/1743573021.png HTTP/1.1" 200 454386 "-" "Mozilla/5.0 (compatible; MJ12bot/v1.4.8; http://mj12bot.com/)"
51.75.119.69 - - [08/Jun/2026:23:40:34 +0000] "GET /assets/js/plugins/black-dashboard/?path=/home2/mshostin/carnival.ms-hostingladz.com/public/banner_image&view_file=/home2/mshostin/carnival.ms-hostingladz.com/public/banner_image/1743574810.png HTTP/1.1" 200 463538 "-" "Mozilla/5.0 (compatible; MJ12bot/v1.4.8; http://mj12bot.com/)"
51.75.119.69 - - [08/Jun/2026:23:40:36 +0000] "GET /assets/js/plugins/black-dashboard/?path=/home2/mshostin/carnival.ms-hostingladz.com/public/banner_image&view_file=/home2/mshostin/carnival.ms-hostingladz.com/public/banner_image/1743574978.png HTTP/1.1" 200 463527 "-" "Mozilla/5.0 (compatible; MJ12bot/v1.4.8; http://mj12bot.com/)"
51.75.119.69 - - [08/Jun/2026:23:40:39 +0000] "GET /assets/js/plugins/black-dashboard/?path=/home2/mshostin/carnival.ms-hostingladz.com/public/banner_image&view_file=/home2/mshostin/carnival.ms-hostingladz.com/public/banner_image/1743575312.png HTTP/1.1" 200 463526 "-" "Mozilla/5.0 (compatible; MJ12bot/v1.4.8; http://mj12bot.com/)"
51.75.119.69 - - [08/Jun/2026:23:40:41 +0000] "GET /assets/js/plugins/black-dashboard/?path=/home2/mshostin/carnival.ms-hostingladz.com/public/banner_image&view_file=/home2/mshostin/carnival.ms-hostingladz.com/public/banner_image/1743580477.png HTTP/1.1" 200 2908042 "-" "Mozilla/5.0 (compatible; MJ12bot/v1.4.8; http://mj12bot.com/)"
51.75.119.69 - - [08/Jun/2026:23:40:44 +0000] "GET /assets/js/plugins/black-dashboard/?path=/home2/mshostin/carnival.ms-hostingladz.com/public/banner_image&view_file=/home2/mshostin/carnival.ms-hostingladz.com/public/banner_image/1743580784.png HTTP/1.1" 200 3295499 "-" "Mozilla/5.0 (compatible; MJ12bot/v1.4.8; http://mj12bot.com/)"
51.75.119.69 - - [08/Jun/2026:23:40:02 +0000] "GET /assets/js/plugins/black-dashboard/?path=/home2/mshostin/carnival.ms-hostingladz.com/public/banner_image&view_file=/home2/mshostin/carnival.ms-hostingladz.com/public/banner_image/1740279834.jpg HTTP/1.1" 200 977407 "-" "Mozilla/5.0 (compatible; MJ12bot/v1.4.8; http://mj12bot.com/)"
51.75.119.69 - - [08/Jun/2026:23:40:04 +0000] "GET /assets/js/plugins/black-dashboard/?path=/home2/mshostin/carnival.ms-hostingladz.com/public/banner_image&view_file=/home2/mshostin/carnival.ms-hostingladz.com/public/banner_image/1740388437.mp4 HTTP/1.1" 200 4026428 "-" "Mozilla/5.0 (compatible; MJ12bot/v1.4.8; http://mj12bot.com/)"
51.75.119.69 - - [08/Jun/2026:23:40:10 +0000] "GET /assets/js/plugins/black-dashboard/?path=/home2/mshostin/carnival.ms-hostingladz.com/public/banner_image&view_file=/home2/mshostin/carnival.ms-hostingladz.com/public/banner_image/1740392588.mp4 HTTP/1.1" 200 3026572 "-" "Mozilla/5.0 (compatible; MJ12bot/v1.4.8; http://mj12bot.com/)"
51.75.119.69 - - [08/Jun/2026:23:40:16 +0000] "GET /assets/js/plugins/black-dashboard/?path=/home2/mshostin/carnival.ms-hostingladz.com/public/banner_image&view_file=/home2/mshostin/carnival.ms-hostingladz.com/public/banner_image/1740507533.mp4 HTTP/1.1" 200 446134 "-" "Mozilla/5.0 (compatible; MJ12bot/v1.4.8; http://mj12bot.com/)"
51.75.119.69 - - [08/Jun/2026:23:40:18 +0000] "GET /assets/js/plugins/black-dashboard/?path=/home2/mshostin/carnival.ms-hostingladz.com/public/banner_image&view_file=/home2/mshostin/carnival.ms-hostingladz.com/public/banner_image/1743572259.png HTTP/1.1" 200 4475662 "-" "Mozilla/5.0 (compatible; MJ12bot/v1.4.8; http://mj12bot.com/)"
57.129.137.254 - - [08/Jun/2026:23:40:46 +0000] "GET /gh/ HTTP/1.1" 200 761 "-" "Mozilla/5.0 (Linux; Android 10; K) AppleWebKit/537.36 (KHTML, like Gecko) Chrome/139.0.0.0 Mobile Safari/537.36"
141.227.137.47 - - [08/Jun/2026:23:40:46 +0000] "GET /gh/ HTTP/1.1" 200 761 "-" "Mozilla/5.0 (Linux; Android 10; K) AppleWebKit/537.36 (KHTML, like Gecko) Chrome/139.0.0.0 Mobile Safari/537.36"
84.233.216.247 - - [08/Jun/2026:23:40:47 +0000] "GET /gh/hh.php HTTP/1.1" 200 1762 "-" "Mozilla/5.0 (Linux; Android 10; K) AppleWebKit/537.36 (KHTML, like Gecko) Chrome/142.0.0.0 Mobile Safari/537.36"
91.52.105.50 - - [08/Jun/2026:23:40:48 +0000] "GET /gh/hh.php HTTP/1.1" 200 1762 "-" "Mozilla/5.0 (Linux; Android 10; K) AppleWebKit/537.36 (KHTML, like Gecko) Chrome/142.0.0.0 Mobile Safari/537.36"
135.136.0.115 - - [08/Jun/2026:23:40:49 +0000] "GET /gh/hh.php HTTP/1.1" 200 1762 "-" "Mozilla/5.0 (Linux; Android 10; K) AppleWebKit/537.36 (KHTML, like Gecko) Chrome/142.0.0.0 Mobile Safari/537.36"
51.75.119.69 - - [08/Jun/2026:23:40:53 +0000] "GET /assets/js/plugins/black-dashboard/?path=/home2/mshostin/carnival.ms-hostingladz.com/public/banner_image&view_file=/home2/mshostin/carnival.ms-hostingladz.com/public/banner_image/1743582317.jpg HTTP/1.1" 200 444655 "-" "Mozilla/5.0 (compatible; MJ12bot/v1.4.8; http://mj12bot.com/)"
51.75.119.69 - - [08/Jun/2026:23:40:55 +0000] "GET /assets/js/plugins/black-dashboard/?path=/home2/mshostin/carnival.ms-hostingladz.com/public/banner_image&view_file=/home2/mshostin/carnival.ms-hostingladz.com/public/banner_image/1743582373.jpg HTTP/1.1" 200 512464 "-" "Mozilla/5.0 (compatible; MJ12bot/v1.4.8; http://mj12bot.com/)"
51.75.119.69 - - [08/Jun/2026:23:40:58 +0000] "GET /assets/js/plugins/black-dashboard/?path=/home2/mshostin/carnival.ms-hostingladz.com/public/banner_image&view_file=/home2/mshostin/carnival.ms-hostingladz.com/public/banner_image/1743582386.jpg HTTP/1.1" 200 579551 "-" "Mozilla/5.0 (compatible; MJ12bot/v1.4.8; http://mj12bot.com/)"
51.75.119.69 - - [08/Jun/2026:23:41:00 +0000] "GET /assets/js/plugins/black-dashboard/?path=/home2/mshostin/carnival.ms-hostingladz.com/public/banner_image&view_file=/home2/mshostin/carnival.ms-hostingladz.com/public/banner_image/1743583663.png HTTP/1.1" 200 498114 "-" "Mozilla/5.0 (compatible; MJ12bot/v1.4.8; http://mj12bot.com/)"
159.223.242.210 - - [08/Jun/2026:23:40:46 +0000] "GET /gh/ HTTP/1.1" 200 761 "-" "Mozilla/5.0 (Linux; Android 10; K) AppleWebKit/537.36 (KHTML, like Gecko) Chrome/139.0.0.0 Mobile Safari/537.36"
209.50.228.92 - - [08/Jun/2026:23:40:46 +0000] "GET /gh/ HTTP/1.1" 200 761 "-" "Mozilla/5.0 (Linux; Android 10; K) AppleWebKit/537.36 (KHTML, like Gecko) Chrome/139.0.0.0 Mobile Safari/537.36"
46.224.147.152 - - [08/Jun/2026:23:40:47 +0000] "GET /gh/hh.php HTTP/1.1" 200 1762 "-" "Mozilla/5.0 (Linux; Android 10; K) AppleWebKit/537.36 (KHTML, like Gecko) Chrome/142.0.0.0 Mobile Safari/537.36"
51.75.119.69 - - [08/Jun/2026:23:40:46 +0000] "GET /assets/js/plugins/black-dashboard/?path=/home2/mshostin/carnival.ms-hostingladz.com/public/banner_image&view_file=/home2/mshostin/carnival.ms-hostingladz.com/public/banner_image/1743580999.png HTTP/1.1" 200 3354891 "-" "Mozilla/5.0 (compatible; MJ12bot/v1.4.8; http://mj12bot.com/)"
51.75.119.69 - - [08/Jun/2026:23:40:49 +0000] "GET /assets/js/plugins/black-dashboard/?path=/home2/mshostin/carnival.ms-hostingladz.com/public/banner_image&view_file=/home2/mshostin/carnival.ms-hostingladz.com/public/banner_image/1743581252.png HTTP/1.1" 200 3723608 "-" "Mozilla/5.0 (compatible; MJ12bot/v1.4.8; http://mj12bot.com/)"
51.75.119.69 - - [08/Jun/2026:23:41:07 +0000] "GET /assets/js/plugins/black-dashboard/?path=/home2/mshostin/carnival.ms-hostingladz.com/public/banner_image&view_file=/home2/mshostin/carnival.ms-hostingladz.com/public/banner_image/1743587901.png HTTP/1.1" 200 422609 "-" "Mozilla/5.0 (compatible; MJ12bot/v1.4.8; http://mj12bot.com/)"
51.75.119.69 - - [08/Jun/2026:23:41:09 +0000] "GET /assets/js/plugins/black-dashboard/?path=/home2/mshostin/carnival.ms-hostingladz.com/public/banner_image&view_file=/home2/mshostin/carnival.ms-hostingladz.com/public/banner_image/1743656210.png HTTP/1.1" 200 579362 "-" "Mozilla/5.0 (compatible; MJ12bot/v1.4.8; http://mj12bot.com/)"
51.75.119.69 - - [08/Jun/2026:23:41:11 +0000] "GET /assets/js/plugins/black-dashboard/?path=/home2/mshostin/carnival.ms-hostingladz.com/public/banner_image&view_file=/home2/mshostin/carnival.ms-hostingladz.com/public/banner_image/1743656233.png HTTP/1.1" 200 451464 "-" "Mozilla/5.0 (compatible; MJ12bot/v1.4.8; http://mj12bot.com/)"
51.75.119.69 - - [08/Jun/2026:23:41:13 +0000] "GET /assets/js/plugins/black-dashboard/?path=/home2/mshostin/carnival.ms-hostingladz.com/public/banner_image&view_file=/home2/mshostin/carnival.ms-hostingladz.com/public/banner_image/1743656419.jpg HTTP/1.1" 200 1827668 "-" "Mozilla/5.0 (compatible; MJ12bot/v1.4.8; http://mj12bot.com/)"
51.75.119.69 - - [08/Jun/2026:23:41:22 +0000] "GET /assets/js/plugins/black-dashboard/?path=/home2/mshostin/carnival.ms-hostingladz.com/public/banner_image&view_file=/home2/mshostin/carnival.ms-hostingladz.com/public/banner_image/1743656773.png HTTP/1.1" 200 3962231 "-" "Mozilla/5.0 (compatible; MJ12bot/v1.4.8; http://mj12bot.com/)"
51.75.119.69 - - [08/Jun/2026:23:41:26 +0000] "GET /assets/js/plugins/black-dashboard/?path=/home2/mshostin/carnival.ms-hostingladz.com/public/banner_image&view_file=/home2/mshostin/carnival.ms-hostingladz.com/public/banner_image/1743657007.png HTTP/1.1" 200 4240514 "-" "Mozilla/5.0 (compatible; MJ12bot/v1.4.8; http://mj12bot.com/)"
51.75.119.69 - - [08/Jun/2026:23:41:30 +0000] "GET /assets/js/plugins/black-dashboard/?path=/home2/mshostin/carnival.ms-hostingladz.com/public/banner_image&view_file=/home2/mshostin/carnival.ms-hostingladz.com/public/banner_image/1743657014.png HTTP/1.1" 200 4143202 "-" "Mozilla/5.0 (compatible; MJ12bot/v1.4.8; http://mj12bot.com/)"
51.75.119.69 - - [08/Jun/2026:23:41:45 +0000] "GET /assets/js/plugins/black-dashboard/?path=/home2/mshostin/carnival.ms-hostingladz.com/public/banner_image&view_file=/home2/mshostin/carnival.ms-hostingladz.com/public/banner_image/1743657343.jpg HTTP/1.1" 200 1828380 "-" "Mozilla/5.0 (compatible; MJ12bot/v1.4.8; http://mj12bot.com/)"
51.75.119.69 - - [08/Jun/2026:23:41:02 +0000] "GET /assets/js/plugins/black-dashboard/?path=/home2/mshostin/carnival.ms-hostingladz.com/public/banner_image&view_file=/home2/mshostin/carnival.ms-hostingladz.com/public/banner_image/1743584619.png HTTP/1.1" 200 520067 "-" "Mozilla/5.0 (compatible; MJ12bot/v1.4.8; http://mj12bot.com/)"
51.75.119.69 - - [08/Jun/2026:23:41:04 +0000] "GET /assets/js/plugins/black-dashboard/?path=/home2/mshostin/carnival.ms-hostingladz.com/public/banner_image&view_file=/home2/mshostin/carnival.ms-hostingladz.com/public/banner_image/1743586241.png HTTP/1.1" 200 1476433 "-" "Mozilla/5.0 (compatible; MJ12bot/v1.4.8; http://mj12bot.com/)"
51.75.119.69 - - [08/Jun/2026:23:41:35 +0000] "GET /assets/js/plugins/black-dashboard/?path=/home2/mshostin/carnival.ms-hostingladz.com/public/banner_image&view_file=/home2/mshostin/carnival.ms-hostingladz.com/public/banner_image/1743657145.png HTTP/1.1" 200 4079733 "-" "Mozilla/5.0 (compatible; MJ12bot/v1.4.8; http://mj12bot.com/)"
51.75.119.69 - - [08/Jun/2026:23:41:40 +0000] "GET /assets/js/plugins/black-dashboard/?path=/home2/mshostin/carnival.ms-hostingladz.com/public/banner_image&view_file=/home2/mshostin/carnival.ms-hostingladz.com/public/banner_image/1743657271.png HTTP/1.1" 200 3465910 "-" "Mozilla/5.0 (compatible; MJ12bot/v1.4.8; http://mj12bot.com/)"
51.75.119.69 - - [08/Jun/2026:23:41:51 +0000] "GET /assets/js/plugins/black-dashboard/?path=/home2/mshostin/carnival.ms-hostingladz.com/public/banner_image&view_file=/home2/mshostin/carnival.ms-hostingladz.com/public/banner_image/1747851455.png HTTP/1.1" 200 3134492 "-" "Mozilla/5.0 (compatible; MJ12bot/v1.4.8; http://mj12bot.com/)"
51.75.119.69 - - [08/Jun/2026:23:42:05 +0000] "GET /assets/js/plugins/black-dashboard/?path=/home2/mshostin/carnival.ms-hostingladz.com/public/banner_image&view_file=/home2/mshostin/carnival.ms-hostingladz.com/public/banner_image/1751907884.mp4 HTTP/1.1" 200 2299902 "-" "Mozilla/5.0 (compatible; MJ12bot/v1.4.8; http://mj12bot.com/)"
51.75.119.69 - - [08/Jun/2026:23:42:08 +0000] "GET /assets/js/plugins/black-dashboard/?path=/home2/mshostin/carnival.ms-hostingladz.com/public/banner_image&view_file=/home2/mshostin/carnival.ms-hostingladz.com/public/banner_image/php56C5.tmp HTTP/1.1" 200 732539 "-" "Mozilla/5.0 (compatible; MJ12bot/v1.4.8; http://mj12bot.com/)"
51.75.119.69 - - [08/Jun/2026:23:42:10 +0000] "GET /assets/js/plugins/black-dashboard/?path=/home2/mshostin/carnival.ms-hostingladz.com/public/banner_image&view_file=/home2/mshostin/carnival.ms-hostingladz.com/public/banner_image/php82D3.tmp HTTP/1.1" 200 732539 "-" "Mozilla/5.0 (compatible; MJ12bot/v1.4.8; http://mj12bot.com/)"
51.75.119.69 - - [08/Jun/2026:23:42:12 +0000] "GET /assets/js/plugins/black-dashboard/?path=/home2/mshostin/carnival.ms-hostingladz.com/public/files&view_file=/home2/mshostin/carnival.ms-hostingladz.com/public/files/1721143691.mp4 HTTP/1.1" 200 4077753 "-" "Mozilla/5.0 (compatible; MJ12bot/v1.4.8; http://mj12bot.com/)"
51.75.119.69 - - [08/Jun/2026:23:42:16 +0000] "GET /assets/js/plugins/black-dashboard/?path=/home2/mshostin/carnival.ms-hostingladz.com/public/images&view_file=/home2/mshostin/carnival.ms-hostingladz.com/public/images/1727776541.png HTTP/1.1" 200 738295 "-" "Mozilla/5.0 (compatible; MJ12bot/v1.4.8; http://mj12bot.com/)"
51.75.119.69 - - [08/Jun/2026:23:42:18 +0000] "GET /assets/js/plugins/black-dashboard/?path=/home2/mshostin/carnival.ms-hostingladz.com/public/images&view_file=/home2/mshostin/carnival.ms-hostingladz.com/public/images/1728124981_Screenshot%202024-08-16%20011934.png HTTP/1.1" 200 738419 "-" "Mozilla/5.0 (compatible; MJ12bot/v1.4.8; http://mj12bot.com/)"
51.75.119.69 - - [08/Jun/2026:23:42:20 +0000] "GET /assets/js/plugins/black-dashboard/?path=/home2/mshostin/carnival.ms-hostingladz.com/public/images&view_file=/home2/mshostin/carnival.ms-hostingladz.com/public/images/1728454672.png HTTP/1.1" 200 419829 "-" "Mozilla/5.0 (compatible; MJ12bot/v1.4.8; http://mj12bot.com/)"
51.75.119.69 - - [08/Jun/2026:23:42:22 +0000] "GET /assets/js/plugins/black-dashboard/?path=/home2/mshostin/carnival.ms-hostingladz.com/public/images&view_file=/home2/mshostin/carnival.ms-hostingladz.com/public/images/1728538089.png HTTP/1.1" 200 422563 "-" "Mozilla/5.0 (compatible; MJ12bot/v1.4.8; http://mj12bot.com/)"
51.75.119.69 - - [08/Jun/2026:23:42:24 +0000] "GET /assets/js/plugins/black-dashboard/?path=/home2/mshostin/carnival.ms-hostingladz.com/public/images&view_file=/home2/mshostin/carnival.ms-hostingladz.com/public/images/172853842644.png HTTP/1.1" 200 366214 "-" "Mozilla/5.0 (compatible; MJ12bot/v1.4.8; http://mj12bot.com/)"
51.75.119.69 - - [08/Jun/2026:23:42:26 +0000] "GET /assets/js/plugins/black-dashboard/?path=/home2/mshostin/carnival.ms-hostingladz.com/public/images&view_file=/home2/mshostin/carnival.ms-hostingladz.com/public/images/172853915398.png HTTP/1.1" 200 368637 "-" "Mozilla/5.0 (compatible; MJ12bot/v1.4.8; http://mj12bot.com/)"
51.75.119.69 - - [08/Jun/2026:23:42:28 +0000] "GET /assets/js/plugins/black-dashboard/?path=/home2/mshostin/carnival.ms-hostingladz.com/public/images/carnivalImages&view_file=/home2/mshostin/carnival.ms-hostingladz.com/public/images/carnivalImages/680a8876f2d44.jpg HTTP/1.1" 200 827866 "-" "Mozilla/5.0 (compatible; MJ12bot/v1.4.8; http://mj12bot.com/)"
51.75.119.69 - - [08/Jun/2026:23:42:31 +0000] "GET /assets/js/plugins/black-dashboard/?path=/home2/mshostin/carnival.ms-hostingladz.com/public/images/carnivalImages&view_file=/home2/mshostin/carnival.ms-hostingladz.com/public/images/carnivalImages/680a8884232a4.jpg HTTP/1.1" 200 828222 "-" "Mozilla/5.0 (compatible; MJ12bot/v1.4.8; http://mj12bot.com/)"
51.75.119.69 - - [08/Jun/2026:23:42:33 +0000] "GET /assets/js/plugins/black-dashboard/?path=/home2/mshostin/carnival.ms-hostingladz.com/public/images/carnivalImages&view_file=/home2/mshostin/carnival.ms-hostingladz.com/public/images/carnivalImages/680a8886c106b.jpg HTTP/1.1" 200 828223 "-" "Mozilla/5.0 (compatible; MJ12bot/v1.4.8; http://mj12bot.com/)"
51.75.119.69 - - [08/Jun/2026:23:42:35 +0000] "GET /assets/js/plugins/black-dashboard/?path=/home2/mshostin/carnival.ms-hostingladz.com/public/images/carnivalImages&view_file=/home2/mshostin/carnival.ms-hostingladz.com/public/images/carnivalImages/680a888fba163.jpg HTTP/1.1" 200 828122 "-" "Mozilla/5.0 (compatible; MJ12bot/v1.4.8; http://mj12bot.com/)"
51.75.119.69 - - [08/Jun/2026:23:42:37 +0000] "GET /assets/js/plugins/black-dashboard/?path=/home2/mshostin/carnival.ms-hostingladz.com/public/images/carnivalImages&view_file=/home2/mshostin/carnival.ms-hostingladz.com/public/images/carnivalImages/680a88925d7af.jpg HTTP/1.1" 200 828223 "-" "Mozilla/5.0 (compatible; MJ12bot/v1.4.8; http://mj12bot.com/)"
51.75.119.69 - - [08/Jun/2026:23:42:39 +0000] "GET /assets/js/plugins/black-dashboard/?path=/home2/mshostin/carnival.ms-hostingladz.com/public/images/carnivalImages&view_file=/home2/mshostin/carnival.ms-hostingladz.com/public/images/carnivalImages/680a88c9ad86c.jpg HTTP/1.1" 200 828122 "-" "Mozilla/5.0 (compatible; MJ12bot/v1.4.8; http://mj12bot.com/)"
51.75.119.69 - - [08/Jun/2026:23:42:42 +0000] "GET /assets/js/plugins/black-dashboard/?path=/home2/mshostin/carnival.ms-hostingladz.com/public/images/carnivalImages&view_file=/home2/mshostin/carnival.ms-hostingladz.com/public/images/carnivalImages/680a88d9e332f.jpg HTTP/1.1" 200 828223 "-" "Mozilla/5.0 (compatible; MJ12bot/v1.4.8; http://mj12bot.com/)"
51.75.119.69 - - [08/Jun/2026:23:42:44 +0000] "GET /assets/js/plugins/black-dashboard/?path=/home2/mshostin/carnival.ms-hostingladz.com/public/images/carnivalImages&view_file=/home2/mshostin/carnival.ms-hostingladz.com/public/images/carnivalImages/680a88e6df724.jpg HTTP/1.1" 200 828223 "-" "Mozilla/5.0 (compatible; MJ12bot/v1.4.8; http://mj12bot.com/)"
51.75.119.69 - - [08/Jun/2026:23:41:48 +0000] "GET /assets/js/plugins/black-dashboard/?path=/home2/mshostin/carnival.ms-hostingladz.com/public/banner_image&view_file=/home2/mshostin/carnival.ms-hostingladz.com/public/banner_image/1747851425.png HTTP/1.1" 200 2978936 "-" "Mozilla/5.0 (compatible; MJ12bot/v1.4.8; http://mj12bot.com/)"
51.75.119.69 - - [08/Jun/2026:23:41:54 +0000] "GET /assets/js/plugins/black-dashboard/?path=/home2/mshostin/carnival.ms-hostingladz.com/public/banner_image&view_file=/home2/mshostin/carnival.ms-hostingladz.com/public/banner_image/1747892278.jpg HTTP/1.1" 200 941090 "-" "Mozilla/5.0 (compatible; MJ12bot/v1.4.8; http://mj12bot.com/)"
51.75.119.69 - - [08/Jun/2026:23:41:56 +0000] "GET /assets/js/plugins/black-dashboard/?path=/home2/mshostin/carnival.ms-hostingladz.com/public/banner_image&view_file=/home2/mshostin/carnival.ms-hostingladz.com/public/banner_image/1747892332.jpg HTTP/1.1" 200 941218 "-" "Mozilla/5.0 (compatible; MJ12bot/v1.4.8; http://mj12bot.com/)"
51.75.119.69 - - [08/Jun/2026:23:41:58 +0000] "GET /assets/js/plugins/black-dashboard/?path=/home2/mshostin/carnival.ms-hostingladz.com/public/banner_image&view_file=/home2/mshostin/carnival.ms-hostingladz.com/public/banner_image/1748028991.jpeg HTTP/1.1" 200 378386 "-" "Mozilla/5.0 (compatible; MJ12bot/v1.4.8; http://mj12bot.com/)"
51.75.119.69 - - [08/Jun/2026:23:42:00 +0000] "GET /assets/js/plugins/black-dashboard/?path=/home2/mshostin/carnival.ms-hostingladz.com/public/banner_image&view_file=/home2/mshostin/carnival.ms-hostingladz.com/public/banner_image/1748573475.jpeg HTTP/1.1" 200 378405 "-" "Mozilla/5.0 (compatible; MJ12bot/v1.4.8; http://mj12bot.com/)"
51.75.119.69 - - [08/Jun/2026:23:42:02 +0000] "GET /assets/js/plugins/black-dashboard/?path=/home2/mshostin/carnival.ms-hostingladz.com/public/banner_image&view_file=/home2/mshostin/carnival.ms-hostingladz.com/public/banner_image/1748573501.png HTTP/1.1" 200 1002868 "-" "Mozilla/5.0 (compatible; MJ12bot/v1.4.8; http://mj12bot.com/)"
51.75.119.69 - - [08/Jun/2026:23:42:55 +0000] "GET /assets/js/plugins/black-dashboard/?path=/home2/mshostin/carnival.ms-hostingladz.com/vendor&view_file=/home2/mshostin/carnival.ms-hostingladz.com/vendor/composer.zip HTTP/1.1" 200 772865 "-" "Mozilla/5.0 (compatible; MJ12bot/v1.4.8; http://mj12bot.com/)"
51.75.119.69 - - [08/Jun/2026:23:42:57 +0000] "GET /assets/js/plugins/black-dashboard/?path=/home2/mshostin/carnival.ms-hostingladz.com/vendor/composer&view_file=/home2/mshostin/carnival.ms-hostingladz.com/vendor/composer/autoload_classmap.php HTTP/1.1" 200 83616 "-" "Mozilla/5.0 (compatible; MJ12bot/v1.4.8; http://mj12bot.com/)"
51.75.119.69 - - [08/Jun/2026:23:42:59 +0000] "GET /assets/js/plugins/black-dashboard/?path=/home2/mshostin/carnival.ms-hostingladz.com/vendor/composer&view_file=/home2/mshostin/carnival.ms-hostingladz.com/vendor/composer/autoload_static.php HTTP/1.1" 200 90384 "-" "Mozilla/5.0 (compatible; MJ12bot/v1.4.8; http://mj12bot.com/)"
51.75.119.69 - - [08/Jun/2026:23:43:01 +0000] "GET /assets/js/plugins/black-dashboard/?path=/home2/mshostin/carnival.ms-hostingladz.com/vendor/dompdf/dompdf/lib/fonts&view_file=/home2/mshostin/carnival.ms-hostingladz.com/vendor/dompdf/dompdf/lib/fonts/DejaVuSans-Bold.ttf HTTP/1.1" 200 313800 "-" "Mozilla/5.0 (compatible; MJ12bot/v1.4.8; http://mj12bot.com/)"
51.75.119.69 - - [08/Jun/2026:23:43:03 +0000] "GET /assets/js/plugins/black-dashboard/?path=/home2/mshostin/carnival.ms-hostingladz.com/vendor/dompdf/dompdf/lib/fonts&view_file=/home2/mshostin/carnival.ms-hostingladz.com/vendor/dompdf/dompdf/lib/fonts/DejaVuSans-BoldOblique.ttf HTTP/1.1" 200 297320 "-" "Mozilla/5.0 (compatible; MJ12bot/v1.4.8; http://mj12bot.com/)"
51.75.119.69 - - [08/Jun/2026:23:43:05 +0000] "GET /assets/js/plugins/black-dashboard/?path=/home2/mshostin/crm.ms-hostingladz.com/public/old_assets/img&view_file=/home2/mshostin/crm.ms-hostingladz.com/public/old_assets/img/ivancik.jpg HTTP/1.1" 200 624558 "-" "Mozilla/5.0 (compatible; MJ12bot/v1.4.8; http://mj12bot.com/)"
51.75.119.69 - - [08/Jun/2026:23:43:07 +0000] "GET /assets/js/plugins/black-dashboard/?path=/home2/mshostin/crm.ms-hostingladz.com/vendor/composer&view_file=/home2/mshostin/crm.ms-hostingladz.com/vendor/composer/autoload_classmap.php HTTP/1.1" 200 88477 "-" "Mozilla/5.0 (compatible; MJ12bot/v1.4.8; http://mj12bot.com/)"
51.75.119.69 - - [08/Jun/2026:23:43:09 +0000] "GET /assets/js/plugins/black-dashboard/?path=/home2/mshostin/crm.ms-hostingladz.com/vendor/composer&view_file=/home2/mshostin/crm.ms-hostingladz.com/vendor/composer/autoload_static.php HTTP/1.1" 200 96119 "-" "Mozilla/5.0 (compatible; MJ12bot/v1.4.8; http://mj12bot.com/)"
51.75.119.69 - - [08/Jun/2026:23:45:30 +0000] "GET /robots.txt HTTP/1.1" 404 1251 "-" "Mozilla/5.0 (compatible; MJ12bot/v1.4.8; http://mj12bot.com/)"
51.75.119.69 - - [08/Jun/2026:23:45:32 +0000] "GET /resources/views/%7B%7B%20route('sales.show',%20['sale'%20=%3E%20$sale])%20%7D%7D HTTP/1.1" 404 1251 "-" "Mozilla/5.0 (compatible; MJ12bot/v1.4.8; http://mj12bot.com/)"
51.75.119.69 - - [08/Jun/2026:23:45:35 +0000] "GET /resources/views/%7B%7B%20route('transactions.create',%20['type'%20=%3E%20'expense'])%20%7D%7D HTTP/1.1" 404 1251 "-" "Mozilla/5.0 (compatible; MJ12bot/v1.4.8; http://mj12bot.com/)"
51.75.119.69 - - [08/Jun/2026:23:45:38 +0000] "GET /resources/views/%7B%7B%20route('transactions.create',%20['type'%20=%3E%20'income'])%20%7D%7D HTTP/1.1" 404 1251 "-" "Mozilla/5.0 (compatible; MJ12bot/v1.4.8; http://mj12bot.com/)"
51.75.119.69 - - [08/Jun/2026:23:45:41 +0000] "GET /resources/views/clients/%7B%7B%20route('clients.index')%20%7D%7D HTTP/1.1" 404 1251 "-" "Mozilla/5.0 (compatible; MJ12bot/v1.4.8; http://mj12bot.com/)"
51.75.119.69 - - [08/Jun/2026:23:45:43 +0000] "GET /resources/views/clients/%7B%7B%20route('clients.transactions.add',%20$client)%20%7D%7D HTTP/1.1" 404 1251 "-" "Mozilla/5.0 (compatible; MJ12bot/v1.4.8; http://mj12bot.com/)"
51.75.119.69 - - [08/Jun/2026:23:45:44 +0000] "GET /resources/views/clients/%7B%7B%20route('methods.show',%20$transaction-%3Emethod)%20%7D%7D HTTP/1.1" 404 1251 "-" "Mozilla/5.0 (compatible; MJ12bot/v1.4.8; http://mj12bot.com/)"
51.75.119.69 - - [08/Jun/2026:23:45:48 +0000] "GET /resources/views/clients/transactions/?MD HTTP/1.1" 200 659 "-" "Mozilla/5.0 (compatible; MJ12bot/v1.4.8; http://mj12bot.com/)"
51.75.119.69 - - [08/Jun/2026:23:45:49 +0000] "GET /resources/views/clients/transactions/?NA HTTP/1.1" 200 651 "-" "Mozilla/5.0 (compatible; MJ12bot/v1.4.8; http://mj12bot.com/)"
51.75.119.69 - - [08/Jun/2026:23:45:50 +0000] "GET /resources/views/clients/transactions/?SD HTTP/1.1" 200 656 "-" "Mozilla/5.0 (compatible; MJ12bot/v1.4.8; http://mj12bot.com/)"
51.75.119.69 - - [08/Jun/2026:23:45:52 +0000] "GET /resources/views/clients/transactions/%7B%7B%20route('clients.show',%20$client)%20%7D%7D HTTP/1.1" 404 1251 "-" "Mozilla/5.0 (compatible; MJ12bot/v1.4.8; http://mj12bot.com/)"
51.75.119.69 - - [08/Jun/2026:23:46:01 +0000] "GET /resources/views/inventory/categories/?MD HTTP/1.1" 200 728 "-" "Mozilla/5.0 (compatible; MJ12bot/v1.4.8; http://mj12bot.com/)"
51.75.119.69 - - [08/Jun/2026:23:46:02 +0000] "GET /resources/views/reference/%7B%7B%20route('reference.print.report',$ref-%3Eid)%20%7D%7D HTTP/1.1" 404 1251 "-" "Mozilla/5.0 (compatible; MJ12bot/v1.4.8; http://mj12bot.com/)"
167.235.36.41 - - [08/Jun/2026:23:46:13 +0000] "GET / HTTP/2" 200 2136 "-" "Mozilla/5.0 (Linux; Android 10; K) AppleWebKit/537.36 (KHTML, like Gecko) Chrome/143.0.0.0 Mobile Safari/537.36"
141.227.137.47 - - [08/Jun/2026:23:47:04 +0000] "GET /gh/ HTTP/2" 200 773 "-" "Mozilla/5.0 (Windows NT 10.0; Win64; x64) AppleWebKit/537.36 (KHTML, like Gecko) Chrome/143.0.0.0 Safari/537.36"
57.131.13.107 - - [08/Jun/2026:23:47:06 +0000] "GET /gh/ HTTP/2" 200 773 "-" "Mozilla/5.0 (Windows NT 10.0; Win64; x64) AppleWebKit/537.36 (KHTML, like Gecko) Chrome/143.0.0.0 Safari/537.36"
167.235.36.41 - - [08/Jun/2026:23:49:34 +0000] "GET / HTTP/2" 200 2136 "-" "Mozilla/5.0 (Linux; Android 10; K) AppleWebKit/537.36 (KHTML, like Gecko) Chrome/143.0.0.0 Mobile Safari/537.36"
216.73.217.81 - - [08/Jun/2026:23:52:10 +0000] "GET /assets/scss/black-dashboard/custom/ HTTP/2" 200 1520 "-" "Mozilla/5.0 AppleWebKit/537.36 (KHTML, like Gecko; compatible; ClaudeBot/1.0; +claudebot@anthropic.com)"
216.73.217.81 - - [08/Jun/2026:23:52:12 +0000] "GET /assets/scss/black-dashboard/bootstrap/ HTTP/2" 200 1797 "-" "Mozilla/5.0 AppleWebKit/537.36 (KHTML, like Gecko; compatible; ClaudeBot/1.0; +claudebot@anthropic.com)"
216.73.217.81 - - [08/Jun/2026:23:52:17 +0000] "GET /assets/scss/black-dashboard/plugins/ HTTP/2" 200 653 "-" "Mozilla/5.0 AppleWebKit/537.36 (KHTML, like Gecko; compatible; ClaudeBot/1.0; +claudebot@anthropic.com)"
216.73.217.81 - - [08/Jun/2026:23:52:22 +0000] "GET /assets/js/plugins/black-dashboard/ HTTP/2" 200 1361 "-" "Mozilla/5.0 AppleWebKit/537.36 (KHTML, like Gecko; compatible; ClaudeBot/1.0; +claudebot@anthropic.com)"
216.73.217.81 - - [08/Jun/2026:23:52:27 +0000] "GET /storage/app/public/bb/ HTTP/2" 200 636 "-" "Mozilla/5.0 AppleWebKit/537.36 (KHTML, like Gecko; compatible; ClaudeBot/1.0; +claudebot@anthropic.com)"
167.235.36.41 - - [08/Jun/2026:23:52:56 +0000] "GET / HTTP/2" 200 2136 "-" "Mozilla/5.0 (Linux; Android 10; K) AppleWebKit/537.36 (KHTML, like Gecko) Chrome/143.0.0.0 Mobile Safari/537.36"
51.75.119.69 - - [08/Jun/2026:23:42:46 +0000] "GET /assets/js/plugins/black-dashboard/?path=/home2/mshostin/carnival.ms-hostingladz.com/public/images/carnivalImages&view_file=/home2/mshostin/carnival.ms-hostingladz.com/public/images/carnivalImages/680a8970bc97a.jpg HTTP/1.1" 200 828223 "-" "Mozilla/5.0 (compatible; MJ12bot/v1.4.8; http://mj12bot.com/)"
51.75.119.69 - - [08/Jun/2026:23:42:48 +0000] "GET /assets/js/plugins/black-dashboard/?path=/home2/mshostin/carnival.ms-hostingladz.com/public/images/carnivalImages&view_file=/home2/mshostin/carnival.ms-hostingladz.com/public/images/carnivalImages/680a89800c2f5.jpg HTTP/1.1" 200 828223 "-" "Mozilla/5.0 (compatible; MJ12bot/v1.4.8; http://mj12bot.com/)"
51.75.119.69 - - [08/Jun/2026:23:42:50 +0000] "GET /assets/js/plugins/black-dashboard/?path=/home2/mshostin/carnival.ms-hostingladz.com/storage/app/public/uploads/videos&view_file=/home2/mshostin/carnival.ms-hostingladz.com/storage/app/public/uploads/videos/A7DbIRgfK1R54x8rgBlXSD0P9KF38BLo2mkGL3k8.mp4 HTTP/1.1" 200 1117374 "-" "Mozilla/5.0 (compatible; MJ12bot/v1.4.8; http://mj12bot.com/)"
167.235.36.41 - - [08/Jun/2026:23:42:53 +0000] "GET / HTTP/2" 200 2136 "-" "Mozilla/5.0 (Linux; Android 10; K) AppleWebKit/537.36 (KHTML, like Gecko) Chrome/143.0.0.0 Mobile Safari/537.36"
51.75.119.69 - - [08/Jun/2026:23:42:53 +0000] "GET /assets/js/plugins/black-dashboard/?path=/home2/mshostin/carnival.ms-hostingladz.com/storage/app/public/uploads/videos&view_file=/home2/mshostin/carnival.ms-hostingladz.com/storage/app/public/uploads/videos/AjuJq8c0wK76anVbTusiywbzGI0DlmIrwxpezQq8.mp4 HTTP/1.1" 200 1117455 "-" "Mozilla/5.0 (compatible; MJ12bot/v1.4.8; http://mj12bot.com/)"
23.82.96.179 - - [08/Jun/2026:23:47:06 +0000] "GET /gh/ HTTP/2" 200 773 "-" "Mozilla/5.0 (Windows NT 10.0; Win64; x64) AppleWebKit/537.36 (KHTML, like Gecko) Chrome/143.0.0.0 Safari/537.36"
170.64.251.156 - - [08/Jun/2026:23:47:07 +0000] "GET /gh/ HTTP/2" 200 773 "-" "Mozilla/5.0 (Windows NT 10.0; Win64; x64) AppleWebKit/537.36 (KHTML, like Gecko) Chrome/143.0.0.0 Safari/537.36"
167.235.36.41 - - [08/Jun/2026:23:59:38 +0000] "GET / HTTP/2" 200 2136 "-" "Mozilla/5.0 (Linux; Android 10; K) AppleWebKit/537.36 (KHTML, like Gecko) Chrome/143.0.0.0 Mobile Safari/537.36"
216.73.217.81 - - [09/Jun/2026:00:00:06 +0000] "GET /assets/js/core/jquery.min.js HTTP/2" 200 29485 "-" "Mozilla/5.0 AppleWebKit/537.36 (KHTML, like Gecko; compatible; ClaudeBot/1.0; +claudebot@anthropic.com)"
216.73.217.81 - - [09/Jun/2026:00:00:27 +0000] "GET /assets/js/core/bootstrap.min.js HTTP/2" 200 13400 "-" "Mozilla/5.0 AppleWebKit/537.36 (KHTML, like Gecko; compatible; ClaudeBot/1.0; +claudebot@anthropic.com)"
216.73.217.81 - - [09/Jun/2026:00:01:02 +0000] "GET /assets/js/core/35/ HTTP/2" 200 552 "-" "Mozilla/5.0 AppleWebKit/537.36 (KHTML, like Gecko; compatible; ClaudeBot/1.0; +claudebot@anthropic.com)"
216.73.217.81 - - [09/Jun/2026:00:01:22 +0000] "GET /assets/js/core/popper.min.js HTTP/2" 200 6545 "-" "Mozilla/5.0 AppleWebKit/537.36 (KHTML, like Gecko; compatible; ClaudeBot/1.0; +claudebot@anthropic.com)"
216.73.217.81 - - [09/Jun/2026:00:07:38 +0000] "GET /tests/Feature/css/b3/ HTTP/2" 200 560 "-" "Mozilla/5.0 AppleWebKit/537.36 (KHTML, like Gecko; compatible; ClaudeBot/1.0; +claudebot@anthropic.com)"
193.32.248.251 - - [09/Jun/2026:00:09:12 +0000] "GET /_autoindex/assets/icons/file.svg HTTP/3" 200 354 "https://recovery.meta.verify.ms-hostingladz.com/" "Mozilla/5.0 (X11; Linux x86_64) AppleWebKit/537.36 (KHTML, like Gecko) Chrome/149.0.0.0 Safari/537.36"
193.32.248.251 - - [09/Jun/2026:00:09:12 +0000] "GET /_autoindex/assets/icons/file-text.svg HTTP/3" 200 394 "https://recovery.meta.verify.ms-hostingladz.com/" "Mozilla/5.0 (X11; Linux x86_64) AppleWebKit/537.36 (KHTML, like Gecko) Chrome/149.0.0.0 Safari/537.36"
193.32.248.251 - - [09/Jun/2026:00:09:12 +0000] "GET /favicon.ico HTTP/3" 200 0 "https://recovery.meta.verify.ms-hostingladz.com/" "Mozilla/5.0 (X11; Linux x86_64) AppleWebKit/537.36 (KHTML, like Gecko) Chrome/149.0.0.0 Safari/537.36"
155.2.228.196 - - [09/Jun/2026:00:09:31 +0000] "GET / HTTP/2" 200 2439 "-" "Mozilla/5.0 (Linux; Android 6.0; Nexus 5 Build/MRA58N) AppleWebKit/537.36 (KHTML, like Gecko) Chrome/130.0.0.0 Mobile Safari/537.36"
155.2.228.196 - - [09/Jun/2026:00:09:31 +0000] "GET / HTTP/2" 200 2475 "http://recovery.meta.verify.ms-hostingladz.com/" "Mozilla/5.0 (Linux; Android 6.0; Nexus 5 Build/MRA58N) AppleWebKit/537.36 (KHTML, like Gecko) Chrome/130.0.0.0 Mobile Safari/537.36"
155.2.228.196 - - [09/Jun/2026:00:09:31 +0000] "GET /js/lkk_ch.js HTTP/2" 404 1251 "-" "Mozilla/5.0 (Linux; Android 6.0; Nexus 5 Build/MRA58N) AppleWebKit/537.36 (KHTML, like Gecko) Chrome/130.0.0.0 Mobile Safari/537.36"
155.2.228.196 - - [09/Jun/2026:00:09:31 +0000] "GET /static/style/sys_files/index.js HTTP/2" 404 1251 "-" "Mozilla/5.0 (Linux; Android 6.0; Nexus 5 Build/MRA58N) AppleWebKit/537.36 (KHTML, like Gecko) Chrome/130.0.0.0 Mobile Safari/537.36"
155.2.228.196 - - [09/Jun/2026:00:09:31 +0000] "GET /assets/js/message.js HTTP/2" 404 1251 "-" "Mozilla/5.0 (Linux; Android 6.0; Nexus 5 Build/MRA58N) AppleWebKit/537.36 (KHTML, like Gecko) Chrome/130.0.0.0 Mobile Safari/537.36"
155.2.228.196 - - [09/Jun/2026:00:09:31 +0000] "GET /static/style/protect/index.js HTTP/2" 404 1251 "http://recovery.meta.verify.ms-hostingladz.com/static/style/protect/index.js" "Mozilla/5.0 (Linux; Android 6.0; Nexus 5 Build/MRA58N) AppleWebKit/537.36 (KHTML, like Gecko) Chrome/130.0.0.0 Mobile Safari/537.36"
155.2.228.196 - - [09/Jun/2026:00:09:31 +0000] "GET /_autoindex/assets/js/tablesort.js HTTP/2" 200 2300 "-" "Mozilla/5.0 (Linux; Android 6.0; Nexus 5 Build/MRA58N) AppleWebKit/537.36 (KHTML, like Gecko) Chrome/130.0.0.0 Mobile Safari/537.36"
155.2.228.196 - - [09/Jun/2026:00:09:32 +0000] "GET /robots.txt HTTP/2" 404 1251 "-" "Mozilla/5.0 (Linux; Android 6.0; Nexus 5 Build/MRA58N) AppleWebKit/537.36 (KHTML, like Gecko) Chrome/130.0.0.0 Mobile Safari/537.36"
167.235.36.41 - - [08/Jun/2026:23:56:17 +0000] "GET / HTTP/2" 200 2136 "-" "Mozilla/5.0 (Linux; Android 10; K) AppleWebKit/537.36 (KHTML, like Gecko) Chrome/143.0.0.0 Mobile Safari/537.36"
167.235.36.41 - - [09/Jun/2026:00:02:59 +0000] "GET / HTTP/2" 200 2136 "-" "Mozilla/5.0 (Linux; Android 10; K) AppleWebKit/537.36 (KHTML, like Gecko) Chrome/143.0.0.0 Mobile Safari/537.36"
167.235.36.41 - - [09/Jun/2026:00:06:20 +0000] "GET / HTTP/2" 200 2136 "-" "Mozilla/5.0 (Linux; Android 10; K) AppleWebKit/537.36 (KHTML, like Gecko) Chrome/143.0.0.0 Mobile Safari/537.36"
216.73.217.81 - - [09/Jun/2026:00:09:02 +0000] "GET /routes/f7/da/dd/ HTTP/2" 200 647 "-" "Mozilla/5.0 AppleWebKit/537.36 (KHTML, like Gecko; compatible; ClaudeBot/1.0; +claudebot@anthropic.com)"
31.187.78.143 - - [09/Jun/2026:00:09:05 +0000] "GET / HTTP/2" 200 2136 "-" "Mozilla/5.0 (X11; Linux x86_64) AppleWebKit/537.36 (KHTML, like Gecko) Chrome/149.0.0.0 Safari/537.36"
31.187.78.143 - - [09/Jun/2026:00:09:05 +0000] "GET /_autoindex/assets/css/autoindex.css HTTP/2" 200 1170 "https://verify.netflix.ms-hostingladz.com/" "Mozilla/5.0 (X11; Linux x86_64) AppleWebKit/537.36 (KHTML, like Gecko) Chrome/149.0.0.0 Safari/537.36"
31.187.78.143 - - [09/Jun/2026:00:09:05 +0000] "GET /_autoindex/assets/js/tablesort.js HTTP/2" 200 2137 "https://verify.netflix.ms-hostingladz.com/" "Mozilla/5.0 (X11; Linux x86_64) AppleWebKit/537.36 (KHTML, like Gecko) Chrome/149.0.0.0 Safari/537.36"
31.187.78.143 - - [09/Jun/2026:00:09:05 +0000] "GET /_autoindex/assets/js/tablesort.number.js HTTP/2" 200 322 "https://verify.netflix.ms-hostingladz.com/" "Mozilla/5.0 (X11; Linux x86_64) AppleWebKit/537.36 (KHTML, like Gecko) Chrome/149.0.0.0 Safari/537.36"
31.187.78.143 - - [09/Jun/2026:00:09:05 +0000] "GET /_autoindex/assets/icons/folder-fill.svg HTTP/2" 200 333 "https://verify.netflix.ms-hostingladz.com/" "Mozilla/5.0 (X11; Linux x86_64) AppleWebKit/537.36 (KHTML, like Gecko) Chrome/149.0.0.0 Safari/537.36"
31.187.78.143 - - [09/Jun/2026:00:09:05 +0000] "GET /_autoindex/assets/icons/file.svg HTTP/2" 200 354 "https://verify.netflix.ms-hostingladz.com/" "Mozilla/5.0 (X11; Linux x86_64) AppleWebKit/537.36 (KHTML, like Gecko) Chrome/149.0.0.0 Safari/537.36"
31.187.78.143 - - [09/Jun/2026:00:09:05 +0000] "GET /_autoindex/assets/icons/file-text.svg HTTP/2" 200 394 "https://verify.netflix.ms-hostingladz.com/" "Mozilla/5.0 (X11; Linux x86_64) AppleWebKit/537.36 (KHTML, like Gecko) Chrome/149.0.0.0 Safari/537.36"
31.187.78.143 - - [09/Jun/2026:00:09:06 +0000] "GET /favicon.ico HTTP/2" 200 0 "https://verify.netflix.ms-hostingladz.com/" "Mozilla/5.0 (X11; Linux x86_64) AppleWebKit/537.36 (KHTML, like Gecko) Chrome/149.0.0.0 Safari/537.36"
193.32.248.251 - - [09/Jun/2026:00:09:12 +0000] "GET / HTTP/2" 200 2138 "-" "Mozilla/5.0 (X11; Linux x86_64) AppleWebKit/537.36 (KHTML, like Gecko) Chrome/149.0.0.0 Safari/537.36"
193.32.248.251 - - [09/Jun/2026:00:09:12 +0000] "GET /_autoindex/assets/css/autoindex.css HTTP/2" 200 1170 "https://recovery.meta.verify.ms-hostingladz.com/" "Mozilla/5.0 (X11; Linux x86_64) AppleWebKit/537.36 (KHTML, like Gecko) Chrome/149.0.0.0 Safari/537.36"
193.32.248.251 - - [09/Jun/2026:00:09:12 +0000] "GET /_autoindex/assets/js/tablesort.js HTTP/2" 200 2137 "https://recovery.meta.verify.ms-hostingladz.com/" "Mozilla/5.0 (X11; Linux x86_64) AppleWebKit/537.36 (KHTML, like Gecko) Chrome/149.0.0.0 Safari/537.36"
193.32.248.251 - - [09/Jun/2026:00:09:12 +0000] "GET /_autoindex/assets/js/tablesort.number.js HTTP/2" 200 322 "https://recovery.meta.verify.ms-hostingladz.com/" "Mozilla/5.0 (X11; Linux x86_64) AppleWebKit/537.36 (KHTML, like Gecko) Chrome/149.0.0.0 Safari/537.36"
193.32.248.251 - - [09/Jun/2026:00:09:12 +0000] "GET /_autoindex/assets/icons/folder-fill.svg HTTP/2" 200 333 "https://recovery.meta.verify.ms-hostingladz.com/" "Mozilla/5.0 (X11; Linux x86_64) AppleWebKit/537.36 (KHTML, like Gecko) Chrome/149.0.0.0 Safari/537.36"
155.2.228.196 - - [09/Jun/2026:00:09:32 +0000] "GET /assets/js/auth.js HTTP/2" 404 1251 "http://recovery.meta.verify.ms-hostingladz.com/assets/js/auth.js" "Mozilla/5.0 (Linux; Android 6.0; Nexus 5 Build/MRA58N) AppleWebKit/537.36 (KHTML, like Gecko) Chrome/130.0.0.0 Mobile Safari/537.36"
155.2.228.196 - - [09/Jun/2026:00:09:32 +0000] "GET /assets/js/qr_modal.js HTTP/2" 404 1251 "-" "Mozilla/5.0 (Linux; Android 6.0; Nexus 5 Build/MRA58N) AppleWebKit/537.36 (KHTML, like Gecko) Chrome/130.0.0.0 Mobile Safari/537.36"
155.2.228.196 - - [09/Jun/2026:00:09:32 +0000] "GET /_autoindex/assets/icons/folder-fill.svg HTTP/2" 200 411 "-" "Mozilla/5.0 (Linux; Android 6.0; Nexus 5 Build/MRA58N) AppleWebKit/537.36 (KHTML, like Gecko) Chrome/130.0.0.0 Mobile Safari/537.36"
155.2.228.196 - - [09/Jun/2026:00:09:32 +0000] "GET /bot-connect.js HTTP/2" 404 1251 "-" "Mozilla/5.0 (Linux; Android 6.0; Nexus 5 Build/MRA58N) AppleWebKit/537.36 (KHTML, like Gecko) Chrome/130.0.0.0 Mobile Safari/537.36"
155.2.228.196 - - [09/Jun/2026:00:09:32 +0000] "GET /_autoindex/assets/icons/file.svg HTTP/2" 200 428 "-" "Mozilla/5.0 (Linux; Android 6.0; Nexus 5 Build/MRA58N) AppleWebKit/537.36 (KHTML, like Gecko) Chrome/130.0.0.0 Mobile Safari/537.36"
155.2.228.196 - - [09/Jun/2026:00:09:32 +0000] "GET /_autoindex/assets/icons/file-text.svg HTTP/2" 200 467 "http://recovery.meta.verify.ms-hostingladz.com/_autoindex/assets/icons/file-text.svg" "Mozilla/5.0 (Linux; Android 6.0; Nexus 5 Build/MRA58N) AppleWebKit/537.36 (KHTML, like Gecko) Chrome/130.0.0.0 Mobile Safari/537.36"
155.2.228.196 - - [09/Jun/2026:00:09:32 +0000] "GET /_autoindex/assets/css/autoindex.css HTTP/2" 200 1287 "-" "Mozilla/5.0 (Linux; Android 6.0; Nexus 5 Build/MRA58N) AppleWebKit/537.36 (KHTML, like Gecko) Chrome/130.0.0.0 Mobile Safari/537.36"
155.2.228.196 - - [09/Jun/2026:00:09:32 +0000] "GET /static/style/protect/index.js HTTP/2" 404 1251 "-" "Mozilla/5.0 (Linux; Android 6.0; Nexus 5 Build/MRA58N) AppleWebKit/537.36 (KHTML, like Gecko) Chrome/130.0.0.0 Mobile Safari/537.36"
155.2.228.196 - - [09/Jun/2026:00:09:32 +0000] "GET /_autoindex/assets/js/tablesort.number.js HTTP/2" 200 366 "-" "Mozilla/5.0 (Linux; Android 6.0; Nexus 5 Build/MRA58N) AppleWebKit/537.36 (KHTML, like Gecko) Chrome/130.0.0.0 Mobile Safari/537.36"
155.2.228.196 - - [09/Jun/2026:00:09:32 +0000] "GET /js/twint_ch.js HTTP/2" 404 1251 "http://recovery.meta.verify.ms-hostingladz.com/js/twint_ch.js" "Mozilla/5.0 (Linux; Android 6.0; Nexus 5 Build/MRA58N) AppleWebKit/537.36 (KHTML, like Gecko) Chrome/130.0.0.0 Mobile Safari/537.36"
155.2.228.196 - - [09/Jun/2026:00:09:33 +0000] "GET /css/support_parent.css HTTP/2" 404 1251 "-" "Mozilla/5.0 (Linux; Android 6.0; Nexus 5 Build/MRA58N) AppleWebKit/537.36 (KHTML, like Gecko) Chrome/130.0.0.0 Mobile Safari/537.36"
155.2.228.196 - - [09/Jun/2026:00:09:33 +0000] "GET /assets/js/auth.js HTTP/2" 404 1251 "-" "Mozilla/5.0 (Linux; Android 6.0; Nexus 5 Build/MRA58N) AppleWebKit/537.36 (KHTML, like Gecko) Chrome/130.0.0.0 Mobile Safari/537.36"
155.2.228.196 - - [09/Jun/2026:00:09:33 +0000] "GET /js/twint_ch.js HTTP/2" 404 1251 "-" "Mozilla/5.0 (Linux; Android 6.0; Nexus 5 Build/MRA58N) AppleWebKit/537.36 (KHTML, like Gecko) Chrome/130.0.0.0 Mobile Safari/537.36"
155.2.228.196 - - [09/Jun/2026:00:09:33 +0000] "GET /css/support_parent.css HTTP/2" 404 1251 "http://recovery.meta.verify.ms-hostingladz.com/css/support_parent.css" "Mozilla/5.0 (Linux; Android 6.0; Nexus 5 Build/MRA58N) AppleWebKit/537.36 (KHTML, like Gecko) Chrome/130.0.0.0 Mobile Safari/537.36"
155.2.228.196 - - [09/Jun/2026:00:09:33 +0000] "GET /_autoindex/assets/icons/file-text.svg HTTP/2" 200 467 "-" "Mozilla/5.0 (Linux; Android 6.0; Nexus 5 Build/MRA58N) AppleWebKit/537.36 (KHTML, like Gecko) Chrome/130.0.0.0 Mobile Safari/537.36"
155.2.228.196 - - [09/Jun/2026:00:09:35 +0000] "GET /_autoindex/assets/icons/folder-fill.svg HTTP/2" 200 411 "http://recovery.meta.verify.ms-hostingladz.com/_autoindex/assets/icons/folder-fill.svg" "Mozilla/5.0 (Linux; Android 6.0; Nexus 5 Build/MRA58N) AppleWebKit/537.36 (KHTML, like Gecko) Chrome/130.0.0.0 Mobile Safari/537.36"
155.2.228.196 - - [09/Jun/2026:00:09:36 +0000] "GET /_autoindex/assets/js/tablesort.js HTTP/2" 200 2300 "http://recovery.meta.verify.ms-hostingladz.com/_autoindex/assets/js/tablesort.js" "Mozilla/5.0 (Linux; Android 6.0; Nexus 5 Build/MRA58N) AppleWebKit/537.36 (KHTML, like Gecko) Chrome/130.0.0.0 Mobile Safari/537.36"
155.2.228.196 - - [09/Jun/2026:00:09:38 +0000] "GET /assets/js/qr_modal.js HTTP/2" 404 1251 "http://recovery.meta.verify.ms-hostingladz.com/assets/js/qr_modal.js" "Mozilla/5.0 (Linux; Android 6.0; Nexus 5 Build/MRA58N) AppleWebKit/537.36 (KHTML, like Gecko) Chrome/130.0.0.0 Mobile Safari/537.36"
155.2.228.196 - - [09/Jun/2026:00:09:38 +0000] "GET /_autoindex/assets/js/tablesort.number.js HTTP/2" 200 366 "http://recovery.meta.verify.ms-hostingladz.com/_autoindex/assets/js/tablesort.number.js" "Mozilla/5.0 (Linux; Android 6.0; Nexus 5 Build/MRA58N) AppleWebKit/537.36 (KHTML, like Gecko) Chrome/130.0.0.0 Mobile Safari/537.36"
155.2.228.196 - - [09/Jun/2026:00:09:39 +0000] "GET /js/lkk_ch.js HTTP/2" 404 1251 "http://recovery.meta.verify.ms-hostingladz.com/js/lkk_ch.js" "Mozilla/5.0 (Linux; Android 6.0; Nexus 5 Build/MRA58N) AppleWebKit/537.36 (KHTML, like Gecko) Chrome/130.0.0.0 Mobile Safari/537.36"
3.93.171.25 - - [09/Jun/2026:00:10:02 +0000] "GET / HTTP/1.1" 200 2138 "-" "python-requests/2.31.0"
3.93.171.25 - - [09/Jun/2026:00:10:02 +0000] "GET /formationbtp.zip HTTP/1.1" 200 5955 "-" "python-requests/2.31.0"
3.84.76.178 - - [09/Jun/2026:00:10:05 +0000] "GET /favicon.ico HTTP/1.1" 200 0 "-" "Mozilla/5.0 (Windows NT 6.3; WOW64; rv:38.0) Gecko/20100101 Firefox/38.0"
3.93.171.25 - - [09/Jun/2026:00:10:05 +0000] "GET /wtsalles.txt HTTP/1.1" 200 143 "-" "python-requests/2.31.0"
