169.239.183.74 - - [08/Jun/2026:16:55:57 +0000] "GET / HTTP/1.1" 200 2460 "-" "Mozilla/5.0 (Windows NT 10.0; Win64; x64) AppleWebKit/537.36"
209.50.228.92 - - [08/Jun/2026:17:00:56 +0000] "GET /gh/ HTTP/1.1" 200 761 "-" "Mozilla/5.0 (Linux; Android 10; K) AppleWebKit/537.36 (KHTML, like Gecko) Chrome/139.0.0.0 Mobile Safari/537.36"
151.237.187.184 - - [08/Jun/2026:17:01:06 +0000] "GET / HTTP/2" 200 2138 "-" "Mozilla/5.0 (Linux; Android 10; K) AppleWebKit/537.36 (KHTML, like Gecko) Chrome/143.0.0.0 Mobile Safari/537.36"
151.237.187.181 - - [08/Jun/2026:17:01:06 +0000] "GET /plesk-stat HTTP/2" 404 1251 "-" "Mozilla/5.0 (Linux; Android 10; K) AppleWebKit/537.36 (KHTML, like Gecko) Chrome/143.0.0.0 Mobile Safari/537.36"
151.237.187.198 - - [08/Jun/2026:17:01:07 +0000] "GET /phpmyadmin HTTP/2" 404 1251 "-" "Mozilla/5.0 (Linux; Android 10; K) AppleWebKit/537.36 (KHTML, like Gecko) Chrome/143.0.0.0 Mobile Safari/537.36"
151.237.187.198 - - [08/Jun/2026:17:01:07 +0000] "GET /pma HTTP/2" 404 1251 "-" "Mozilla/5.0 (Linux; Android 10; K) AppleWebKit/537.36 (KHTML, like Gecko) Chrome/143.0.0.0 Mobile Safari/537.36"
57.129.16.41 - - [08/Jun/2026:17:01:15 +0000] "GET / HTTP/1.1" 200 2460 "-" "Go-http-client/1.1"
57.129.16.41 - - [08/Jun/2026:17:01:15 +0000] "GET //app/ HTTP/1.1" 200 1713 "-" "Go-http-client/1.1"
57.129.16.41 - - [08/Jun/2026:17:01:15 +0000] "GET //app///app/Console/ HTTP/1.1" 404 1251 "-" "Go-http-client/1.1"
167.172.232.142 - - [08/Jun/2026:17:01:16 +0000] "GET /server-status HTTP/1.1" 404 1251 "-" "Mozilla/5.0 (l9scan/2.0.4333e22323e21333e24363; +https://leakix.net)"
57.129.16.41 - - [08/Jun/2026:17:01:16 +0000] "GET //app///app/Exceptions/ HTTP/1.1" 404 1251 "-" "Go-http-client/1.1"
146.190.103.103 - - [08/Jun/2026:17:01:16 +0000] "GET / HTTP/1.1" 200 11326 "-" "Mozilla/5.0 (l9scan/2.0.4333e22323e21333e24363; +https://leakix.net)"
57.129.16.41 - - [08/Jun/2026:17:01:16 +0000] "GET //app///app/Http/ HTTP/1.1" 404 1251 "-" "Go-http-client/1.1"
57.129.16.41 - - [08/Jun/2026:17:01:17 +0000] "GET //app///app/Models/ HTTP/1.1" 404 1251 "-" "Go-http-client/1.1"
57.129.16.41 - - [08/Jun/2026:17:01:17 +0000] "GET //app///app/Providers/ HTTP/1.1" 404 1251 "-" "Go-http-client/1.1"
57.129.16.41 - - [08/Jun/2026:17:01:17 +0000] "GET / HTTP/1.1" 200 2472 "-" "Go-http-client/1.1"
57.129.16.41 - - [08/Jun/2026:17:01:17 +0000] "GET //app/ HTTP/1.1" 200 1724 "-" "Go-http-client/1.1"
57.129.16.41 - - [08/Jun/2026:17:01:17 +0000] "GET //app///app/Console/ HTTP/1.1" 404 1251 "-" "Go-http-client/1.1"
57.129.16.41 - - [08/Jun/2026:17:01:17 +0000] "HEAD //app/error_log HTTP/1.1" 403 0 "-" "Go-http-client/1.1"
57.129.16.41 - - [08/Jun/2026:17:01:18 +0000] "GET //app///app/Exceptions/ HTTP/1.1" 404 1251 "-" "Go-http-client/1.1"
167.172.232.142 - - [08/Jun/2026:17:01:18 +0000] "GET /about HTTP/1.1" 404 1251 "-" "Mozilla/5.0 (l9scan/2.0.4333e22323e21333e24363; +https://leakix.net)"
146.190.103.103 - - [08/Jun/2026:17:01:18 +0000] "GET /server HTTP/1.1" 404 1251 "-" "Mozilla/5.0 (l9scan/2.0.4333e22323e21333e24363; +https://leakix.net)"
57.129.16.41 - - [08/Jun/2026:17:01:18 +0000] "GET //app///app/Http/ HTTP/1.1" 404 1251 "-" "Go-http-client/1.1"
159.65.144.72 - - [08/Jun/2026:17:01:18 +0000] "GET /server HTTP/1.1" 404 1251 "-" "Mozilla/5.0 (l9scan/2.0.4333e22323e21333e24363; +https://leakix.net)"
167.172.232.142 - - [08/Jun/2026:17:01:19 +0000] "GET /login.action HTTP/1.1" 404 1251 "-" "Mozilla/5.0 (l9scan/2.0.4333e22323e21333e24363; +https://leakix.net)"
57.129.16.41 - - [08/Jun/2026:17:01:19 +0000] "GET //app///app/Providers/ HTTP/1.1" 404 1251 "-" "Go-http-client/1.1"
57.129.16.41 - - [08/Jun/2026:17:01:19 +0000] "GET //assets/ HTTP/1.1" 200 1271 "-" "Go-http-client/1.1"
57.129.16.41 - - [08/Jun/2026:17:01:19 +0000] "GET //assets///assets/css/ HTTP/1.1" 404 1251 "-" "Go-http-client/1.1"
159.65.144.72 - - [08/Jun/2026:17:01:19 +0000] "GET /server-status HTTP/1.1" 404 1251 "-" "Mozilla/5.0 (l9scan/2.0.4333e22323e21333e24363; +https://leakix.net)"
167.172.232.142 - - [08/Jun/2026:17:01:20 +0000] "GET / HTTP/1.1" 200 2460 "-" "Mozilla/5.0 (l9scan/2.0.4333e22323e21333e24363; +https://leakix.net)"
159.223.242.210 - - [08/Jun/2026:17:00:58 +0000] "GET /gh/ HTTP/1.1" 200 761 "-" "Mozilla/5.0 (Linux; Android 10; K) AppleWebKit/537.36 (KHTML, like Gecko) Chrome/139.0.0.0 Mobile Safari/537.36"
151.237.187.184 - - [08/Jun/2026:17:01:06 +0000] "GET /cpanel HTTP/2" 200 13333 "-" "Mozilla/5.0 (Linux; Android 10; K) AppleWebKit/537.36 (KHTML, like Gecko) Chrome/143.0.0.0 Mobile Safari/537.36"
151.237.187.189 - - [08/Jun/2026:17:01:06 +0000] "GET /robots.txt HTTP/2" 404 1251 "-" "Mozilla/5.0 (Linux; Android 10; K) AppleWebKit/537.36 (KHTML, like Gecko) Chrome/143.0.0.0 Mobile Safari/537.36"
151.237.187.198 - - [08/Jun/2026:17:01:08 +0000] "GET /plesk/login HTTP/2" 404 1251 "-" "Mozilla/5.0 (Linux; Android 10; K) AppleWebKit/537.36 (KHTML, like Gecko) Chrome/143.0.0.0 Mobile Safari/537.36"
167.172.232.142 - - [08/Jun/2026:17:01:13 +0000] "GET / HTTP/1.1" 200 11311 "-" "Mozilla/5.0 (l9scan/2.0.4333e22323e21333e24363; +https://leakix.net)"
167.172.232.142 - - [08/Jun/2026:17:01:14 +0000] "GET /console/ HTTP/1.1" 404 1251 "-" "Mozilla/5.0 (l9scan/2.0.4333e22323e21333e24363; +https://leakix.net)"
167.172.232.142 - - [08/Jun/2026:17:01:15 +0000] "GET /server HTTP/1.1" 404 1251 "-" "Mozilla/5.0 (l9scan/2.0.4333e22323e21333e24363; +https://leakix.net)"
159.65.144.72 - - [08/Jun/2026:17:01:16 +0000] "GET / HTTP/1.1" 200 11332 "-" "Mozilla/5.0 (l9scan/2.0.4333e22323e21333e24363; +https://leakix.net)"
146.190.103.103 - - [08/Jun/2026:17:01:17 +0000] "GET /console/ HTTP/1.1" 404 1251 "-" "Mozilla/5.0 (l9scan/2.0.4333e22323e21333e24363; +https://leakix.net)"
159.65.144.72 - - [08/Jun/2026:17:01:17 +0000] "GET /console/ HTTP/1.1" 404 1251 "-" "Mozilla/5.0 (l9scan/2.0.4333e22323e21333e24363; +https://leakix.net)"
57.129.16.41 - - [08/Jun/2026:17:01:19 +0000] "GET //app///app/Models/ HTTP/1.1" 404 1251 "-" "Go-http-client/1.1"
146.190.103.103 - - [08/Jun/2026:17:01:19 +0000] "GET /server-status HTTP/1.1" 404 1251 "-" "Mozilla/5.0 (l9scan/2.0.4333e22323e21333e24363; +https://leakix.net)"
57.129.16.41 - - [08/Jun/2026:17:01:19 +0000] "HEAD //app/error_log HTTP/1.1" 403 0 "-" "Go-http-client/1.1"
57.129.16.41 - - [08/Jun/2026:17:01:19 +0000] "GET //assets///assets/demo/ HTTP/1.1" 404 1251 "-" "Go-http-client/1.1"
57.129.16.41 - - [08/Jun/2026:17:01:20 +0000] "GET //assets///assets/fonts/ HTTP/1.1" 404 1251 "-" "Go-http-client/1.1"
167.172.232.142 - - [08/Jun/2026:17:01:20 +0000] "GET /___proxy_subdomain_cpanel HTTP/1.1" 404 1251 "-" "Mozilla/5.0 (l9scan/2.0.4333e22323e21333e24363; +https://leakix.net)"
167.172.232.142 - - [08/Jun/2026:17:01:20 +0000] "GET /v2/_catalog HTTP/1.1" 404 1251 "-" "Mozilla/5.0 (l9scan/2.0.4333e22323e21333e24363; +https://leakix.net)"
57.129.16.41 - - [08/Jun/2026:17:01:20 +0000] "GET //assets///assets/img/ HTTP/1.1" 404 1251 "-" "Go-http-client/1.1"
57.129.16.41 - - [08/Jun/2026:17:01:21 +0000] "GET //assets/ HTTP/1.1" 200 1282 "-" "Go-http-client/1.1"
57.129.16.41 - - [08/Jun/2026:17:01:21 +0000] "GET //assets///assets/css/ HTTP/1.1" 404 1251 "-" "Go-http-client/1.1"
146.190.103.103 - - [08/Jun/2026:17:01:21 +0000] "GET /about HTTP/1.1" 404 1251 "-" "Mozilla/5.0 (l9scan/2.0.4333e22323e21333e24363; +https://leakix.net)"
159.65.144.72 - - [08/Jun/2026:17:01:21 +0000] "GET /about HTTP/1.1" 404 1251 "-" "Mozilla/5.0 (l9scan/2.0.4333e22323e21333e24363; +https://leakix.net)"
57.129.16.41 - - [08/Jun/2026:17:01:21 +0000] "GET //bi/ HTTP/1.1" 200 754 "-" "Go-http-client/1.1"
57.129.16.41 - - [08/Jun/2026:17:01:21 +0000] "GET //bi///bi/binance2025/ HTTP/1.1" 404 1251 "-" "Go-http-client/1.1"
146.190.103.103 - - [08/Jun/2026:17:01:22 +0000] "GET /login.action HTTP/1.1" 404 1251 "-" "Mozilla/5.0 (l9scan/2.0.4333e22323e21333e24363; +https://leakix.net)"
167.172.232.142 - - [08/Jun/2026:17:01:22 +0000] "GET /.env HTTP/1.1" 200 1395 "-" "Mozilla/5.0 (l9scan/2.0.4333e22323e21333e24363; +https://leakix.net)"
159.65.144.72 - - [08/Jun/2026:17:01:22 +0000] "GET /login.action HTTP/1.1" 404 1251 "-" "Mozilla/5.0 (l9scan/2.0.4333e22323e21333e24363; +https://leakix.net)"
167.172.232.142 - - [08/Jun/2026:17:01:20 +0000] "GET /___proxy_subdomain_whm/login HTTP/1.1" 404 1251 "-" "Mozilla/5.0 (l9scan/2.0.4333e22323e21333e24363; +https://leakix.net)"
57.129.16.41 - - [08/Jun/2026:17:01:21 +0000] "GET //assets///assets/js/ HTTP/1.1" 404 1251 "-" "Go-http-client/1.1"
57.129.16.41 - - [08/Jun/2026:17:01:21 +0000] "GET //assets///assets/scss/ HTTP/1.1" 404 1251 "-" "Go-http-client/1.1"
167.172.232.142 - - [08/Jun/2026:17:01:21 +0000] "GET /.DS_Store HTTP/1.1" 404 1251 "-" "Mozilla/5.0 (l9scan/2.0.4333e22323e21333e24363; +https://leakix.net)"
57.129.16.41 - - [08/Jun/2026:17:01:21 +0000] "GET //assets///assets/demo/ HTTP/1.1" 404 1251 "-" "Go-http-client/1.1"
57.129.16.41 - - [08/Jun/2026:17:01:21 +0000] "HEAD //assets/calendar.html HTTP/1.1" 200 0 "-" "Go-http-client/1.1"
57.129.16.41 - - [08/Jun/2026:17:01:21 +0000] "GET //assets/calendar.html HTTP/1.1" 200 1474 "-" "Go-http-client/1.1"
57.129.16.41 - - [08/Jun/2026:17:01:22 +0000] "GET //bnh/ HTTP/1.1" 200 1512 "-" "Go-http-client/1.1"
57.129.16.41 - - [08/Jun/2026:17:01:22 +0000] "GET //assets///assets/fonts/ HTTP/1.1" 404 1251 "-" "Go-http-client/1.1"
57.129.16.41 - - [08/Jun/2026:17:01:22 +0000] "GET //bnh///bnh/client/ HTTP/1.1" 404 1251 "-" "Go-http-client/1.1"
57.129.16.41 - - [08/Jun/2026:17:01:22 +0000] "GET //assets///assets/img/ HTTP/1.1" 404 1251 "-" "Go-http-client/1.1"
57.129.16.41 - - [08/Jun/2026:17:01:22 +0000] "GET //bnh///bnh/dist/ HTTP/1.1" 404 1251 "-" "Go-http-client/1.1"
57.129.16.41 - - [08/Jun/2026:17:01:22 +0000] "GET //assets///assets/js/ HTTP/1.1" 404 1251 "-" "Go-http-client/1.1"
57.129.16.41 - - [08/Jun/2026:17:01:23 +0000] "GET //bnh///bnh/patches/ HTTP/1.1" 404 1251 "-" "Go-http-client/1.1"
57.129.16.41 - - [08/Jun/2026:17:01:23 +0000] "GET //assets///assets/scss/ HTTP/1.1" 404 1251 "-" "Go-http-client/1.1"
146.190.103.103 - - [08/Jun/2026:17:01:23 +0000] "GET / HTTP/1.1" 200 2438 "-" "Mozilla/5.0 (l9scan/2.0.4333e22323e21333e24363; +https://leakix.net)"
57.129.16.41 - - [08/Jun/2026:17:01:23 +0000] "HEAD //assets/calendar.html HTTP/1.1" 200 0 "-" "Go-http-client/1.1"
57.129.16.41 - - [08/Jun/2026:17:01:23 +0000] "GET //assets/calendar.html HTTP/1.1" 200 1474 "-" "Go-http-client/1.1"
159.65.144.72 - - [08/Jun/2026:17:01:23 +0000] "GET / HTTP/1.1" 200 2475 "-" "Mozilla/5.0 (l9scan/2.0.4333e22323e21333e24363; +https://leakix.net)"
57.129.16.41 - - [08/Jun/2026:17:01:23 +0000] "GET //bnh/ HTTP/1.1" 200 1521 "-" "Go-http-client/1.1"
57.129.16.41 - - [08/Jun/2026:17:01:23 +0000] "GET //bnh///bnh/client/ HTTP/1.1" 404 1251 "-" "Go-http-client/1.1"
57.129.16.41 - - [08/Jun/2026:17:01:24 +0000] "HEAD //bnh/ameli-inscription%20%281%29.zip HTTP/1.1" 200 0 "-" "Go-http-client/1.1"
57.129.16.41 - - [08/Jun/2026:17:01:24 +0000] "GET //bnh///bnh/dist/ HTTP/1.1" 404 1251 "-" "Go-http-client/1.1"
167.172.232.142 - - [08/Jun/2026:17:01:24 +0000] "GET /ecp/Current/exporttool/microsoft.exchange.ediscovery.exporttool.application HTTP/1.1" 404 1251 "-" "Mozilla/5.0 (l9scan/2.0.4333e22323e21333e24363; +https://leakix.net)"
57.129.16.41 - - [08/Jun/2026:17:01:24 +0000] "GET //bnh/ameli-inscription%20%281%29.zip HTTP/1.1" 200 464749 "-" "Go-http-client/1.1"
57.129.16.41 - - [08/Jun/2026:17:01:25 +0000] "GET //bnh///bnh/shared/ HTTP/1.1" 404 1251 "-" "Go-http-client/1.1"
146.190.103.103 - - [08/Jun/2026:17:01:25 +0000] "GET /v2/_catalog HTTP/1.1" 404 1251 "-" "Mozilla/5.0 (l9scan/2.0.4333e22323e21333e24363; +https://leakix.net)"
57.129.16.41 - - [08/Jun/2026:17:01:26 +0000] "HEAD //bnh/components.json HTTP/1.1" 200 0 "-" "Go-http-client/1.1"
159.65.144.72 - - [08/Jun/2026:17:01:26 +0000] "GET /v2/_catalog HTTP/1.1" 404 1251 "-" "Mozilla/5.0 (l9scan/2.0.4333e22323e21333e24363; +https://leakix.net)"
57.129.16.41 - - [08/Jun/2026:17:01:26 +0000] "GET //bnh/components.json HTTP/1.1" 200 225 "-" "Go-http-client/1.1"
57.129.16.41 - - [08/Jun/2026:17:01:26 +0000] "HEAD //bnh/formationbtp.zip HTTP/1.1" 200 0 "-" "Go-http-client/1.1"
57.129.16.41 - - [08/Jun/2026:17:01:23 +0000] "GET //bnh///bnh/server/ HTTP/1.1" 404 1251 "-" "Go-http-client/1.1"
57.129.16.41 - - [08/Jun/2026:17:01:23 +0000] "GET //bi/ HTTP/1.1" 200 764 "-" "Go-http-client/1.1"
57.129.16.41 - - [08/Jun/2026:17:01:23 +0000] "GET //bi///bi/binance2025/ HTTP/1.1" 404 1251 "-" "Go-http-client/1.1"
57.129.16.41 - - [08/Jun/2026:17:01:23 +0000] "GET //bnh///bnh/shared/ HTTP/1.1" 404 1251 "-" "Go-http-client/1.1"
146.190.103.103 - - [08/Jun/2026:17:01:24 +0000] "GET /___proxy_subdomain_whm/login HTTP/1.1" 404 1251 "-" "Mozilla/5.0 (l9scan/2.0.4333e22323e21333e24363; +https://leakix.net)"
159.65.144.72 - - [08/Jun/2026:17:01:24 +0000] "GET /___proxy_subdomain_whm/login HTTP/1.1" 404 1251 "-" "Mozilla/5.0 (l9scan/2.0.4333e22323e21333e24363; +https://leakix.net)"
57.129.16.41 - - [08/Jun/2026:17:01:24 +0000] "GET //bnh///bnh/patches/ HTTP/1.1" 404 1251 "-" "Go-http-client/1.1"
146.190.103.103 - - [08/Jun/2026:17:01:24 +0000] "GET /___proxy_subdomain_cpanel HTTP/1.1" 404 1251 "-" "Mozilla/5.0 (l9scan/2.0.4333e22323e21333e24363; +https://leakix.net)"
57.129.16.41 - - [08/Jun/2026:17:01:25 +0000] "GET //bnh///bnh/server/ HTTP/1.1" 404 1251 "-" "Go-http-client/1.1"
159.65.144.72 - - [08/Jun/2026:17:01:25 +0000] "GET /___proxy_subdomain_cpanel HTTP/1.1" 404 1251 "-" "Mozilla/5.0 (l9scan/2.0.4333e22323e21333e24363; +https://leakix.net)"
57.129.16.41 - - [08/Jun/2026:17:01:25 +0000] "HEAD //bnh/ameli-inscription%20%281%29.zip HTTP/1.1" 200 0 "-" "Go-http-client/1.1"
57.129.16.41 - - [08/Jun/2026:17:01:26 +0000] "GET //bnh/ameli-inscription%20%281%29.zip HTTP/1.1" 200 464749 "-" "Go-http-client/1.1"
146.190.103.103 - - [08/Jun/2026:17:01:26 +0000] "GET /.DS_Store HTTP/1.1" 404 1251 "-" "Mozilla/5.0 (l9scan/2.0.4333e22323e21333e24363; +https://leakix.net)"
159.65.144.72 - - [08/Jun/2026:17:01:27 +0000] "GET /.DS_Store HTTP/1.1" 404 1251 "-" "Mozilla/5.0 (l9scan/2.0.4333e22323e21333e24363; +https://leakix.net)"
57.129.16.41 - - [08/Jun/2026:17:01:27 +0000] "HEAD //bnh/components.json HTTP/1.1" 200 0 "-" "Go-http-client/1.1"
57.129.16.41 - - [08/Jun/2026:17:01:27 +0000] "GET //bnh/components.json HTTP/1.1" 200 225 "-" "Go-http-client/1.1"
57.129.16.41 - - [08/Jun/2026:17:01:27 +0000] "HEAD //bnh/formationbtp.zip HTTP/1.1" 200 0 "-" "Go-http-client/1.1"
167.172.232.142 - - [08/Jun/2026:17:01:27 +0000] "POST /graphql HTTP/1.1" 404 1251 "-" "Mozilla/5.0 (l9scan/2.0.4333e22323e21333e24363; +https://leakix.net)"
57.129.16.41 - - [08/Jun/2026:17:01:27 +0000] "GET //bnh/formationbtp.zip HTTP/1.1" 200 5955 "-" "Go-http-client/1.1"
135.136.0.115 - - [08/Jun/2026:17:01:27 +0000] "GET /gh/hh.php HTTP/1.1" 200 1762 "-" "Mozilla/5.0 (Linux; Android 10; K) AppleWebKit/537.36 (KHTML, like Gecko) Chrome/142.0.0.0 Mobile Safari/537.36"
167.172.232.142 - - [08/Jun/2026:17:01:27 +0000] "POST /api/graphql HTTP/1.1" 404 1251 "-" "Mozilla/5.0 (l9scan/2.0.4333e22323e21333e24363; +https://leakix.net)"
57.129.16.41 - - [08/Jun/2026:17:01:27 +0000] "GET / HTTP/1.1" 200 2475 "-" "Go-http-client/1.1"
167.172.232.142 - - [08/Jun/2026:17:01:27 +0000] "POST /graphql/api HTTP/1.1" 404 1251 "-" "Mozilla/5.0 (l9scan/2.0.4333e22323e21333e24363; +https://leakix.net)"
57.129.16.41 - - [08/Jun/2026:17:01:27 +0000] "HEAD //bnh/ideas.md HTTP/1.1" 200 0 "-" "Go-http-client/1.1"
167.172.232.142 - - [08/Jun/2026:17:01:28 +0000] "POST /api/gql HTTP/1.1" 404 1251 "-" "Mozilla/5.0 (l9scan/2.0.4333e22323e21333e24363; +https://leakix.net)"
57.129.16.41 - - [08/Jun/2026:17:01:28 +0000] "GET //app/ HTTP/1.1" 200 1728 "-" "Go-http-client/1.1"
57.129.16.41 - - [08/Jun/2026:17:01:28 +0000] "GET //bnh/ideas.md HTTP/1.1" 200 5334 "-" "Go-http-client/1.1"
57.129.16.41 - - [08/Jun/2026:17:01:28 +0000] "GET //app///app/Console/ HTTP/1.1" 404 1251 "-" "Go-http-client/1.1"
159.65.144.72 - - [08/Jun/2026:17:01:28 +0000] "GET /.env HTTP/1.1" 200 1395 "-" "Mozilla/5.0 (l9scan/2.0.4333e22323e21333e24363; +https://leakix.net)"
57.129.16.41 - - [08/Jun/2026:17:01:28 +0000] "HEAD //bnh/package.json HTTP/1.1" 200 0 "-" "Go-http-client/1.1"
57.129.16.41 - - [08/Jun/2026:17:01:26 +0000] "GET //bnh/formationbtp.zip HTTP/1.1" 200 5955 "-" "Go-http-client/1.1"
167.172.232.142 - - [08/Jun/2026:17:01:26 +0000] "GET /.git/config HTTP/1.1" 403 1242 "-" "Mozilla/5.0 (l9scan/2.0.4333e22323e21333e24363; +https://leakix.net)"
57.129.16.41 - - [08/Jun/2026:17:01:26 +0000] "HEAD //bnh/ideas.md HTTP/1.1" 200 0 "-" "Go-http-client/1.1"
57.129.16.41 - - [08/Jun/2026:17:01:27 +0000] "GET //bnh/ideas.md HTTP/1.1" 200 5334 "-" "Go-http-client/1.1"
57.129.16.41 - - [08/Jun/2026:17:01:27 +0000] "HEAD //bnh/package.json HTTP/1.1" 200 0 "-" "Go-http-client/1.1"
57.129.16.41 - - [08/Jun/2026:17:01:27 +0000] "GET //bnh/package.json HTTP/1.1" 200 1232 "-" "Go-http-client/1.1"
57.129.16.41 - - [08/Jun/2026:17:01:27 +0000] "HEAD //bnh/pnpm-lock.yaml HTTP/1.1" 200 0 "-" "Go-http-client/1.1"
146.190.103.103 - - [08/Jun/2026:17:01:27 +0000] "GET /.env HTTP/1.1" 200 1395 "-" "Mozilla/5.0 (l9scan/2.0.4333e22323e21333e24363; +https://leakix.net)"
167.172.232.142 - - [08/Jun/2026:17:01:27 +0000] "POST /api HTTP/1.1" 404 1251 "-" "Mozilla/5.0 (l9scan/2.0.4333e22323e21333e24363; +https://leakix.net)"
84.233.216.247 - - [08/Jun/2026:17:01:27 +0000] "GET /gh/hh.php HTTP/1.1" 200 1762 "-" "Mozilla/5.0 (Linux; Android 10; K) AppleWebKit/537.36 (KHTML, like Gecko) Chrome/142.0.0.0 Mobile Safari/537.36"
57.129.16.41 - - [08/Jun/2026:17:01:27 +0000] "GET //bnh/pnpm-lock.yaml HTTP/1.1" 200 259856 "-" "Go-http-client/1.1"
57.129.16.41 - - [08/Jun/2026:17:01:28 +0000] "HEAD //bnh/tsconfig.json HTTP/1.1" 200 0 "-" "Go-http-client/1.1"
57.129.16.41 - - [08/Jun/2026:17:01:28 +0000] "GET //bnh/tsconfig.json HTTP/1.1" 200 350 "-" "Go-http-client/1.1"
57.129.16.41 - - [08/Jun/2026:17:01:28 +0000] "HEAD //bnh/tsconfig.node.json HTTP/1.1" 200 0 "-" "Go-http-client/1.1"
57.129.16.41 - - [08/Jun/2026:17:01:28 +0000] "GET //app///app/Exceptions/ HTTP/1.1" 404 1251 "-" "Go-http-client/1.1"
167.172.232.142 - - [08/Jun/2026:17:01:28 +0000] "GET /s/4333e22323e21333e24363/_/;/META-INF/maven/com.atlassian.jira/jira-webapp-dist/pom.properties HTTP/1.1" 404 1251 "-" "Mozilla/5.0 (l9scan/2.0.4333e22323e21333e24363; +https://leakix.net)"
57.129.16.41 - - [08/Jun/2026:17:01:28 +0000] "GET //bnh/tsconfig.node.json HTTP/1.1" 200 282 "-" "Go-http-client/1.1"
57.129.16.41 - - [08/Jun/2026:17:01:28 +0000] "HEAD //bnh/vite.config.ts HTTP/1.1" 200 0 "-" "Go-http-client/1.1"
57.129.16.41 - - [08/Jun/2026:17:01:29 +0000] "GET //bootstrap/ HTTP/1.1" 200 883 "-" "Go-http-client/1.1"
57.129.16.41 - - [08/Jun/2026:17:01:29 +0000] "GET //bnh/vite.config.ts HTTP/1.1" 200 5785 "-" "Go-http-client/1.1"
57.129.16.41 - - [08/Jun/2026:17:01:29 +0000] "GET //bootstrap///bootstrap/cache/ HTTP/1.1" 404 1251 "-" "Go-http-client/1.1"
57.129.16.41 - - [08/Jun/2026:17:01:29 +0000] "GET //app///app/Models/ HTTP/1.1" 404 1251 "-" "Go-http-client/1.1"
57.129.16.41 - - [08/Jun/2026:17:01:29 +0000] "HEAD //bootstrap/error_log HTTP/1.1" 403 0 "-" "Go-http-client/1.1"
57.129.16.41 - - [08/Jun/2026:17:01:29 +0000] "GET //cv/ HTTP/1.1" 200 1381 "-" "Go-http-client/1.1"
167.172.232.142 - - [08/Jun/2026:17:01:29 +0000] "GET /config.json HTTP/1.1" 404 1251 "-" "Mozilla/5.0 (l9scan/2.0.4333e22323e21333e24363; +https://leakix.net)"
57.129.16.41 - - [08/Jun/2026:17:01:29 +0000] "GET //cv///cv/client/ HTTP/1.1" 404 1251 "-" "Go-http-client/1.1"
57.129.16.41 - - [08/Jun/2026:17:01:29 +0000] "GET //cv///cv/dist/ HTTP/1.1" 404 1251 "-" "Go-http-client/1.1"
57.129.16.41 - - [08/Jun/2026:17:01:29 +0000] "GET //bnh/vite.config.ts HTTP/1.1" 200 5785 "-" "Go-http-client/1.1"
159.65.144.72 - - [08/Jun/2026:17:01:30 +0000] "GET /ecp/Current/exporttool/microsoft.exchange.ediscovery.exporttool.application HTTP/1.1" 404 1251 "-" "Mozilla/5.0 (l9scan/2.0.4333e22323e21333e24363; +https://leakix.net)"
57.129.16.41 - - [08/Jun/2026:17:01:30 +0000] "HEAD //bootstrap/error_log HTTP/1.1" 403 0 "-" "Go-http-client/1.1"
57.129.16.41 - - [08/Jun/2026:17:01:30 +0000] "GET //cv///cv/patches/ HTTP/1.1" 404 1251 "-" "Go-http-client/1.1"
57.129.16.41 - - [08/Jun/2026:17:01:28 +0000] "GET //bnh/package.json HTTP/1.1" 200 1232 "-" "Go-http-client/1.1"
57.129.16.41 - - [08/Jun/2026:17:01:28 +0000] "HEAD //bnh/pnpm-lock.yaml HTTP/1.1" 200 0 "-" "Go-http-client/1.1"
57.129.16.41 - - [08/Jun/2026:17:01:28 +0000] "GET //bnh/pnpm-lock.yaml HTTP/1.1" 200 259856 "-" "Go-http-client/1.1"
46.224.147.152 - - [08/Jun/2026:17:01:28 +0000] "GET /gh/hh.php HTTP/1.1" 200 1762 "-" "Mozilla/5.0 (Linux; Android 10; K) AppleWebKit/537.36 (KHTML, like Gecko) Chrome/142.0.0.0 Mobile Safari/537.36"
57.129.16.41 - - [08/Jun/2026:17:01:29 +0000] "HEAD //bnh/tsconfig.json HTTP/1.1" 200 0 "-" "Go-http-client/1.1"
57.129.16.41 - - [08/Jun/2026:17:01:29 +0000] "GET //app///app/Http/ HTTP/1.1" 404 1251 "-" "Go-http-client/1.1"
57.129.16.41 - - [08/Jun/2026:17:01:29 +0000] "GET //bnh/tsconfig.json HTTP/1.1" 200 350 "-" "Go-http-client/1.1"
57.129.16.41 - - [08/Jun/2026:17:01:29 +0000] "HEAD //bnh/tsconfig.node.json HTTP/1.1" 200 0 "-" "Go-http-client/1.1"
57.129.16.41 - - [08/Jun/2026:17:01:29 +0000] "GET //bnh/tsconfig.node.json HTTP/1.1" 200 282 "-" "Go-http-client/1.1"
57.129.16.41 - - [08/Jun/2026:17:01:29 +0000] "HEAD //bnh/vite.config.ts HTTP/1.1" 200 0 "-" "Go-http-client/1.1"
146.190.103.103 - - [08/Jun/2026:17:01:29 +0000] "GET /ecp/Current/exporttool/microsoft.exchange.ediscovery.exporttool.application HTTP/1.1" 404 1251 "-" "Mozilla/5.0 (l9scan/2.0.4333e22323e21333e24363; +https://leakix.net)"
57.129.16.41 - - [08/Jun/2026:17:01:29 +0000] "GET //app///app/Providers/ HTTP/1.1" 404 1251 "-" "Go-http-client/1.1"
57.129.16.41 - - [08/Jun/2026:17:01:29 +0000] "GET //bootstrap/ HTTP/1.1" 200 894 "-" "Go-http-client/1.1"
57.129.16.41 - - [08/Jun/2026:17:01:29 +0000] "GET //bootstrap///bootstrap/cache/ HTTP/1.1" 404 1251 "-" "Go-http-client/1.1"
91.52.105.50 - - [08/Jun/2026:17:01:30 +0000] "GET /gh/hh.php HTTP/1.1" 200 1762 "-" "Mozilla/5.0 (Linux; Android 10; K) AppleWebKit/537.36 (KHTML, like Gecko) Chrome/142.0.0.0 Mobile Safari/537.36"
57.129.16.41 - - [08/Jun/2026:17:01:30 +0000] "GET //cv///cv/dist/ HTTP/1.1" 404 1251 "-" "Go-http-client/1.1"
57.129.16.41 - - [08/Jun/2026:17:01:31 +0000] "GET //cv///cv/shared/ HTTP/1.1" 404 1251 "-" "Go-http-client/1.1"
57.129.16.41 - - [08/Jun/2026:17:01:31 +0000] "GET //cv///cv/patches/ HTTP/1.1" 404 1251 "-" "Go-http-client/1.1"
57.129.16.41 - - [08/Jun/2026:17:01:31 +0000] "GET //cv///cv/server/ HTTP/1.1" 404 1251 "-" "Go-http-client/1.1"
146.190.103.103 - - [08/Jun/2026:17:01:31 +0000] "GET /.git/config HTTP/1.1" 403 1242 "-" "Mozilla/5.0 (l9scan/2.0.4333e22323e21333e24363; +https://leakix.net)"
57.129.16.41 - - [08/Jun/2026:17:01:32 +0000] "GET //cv///cv/shared/ HTTP/1.1" 404 1251 "-" "Go-http-client/1.1"
57.129.16.41 - - [08/Jun/2026:17:01:32 +0000] "HEAD //cv/components.json HTTP/1.1" 200 0 "-" "Go-http-client/1.1"
57.129.16.41 - - [08/Jun/2026:17:01:32 +0000] "GET //cv/components.json HTTP/1.1" 200 225 "-" "Go-http-client/1.1"
57.129.16.41 - - [08/Jun/2026:17:01:32 +0000] "GET //assets///assets/fonts/ HTTP/1.1" 404 1251 "-" "Go-http-client/1.1"
146.190.103.103 - - [08/Jun/2026:17:01:32 +0000] "POST /graphql HTTP/1.1" 404 1251 "-" "Mozilla/5.0 (l9scan/2.0.4333e22323e21333e24363; +https://leakix.net)"
57.129.16.41 - - [08/Jun/2026:17:01:32 +0000] "HEAD //cv/ideas.md HTTP/1.1" 200 0 "-" "Go-http-client/1.1"
57.129.16.41 - - [08/Jun/2026:17:01:32 +0000] "GET //cv/ideas.md HTTP/1.1" 200 5334 "-" "Go-http-client/1.1"
57.129.16.41 - - [08/Jun/2026:17:01:33 +0000] "GET //assets///assets/img/ HTTP/1.1" 404 1251 "-" "Go-http-client/1.1"
57.129.16.41 - - [08/Jun/2026:17:01:33 +0000] "HEAD //cv/package.json HTTP/1.1" 200 0 "-" "Go-http-client/1.1"
57.129.16.41 - - [08/Jun/2026:17:01:33 +0000] "GET //cv/package.json HTTP/1.1" 200 1232 "-" "Go-http-client/1.1"
57.129.16.41 - - [08/Jun/2026:17:01:33 +0000] "GET //assets///assets/js/ HTTP/1.1" 404 1251 "-" "Go-http-client/1.1"
57.129.16.41 - - [08/Jun/2026:17:01:33 +0000] "HEAD //cv/pnpm-lock.yaml HTTP/1.1" 200 0 "-" "Go-http-client/1.1"
57.129.16.41 - - [08/Jun/2026:17:01:30 +0000] "HEAD //app/error_log HTTP/1.1" 403 0 "-" "Go-http-client/1.1"
57.129.16.41 - - [08/Jun/2026:17:01:30 +0000] "GET //cv/ HTTP/1.1" 200 1391 "-" "Go-http-client/1.1"
57.129.16.41 - - [08/Jun/2026:17:01:30 +0000] "GET //cv///cv/client/ HTTP/1.1" 404 1251 "-" "Go-http-client/1.1"
57.129.16.41 - - [08/Jun/2026:17:01:30 +0000] "GET //cv///cv/server/ HTTP/1.1" 404 1251 "-" "Go-http-client/1.1"
57.129.16.41 - - [08/Jun/2026:17:01:31 +0000] "HEAD //cv/components.json HTTP/1.1" 200 0 "-" "Go-http-client/1.1"
57.129.16.41 - - [08/Jun/2026:17:01:31 +0000] "GET //cv/components.json HTTP/1.1" 200 225 "-" "Go-http-client/1.1"
167.172.232.142 - - [08/Jun/2026:17:01:31 +0000] "GET /telescope/requests HTTP/1.1" 404 1251 "-" "Mozilla/5.0 (l9scan/2.0.4333e22323e21333e24363; +https://leakix.net)"
57.129.16.41 - - [08/Jun/2026:17:01:31 +0000] "HEAD //cv/ideas.md HTTP/1.1" 200 0 "-" "Go-http-client/1.1"
167.172.232.142 - - [08/Jun/2026:17:01:31 +0000] "GET /info.php HTTP/1.1" 404 1251 "-" "Mozilla/5.0 (l9scan/2.0.4333e22323e21333e24363; +https://leakix.net)"
57.129.16.41 - - [08/Jun/2026:17:01:31 +0000] "GET //assets/ HTTP/1.1" 200 1286 "-" "Go-http-client/1.1"
57.129.16.41 - - [08/Jun/2026:17:01:31 +0000] "GET //cv/ideas.md HTTP/1.1" 200 5334 "-" "Go-http-client/1.1"
57.129.16.41 - - [08/Jun/2026:17:01:31 +0000] "GET //assets///assets/css/ HTTP/1.1" 404 1251 "-" "Go-http-client/1.1"
57.129.16.41 - - [08/Jun/2026:17:01:32 +0000] "HEAD //cv/package.json HTTP/1.1" 200 0 "-" "Go-http-client/1.1"
159.65.144.72 - - [08/Jun/2026:17:01:32 +0000] "GET /.git/config HTTP/1.1" 403 1242 "-" "Mozilla/5.0 (l9scan/2.0.4333e22323e21333e24363; +https://leakix.net)"
57.129.16.41 - - [08/Jun/2026:17:01:32 +0000] "GET //cv/package.json HTTP/1.1" 200 1232 "-" "Go-http-client/1.1"
57.129.16.41 - - [08/Jun/2026:17:01:32 +0000] "GET //assets///assets/demo/ HTTP/1.1" 404 1251 "-" "Go-http-client/1.1"
57.129.16.41 - - [08/Jun/2026:17:01:32 +0000] "HEAD //cv/pnpm-lock.yaml HTTP/1.1" 200 0 "-" "Go-http-client/1.1"
57.129.16.41 - - [08/Jun/2026:17:01:32 +0000] "GET //cv/pnpm-lock.yaml HTTP/1.1" 200 259856 "-" "Go-http-client/1.1"
167.172.232.142 - - [08/Jun/2026:17:01:32 +0000] "GET /actuator/env HTTP/1.1" 404 1251 "-" "Mozilla/5.0 (l9scan/2.0.4333e22323e21333e24363; +https://leakix.net)"
159.65.144.72 - - [08/Jun/2026:17:01:33 +0000] "POST /graphql HTTP/1.1" 404 1251 "-" "Mozilla/5.0 (l9scan/2.0.4333e22323e21333e24363; +https://leakix.net)"
57.129.16.41 - - [08/Jun/2026:17:01:33 +0000] "HEAD //cv/tsconfig.json HTTP/1.1" 200 0 "-" "Go-http-client/1.1"
146.190.103.103 - - [08/Jun/2026:17:01:33 +0000] "POST /api HTTP/1.1" 404 1251 "-" "Mozilla/5.0 (l9scan/2.0.4333e22323e21333e24363; +https://leakix.net)"
57.129.16.41 - - [08/Jun/2026:17:01:33 +0000] "GET //cv/tsconfig.json HTTP/1.1" 200 350 "-" "Go-http-client/1.1"
57.129.16.41 - - [08/Jun/2026:17:01:33 +0000] "HEAD //cv/tsconfig.node.json HTTP/1.1" 200 0 "-" "Go-http-client/1.1"
57.129.16.41 - - [08/Jun/2026:17:01:33 +0000] "GET //cv/tsconfig.node.json HTTP/1.1" 200 282 "-" "Go-http-client/1.1"
57.129.16.41 - - [08/Jun/2026:17:01:33 +0000] "HEAD //cv/vite.config.ts HTTP/1.1" 200 0 "-" "Go-http-client/1.1"
57.129.16.41 - - [08/Jun/2026:17:01:34 +0000] "GET //dfrr/ HTTP/1.1" 200 747 "-" "Go-http-client/1.1"
57.129.16.41 - - [08/Jun/2026:17:01:34 +0000] "GET //cv/vite.config.ts HTTP/1.1" 200 5785 "-" "Go-http-client/1.1"
57.129.16.41 - - [08/Jun/2026:17:01:34 +0000] "GET //dfrr///dfrr/formati/ HTTP/1.1" 404 1251 "-" "Go-http-client/1.1"
146.190.103.103 - - [08/Jun/2026:17:01:34 +0000] "POST /graphql/api HTTP/1.1" 404 1251 "-" "Mozilla/5.0 (l9scan/2.0.4333e22323e21333e24363; +https://leakix.net)"
159.65.144.72 - - [08/Jun/2026:17:01:34 +0000] "POST /api/graphql HTTP/1.1" 404 1251 "-" "Mozilla/5.0 (l9scan/2.0.4333e22323e21333e24363; +https://leakix.net)"
167.172.232.142 - - [08/Jun/2026:17:01:34 +0000] "GET /trace.axd HTTP/1.1" 404 1251 "-" "Mozilla/5.0 (l9scan/2.0.4333e22323e21333e24363; +https://leakix.net)"
57.129.16.41 - - [08/Jun/2026:17:01:33 +0000] "GET //assets///assets/scss/ HTTP/1.1" 404 1251 "-" "Go-http-client/1.1"
57.129.16.41 - - [08/Jun/2026:17:01:33 +0000] "GET //cv/pnpm-lock.yaml HTTP/1.1" 200 259856 "-" "Go-http-client/1.1"
159.65.144.72 - - [08/Jun/2026:17:01:34 +0000] "POST /api HTTP/1.1" 404 1251 "-" "Mozilla/5.0 (l9scan/2.0.4333e22323e21333e24363; +https://leakix.net)"
146.190.103.103 - - [08/Jun/2026:17:01:34 +0000] "POST /api/graphql HTTP/1.1" 404 1251 "-" "Mozilla/5.0 (l9scan/2.0.4333e22323e21333e24363; +https://leakix.net)"
57.129.16.41 - - [08/Jun/2026:17:01:34 +0000] "GET //bi/ HTTP/1.1" 200 768 "-" "Go-http-client/1.1"
57.129.16.41 - - [08/Jun/2026:17:01:34 +0000] "HEAD //assets/calendar.html HTTP/1.1" 200 0 "-" "Go-http-client/1.1"
57.129.16.41 - - [08/Jun/2026:17:01:34 +0000] "GET //bi///bi/binance2025/ HTTP/1.1" 404 1251 "-" "Go-http-client/1.1"
57.129.16.41 - - [08/Jun/2026:17:01:34 +0000] "GET //assets/calendar.html HTTP/1.1" 200 1474 "-" "Go-http-client/1.1"
57.129.16.41 - - [08/Jun/2026:17:01:34 +0000] "HEAD //cv/tsconfig.json HTTP/1.1" 200 0 "-" "Go-http-client/1.1"
57.129.16.41 - - [08/Jun/2026:17:01:34 +0000] "GET //bnh/ HTTP/1.1" 200 1527 "-" "Go-http-client/1.1"
57.129.16.41 - - [08/Jun/2026:17:01:34 +0000] "GET //cv/tsconfig.json HTTP/1.1" 200 350 "-" "Go-http-client/1.1"
57.129.16.41 - - [08/Jun/2026:17:01:34 +0000] "GET //bnh///bnh/client/ HTTP/1.1" 404 1251 "-" "Go-http-client/1.1"
57.129.16.41 - - [08/Jun/2026:17:01:34 +0000] "GET //email/ HTTP/1.1" 200 674 "-" "Go-http-client/1.1"
57.129.16.41 - - [08/Jun/2026:17:01:34 +0000] "HEAD //cv/tsconfig.node.json HTTP/1.1" 200 0 "-" "Go-http-client/1.1"
57.129.16.41 - - [08/Jun/2026:17:01:34 +0000] "GET //cv/tsconfig.node.json HTTP/1.1" 200 282 "-" "Go-http-client/1.1"
57.129.16.41 - - [08/Jun/2026:17:01:34 +0000] "GET //generateur/ HTTP/1.1" 200 677 "-" "Go-http-client/1.1"
167.172.232.142 - - [08/Jun/2026:17:01:34 +0000] "GET /@vite/env HTTP/1.1" 404 1251 "-" "Mozilla/5.0 (l9scan/2.0.4333e22323e21333e24363; +https://leakix.net)"
57.129.16.41 - - [08/Jun/2026:17:01:35 +0000] "GET //gh/ HTTP/1.1" 200 759 "-" "Go-http-client/1.1"
57.129.16.41 - - [08/Jun/2026:17:01:35 +0000] "GET //bnh///bnh/dist/ HTTP/1.1" 404 1251 "-" "Go-http-client/1.1"
57.129.16.41 - - [08/Jun/2026:17:01:35 +0000] "HEAD //cv/vite.config.ts HTTP/1.1" 200 0 "-" "Go-http-client/1.1"
57.129.16.41 - - [08/Jun/2026:17:01:35 +0000] "GET //HMP/ HTTP/1.1" 200 673 "-" "Go-http-client/1.1"
57.129.16.41 - - [08/Jun/2026:17:01:35 +0000] "GET //dfrr/ HTTP/1.1" 200 758 "-" "Go-http-client/1.1"
57.129.16.41 - - [08/Jun/2026:17:01:35 +0000] "GET //https%3A/ HTTP/1.1" 200 788 "-" "Go-http-client/1.1"
57.129.16.41 - - [08/Jun/2026:17:01:35 +0000] "GET //cv/vite.config.ts HTTP/1.1" 200 5785 "-" "Go-http-client/1.1"
57.129.16.41 - - [08/Jun/2026:17:01:35 +0000] "GET //dfrr///dfrr/formati/ HTTP/1.1" 404 1251 "-" "Go-http-client/1.1"
57.129.16.41 - - [08/Jun/2026:17:01:35 +0000] "GET //https%3A///https%3A/ms-hostingladz.com%3A3000/ HTTP/1.1" 404 1251 "-" "Go-http-client/1.1"
57.129.16.41 - - [08/Jun/2026:17:01:35 +0000] "GET //email/ HTTP/1.1" 200 685 "-" "Go-http-client/1.1"
57.129.16.41 - - [08/Jun/2026:17:01:35 +0000] "GET //generateur/ HTTP/1.1" 200 688 "-" "Go-http-client/1.1"
159.65.144.72 - - [08/Jun/2026:17:01:35 +0000] "POST /graphql/api HTTP/1.1" 404 1251 "-" "Mozilla/5.0 (l9scan/2.0.4333e22323e21333e24363; +https://leakix.net)"
57.129.16.41 - - [08/Jun/2026:17:01:35 +0000] "GET //gh/ HTTP/1.1" 200 771 "-" "Go-http-client/1.1"
57.129.16.41 - - [08/Jun/2026:17:01:35 +0000] "GET //https%3A///https%3A/ms-hostingladz%3A3000/ HTTP/1.1" 404 1251 "-" "Go-http-client/1.1"
57.129.16.41 - - [08/Jun/2026:17:01:35 +0000] "GET //bnh///bnh/server/ HTTP/1.1" 404 1251 "-" "Go-http-client/1.1"
57.129.16.41 - - [08/Jun/2026:17:01:35 +0000] "GET //HMP/ HTTP/1.1" 200 684 "-" "Go-http-client/1.1"
57.129.16.41 - - [08/Jun/2026:17:01:36 +0000] "GET //https%3A/ HTTP/1.1" 200 802 "-" "Go-http-client/1.1"
57.129.16.41 - - [08/Jun/2026:17:01:35 +0000] "GET //bnh///bnh/patches/ HTTP/1.1" 404 1251 "-" "Go-http-client/1.1"
167.172.232.142 - - [08/Jun/2026:17:01:35 +0000] "GET /.vscode/sftp.json HTTP/1.1" 404 1251 "-" "Mozilla/5.0 (l9scan/2.0.4333e22323e21333e24363; +https://leakix.net)"
57.129.16.41 - - [08/Jun/2026:17:01:36 +0000] "GET //bnh///bnh/shared/ HTTP/1.1" 404 1251 "-" "Go-http-client/1.1"
57.129.16.41 - - [08/Jun/2026:17:01:36 +0000] "GET //https%3A///https%3A/ms-hostingladz%3A3000/ HTTP/1.1" 404 1251 "-" "Go-http-client/1.1"
57.129.16.41 - - [08/Jun/2026:17:01:36 +0000] "HEAD //bnh/ameli-inscription%20%281%29.zip HTTP/1.1" 200 0 "-" "Go-http-client/1.1"
57.129.16.41 - - [08/Jun/2026:17:01:36 +0000] "GET //mo/ HTTP/1.1" 200 671 "-" "Go-http-client/1.1"
57.129.16.41 - - [08/Jun/2026:17:01:36 +0000] "GET //mwtrading/ HTTP/1.1" 200 676 "-" "Go-http-client/1.1"
167.172.232.142 - - [08/Jun/2026:17:01:36 +0000] "OPTIONS / HTTP/1.1" 200 2460 "-" "Mozilla/5.0 (l9scan/2.0.4333e22323e21333e24363; +https://leakix.net)"
57.129.16.41 - - [08/Jun/2026:17:01:36 +0000] "GET //nb/ HTTP/1.1" 200 671 "-" "Go-http-client/1.1"
57.129.16.41 - - [08/Jun/2026:17:01:36 +0000] "GET //bnh/ameli-inscription%20%281%29.zip HTTP/1.1" 200 464749 "-" "Go-http-client/1.1"
57.129.16.41 - - [08/Jun/2026:17:01:37 +0000] "GET //opco/ HTTP/1.1" 200 1617 "-" "Go-http-client/1.1"
57.129.16.41 - - [08/Jun/2026:17:01:37 +0000] "HEAD //opco/bootstrap-grid.min.css HTTP/1.1" 200 0 "-" "Go-http-client/1.1"
57.129.16.41 - - [08/Jun/2026:17:01:37 +0000] "GET //opco/bootstrap-grid.min.css HTTP/1.1" 200 2888 "-" "Go-http-client/1.1"
57.129.16.41 - - [08/Jun/2026:17:01:37 +0000] "HEAD //opco/bootstrap.bundle.min.js HTTP/1.1" 200 0 "-" "Go-http-client/1.1"
57.129.16.41 - - [08/Jun/2026:17:01:37 +0000] "GET //opco/bootstrap.bundle.min.js HTTP/1.1" 200 27070 "-" "Go-http-client/1.1"
167.172.232.142 - - [08/Jun/2026:17:01:37 +0000] "GET /?rest_route=/wp/v2/users/ HTTP/1.1" 200 2460 "-" "Mozilla/5.0 (l9scan/2.0.4333e22323e21333e24363; +https://leakix.net)"
57.129.16.41 - - [08/Jun/2026:17:01:38 +0000] "HEAD //opco/bootstrap.min.css HTTP/1.1" 200 0 "-" "Go-http-client/1.1"
57.129.16.41 - - [08/Jun/2026:17:01:38 +0000] "HEAD //bnh/components.json HTTP/1.1" 200 0 "-" "Go-http-client/1.1"
57.129.16.41 - - [08/Jun/2026:17:01:38 +0000] "GET //opco/bootstrap.min.css HTTP/1.1" 200 18343 "-" "Go-http-client/1.1"
57.129.16.41 - - [08/Jun/2026:17:01:38 +0000] "GET //bnh/components.json HTTP/1.1" 200 225 "-" "Go-http-client/1.1"
57.129.16.41 - - [08/Jun/2026:17:01:38 +0000] "HEAD //bnh/formationbtp.zip HTTP/1.1" 200 0 "-" "Go-http-client/1.1"
57.129.16.41 - - [08/Jun/2026:17:01:38 +0000] "HEAD //opco/error_log HTTP/1.1" 403 0 "-" "Go-http-client/1.1"
57.129.16.41 - - [08/Jun/2026:17:01:38 +0000] "GET //bnh/formationbtp.zip HTTP/1.1" 200 5955 "-" "Go-http-client/1.1"
57.129.16.41 - - [08/Jun/2026:17:01:38 +0000] "HEAD //opco/fond.jpg HTTP/1.1" 200 0 "-" "Go-http-client/1.1"
57.129.16.41 - - [08/Jun/2026:17:01:38 +0000] "GET //opco/fond.jpg HTTP/1.1" 200 88672 "-" "Go-http-client/1.1"
57.129.16.41 - - [08/Jun/2026:17:01:38 +0000] "HEAD //bnh/ideas.md HTTP/1.1" 200 0 "-" "Go-http-client/1.1"
167.172.232.142 - - [08/Jun/2026:17:01:39 +0000] "GET /debug/default/view?panel=config HTTP/1.1" 404 1251 "-" "Mozilla/5.0 (l9scan/2.0.4333e22323e21333e24363; +https://leakix.net)"
57.129.16.41 - - [08/Jun/2026:17:01:39 +0000] "GET //bnh/ideas.md HTTP/1.1" 200 5334 "-" "Go-http-client/1.1"
57.129.16.41 - - [08/Jun/2026:17:01:39 +0000] "HEAD //opco/home.html HTTP/1.1" 200 0 "-" "Go-http-client/1.1"
57.129.16.41 - - [08/Jun/2026:17:01:39 +0000] "HEAD //bnh/package.json HTTP/1.1" 200 0 "-" "Go-http-client/1.1"
57.129.16.41 - - [08/Jun/2026:17:01:39 +0000] "GET //opco/home.html HTTP/1.1" 200 1495 "-" "Go-http-client/1.1"
57.129.16.41 - - [08/Jun/2026:17:01:39 +0000] "GET //bnh/package.json HTTP/1.1" 200 1232 "-" "Go-http-client/1.1"
57.129.16.41 - - [08/Jun/2026:17:01:39 +0000] "HEAD //opco/home2.html HTTP/1.1" 200 0 "-" "Go-http-client/1.1"
57.129.16.41 - - [08/Jun/2026:17:01:36 +0000] "GET //https%3A///https%3A/ms-hostingladz.com%3A3000/ HTTP/1.1" 404 1251 "-" "Go-http-client/1.1"
57.129.16.41 - - [08/Jun/2026:17:01:36 +0000] "GET //live-dashboard/ HTTP/1.1" 503 807 "-" "Go-http-client/1.1"
146.190.103.103 - - [08/Jun/2026:17:01:36 +0000] "POST /api/gql HTTP/1.1" 404 1251 "-" "Mozilla/5.0 (l9scan/2.0.4333e22323e21333e24363; +https://leakix.net)"
159.65.144.72 - - [08/Jun/2026:17:01:36 +0000] "POST /api/gql HTTP/1.1" 404 1251 "-" "Mozilla/5.0 (l9scan/2.0.4333e22323e21333e24363; +https://leakix.net)"
57.129.16.41 - - [08/Jun/2026:17:01:37 +0000] "GET //live-dashboard/ HTTP/1.1" 503 807 "-" "Go-http-client/1.1"
146.190.103.103 - - [08/Jun/2026:17:01:37 +0000] "GET /s/4333e22323e21333e24363/_/;/META-INF/maven/com.atlassian.jira/jira-webapp-dist/pom.properties HTTP/1.1" 404 1251 "-" "Mozilla/5.0 (l9scan/2.0.4333e22323e21333e24363; +https://leakix.net)"
57.129.16.41 - - [08/Jun/2026:17:01:37 +0000] "GET //mo/ HTTP/1.1" 200 682 "-" "Go-http-client/1.1"
159.65.144.72 - - [08/Jun/2026:17:01:37 +0000] "GET /s/4333e22323e21333e24363/_/;/META-INF/maven/com.atlassian.jira/jira-webapp-dist/pom.properties HTTP/1.1" 404 1251 "-" "Mozilla/5.0 (l9scan/2.0.4333e22323e21333e24363; +https://leakix.net)"
57.129.16.41 - - [08/Jun/2026:17:01:37 +0000] "GET //mwtrading/ HTTP/1.1" 200 687 "-" "Go-http-client/1.1"
57.129.16.41 - - [08/Jun/2026:17:01:37 +0000] "GET //nb/ HTTP/1.1" 200 683 "-" "Go-http-client/1.1"
57.129.16.41 - - [08/Jun/2026:17:01:37 +0000] "GET //opco/ HTTP/1.1" 200 1628 "-" "Go-http-client/1.1"
57.129.16.41 - - [08/Jun/2026:17:01:37 +0000] "HEAD //opco/bootstrap-grid.min.css HTTP/1.1" 200 0 "-" "Go-http-client/1.1"
57.129.16.41 - - [08/Jun/2026:17:01:38 +0000] "GET //opco/bootstrap-grid.min.css HTTP/1.1" 200 2888 "-" "Go-http-client/1.1"
146.190.103.103 - - [08/Jun/2026:17:01:38 +0000] "GET /config.json HTTP/1.1" 404 1251 "-" "Mozilla/5.0 (l9scan/2.0.4333e22323e21333e24363; +https://leakix.net)"
57.129.16.41 - - [08/Jun/2026:17:01:38 +0000] "HEAD //opco/bootstrap.bundle.min.js HTTP/1.1" 200 0 "-" "Go-http-client/1.1"
159.65.144.72 - - [08/Jun/2026:17:01:38 +0000] "GET /config.json HTTP/1.1" 404 1251 "-" "Mozilla/5.0 (l9scan/2.0.4333e22323e21333e24363; +https://leakix.net)"
57.129.16.41 - - [08/Jun/2026:17:01:38 +0000] "GET //opco/bootstrap.bundle.min.js HTTP/1.1" 200 27070 "-" "Go-http-client/1.1"
57.129.16.41 - - [08/Jun/2026:17:01:38 +0000] "HEAD //opco/bootstrap.min.css HTTP/1.1" 200 0 "-" "Go-http-client/1.1"
57.129.16.41 - - [08/Jun/2026:17:01:38 +0000] "GET //opco/bootstrap.min.css HTTP/1.1" 200 18343 "-" "Go-http-client/1.1"
57.129.16.41 - - [08/Jun/2026:17:01:39 +0000] "HEAD //opco/error_log HTTP/1.1" 403 0 "-" "Go-http-client/1.1"
57.129.16.41 - - [08/Jun/2026:17:01:39 +0000] "HEAD //opco/fond.jpg HTTP/1.1" 200 0 "-" "Go-http-client/1.1"
57.129.16.41 - - [08/Jun/2026:17:01:39 +0000] "GET //opco/fond.jpg HTTP/1.1" 200 88672 "-" "Go-http-client/1.1"
57.129.16.41 - - [08/Jun/2026:17:01:39 +0000] "HEAD //opco/home.html HTTP/1.1" 200 0 "-" "Go-http-client/1.1"
146.190.103.103 - - [08/Jun/2026:17:01:40 +0000] "GET /telescope/requests HTTP/1.1" 404 1251 "-" "Mozilla/5.0 (l9scan/2.0.4333e22323e21333e24363; +https://leakix.net)"
57.129.16.41 - - [08/Jun/2026:17:01:40 +0000] "GET //opco/home.html HTTP/1.1" 200 1495 "-" "Go-http-client/1.1"
57.129.16.41 - - [08/Jun/2026:17:01:40 +0000] "HEAD //opco/home2.html HTTP/1.1" 200 0 "-" "Go-http-client/1.1"
159.65.144.72 - - [08/Jun/2026:17:01:40 +0000] "GET /telescope/requests HTTP/1.1" 404 1251 "-" "Mozilla/5.0 (l9scan/2.0.4333e22323e21333e24363; +https://leakix.net)"
57.129.16.41 - - [08/Jun/2026:17:01:40 +0000] "GET //opco/home2.html HTTP/1.1" 200 629 "-" "Go-http-client/1.1"
57.129.16.41 - - [08/Jun/2026:17:01:40 +0000] "HEAD //opco/jquery.min.js HTTP/1.1" 200 0 "-" "Go-http-client/1.1"
57.129.16.41 - - [08/Jun/2026:17:01:40 +0000] "GET //opco/jquery.min.js HTTP/1.1" 200 30233 "-" "Go-http-client/1.1"
57.129.16.41 - - [08/Jun/2026:17:01:41 +0000] "HEAD //opco/logo1.png HTTP/1.1" 200 0 "-" "Go-http-client/1.1"
57.129.16.41 - - [08/Jun/2026:17:01:39 +0000] "HEAD //bnh/pnpm-lock.yaml HTTP/1.1" 200 0 "-" "Go-http-client/1.1"
57.129.16.41 - - [08/Jun/2026:17:01:39 +0000] "GET //opco/home2.html HTTP/1.1" 200 629 "-" "Go-http-client/1.1"
57.129.16.41 - - [08/Jun/2026:17:01:39 +0000] "GET //bnh/pnpm-lock.yaml HTTP/1.1" 200 259856 "-" "Go-http-client/1.1"
57.129.16.41 - - [08/Jun/2026:17:01:40 +0000] "HEAD //opco/jquery.min.js HTTP/1.1" 200 0 "-" "Go-http-client/1.1"
57.129.16.41 - - [08/Jun/2026:17:01:40 +0000] "GET //opco/jquery.min.js HTTP/1.1" 200 30233 "-" "Go-http-client/1.1"
57.129.16.41 - - [08/Jun/2026:17:01:40 +0000] "HEAD //bnh/tsconfig.json HTTP/1.1" 200 0 "-" "Go-http-client/1.1"
57.129.16.41 - - [08/Jun/2026:17:01:40 +0000] "HEAD //opco/logo1.png HTTP/1.1" 200 0 "-" "Go-http-client/1.1"
57.129.16.41 - - [08/Jun/2026:17:01:40 +0000] "GET //bnh/tsconfig.json HTTP/1.1" 200 350 "-" "Go-http-client/1.1"
57.129.16.41 - - [08/Jun/2026:17:01:40 +0000] "GET //opco/logo1.png HTTP/1.1" 200 29334 "-" "Go-http-client/1.1"
57.129.16.41 - - [08/Jun/2026:17:01:40 +0000] "HEAD //bnh/tsconfig.node.json HTTP/1.1" 200 0 "-" "Go-http-client/1.1"
146.190.103.103 - - [08/Jun/2026:17:01:40 +0000] "GET /info.php HTTP/1.1" 404 1251 "-" "Mozilla/5.0 (l9scan/2.0.4333e22323e21333e24363; +https://leakix.net)"
57.129.16.41 - - [08/Jun/2026:17:01:40 +0000] "HEAD //opco/logo2.svg HTTP/1.1" 200 0 "-" "Go-http-client/1.1"
57.129.16.41 - - [08/Jun/2026:17:01:40 +0000] "GET //bnh/tsconfig.node.json HTTP/1.1" 200 282 "-" "Go-http-client/1.1"
57.129.16.41 - - [08/Jun/2026:17:01:40 +0000] "GET //opco/logo2.svg HTTP/1.1" 200 4520 "-" "Go-http-client/1.1"
57.129.16.41 - - [08/Jun/2026:17:01:41 +0000] "HEAD //bnh/vite.config.ts HTTP/1.1" 200 0 "-" "Go-http-client/1.1"
57.129.16.41 - - [08/Jun/2026:17:01:41 +0000] "HEAD //opco/logo3.svg HTTP/1.1" 200 0 "-" "Go-http-client/1.1"
57.129.16.41 - - [08/Jun/2026:17:01:41 +0000] "GET //bootstrap/ HTTP/1.1" 200 897 "-" "Go-http-client/1.1"
57.129.16.41 - - [08/Jun/2026:17:01:41 +0000] "GET //opco/logo3.svg HTTP/1.1" 200 2474 "-" "Go-http-client/1.1"
57.129.16.41 - - [08/Jun/2026:17:01:41 +0000] "GET //bnh/vite.config.ts HTTP/1.1" 200 5785 "-" "Go-http-client/1.1"
57.129.16.41 - - [08/Jun/2026:17:01:41 +0000] "GET //bootstrap///bootstrap/cache/ HTTP/1.1" 404 1251 "-" "Go-http-client/1.1"
57.129.16.41 - - [08/Jun/2026:17:01:41 +0000] "HEAD //opco/portail-unique.css HTTP/1.1" 200 0 "-" "Go-http-client/1.1"
57.129.16.41 - - [08/Jun/2026:17:01:41 +0000] "GET //opco/portail-unique.css HTTP/1.1" 200 2532 "-" "Go-http-client/1.1"
146.190.103.103 - - [08/Jun/2026:17:01:41 +0000] "GET /actuator/env HTTP/1.1" 404 1251 "-" "Mozilla/5.0 (l9scan/2.0.4333e22323e21333e24363; +https://leakix.net)"
57.129.16.41 - - [08/Jun/2026:17:01:41 +0000] "HEAD //opco/portail-unique.js HTTP/1.1" 200 0 "-" "Go-http-client/1.1"
57.129.16.41 - - [08/Jun/2026:17:01:41 +0000] "HEAD //bootstrap/error_log HTTP/1.1" 403 0 "-" "Go-http-client/1.1"
57.129.16.41 - - [08/Jun/2026:17:01:41 +0000] "GET //opco/portail-unique.js HTTP/1.1" 200 2051 "-" "Go-http-client/1.1"
57.129.16.41 - - [08/Jun/2026:17:01:42 +0000] "GET //cv///cv/dist/ HTTP/1.1" 404 1251 "-" "Go-http-client/1.1"
159.65.144.72 - - [08/Jun/2026:17:01:42 +0000] "GET /actuator/env HTTP/1.1" 404 1251 "-" "Mozilla/5.0 (l9scan/2.0.4333e22323e21333e24363; +https://leakix.net)"
57.129.16.41 - - [08/Jun/2026:17:01:42 +0000] "HEAD //opco/thankyou.html HTTP/1.1" 200 0 "-" "Go-http-client/1.1"
57.129.16.41 - - [08/Jun/2026:17:01:42 +0000] "GET //opco/thankyou.html HTTP/1.1" 200 743 "-" "Go-http-client/1.1"
57.129.16.41 - - [08/Jun/2026:17:01:42 +0000] "GET //public/ HTTP/1.1" 500 0 "-" "Go-http-client/1.1"
57.129.16.41 - - [08/Jun/2026:17:01:42 +0000] "GET //resources/ HTTP/1.1" 200 855 "-" "Go-http-client/1.1"
57.129.16.41 - - [08/Jun/2026:17:01:42 +0000] "GET //resources///resources/css/ HTTP/1.1" 404 1251 "-" "Go-http-client/1.1"
57.129.16.41 - - [08/Jun/2026:17:01:43 +0000] "GET //cv///cv/shared/ HTTP/1.1" 404 1251 "-" "Go-http-client/1.1"
159.65.144.72 - - [08/Jun/2026:17:01:41 +0000] "GET /info.php HTTP/1.1" 404 1251 "-" "Mozilla/5.0 (l9scan/2.0.4333e22323e21333e24363; +https://leakix.net)"
57.129.16.41 - - [08/Jun/2026:17:01:41 +0000] "GET //opco/logo1.png HTTP/1.1" 200 29334 "-" "Go-http-client/1.1"
57.129.16.41 - - [08/Jun/2026:17:01:41 +0000] "HEAD //opco/logo2.svg HTTP/1.1" 200 0 "-" "Go-http-client/1.1"
57.129.16.41 - - [08/Jun/2026:17:01:41 +0000] "GET //opco/logo2.svg HTTP/1.1" 200 4520 "-" "Go-http-client/1.1"
57.129.16.41 - - [08/Jun/2026:17:01:41 +0000] "HEAD //opco/logo3.svg HTTP/1.1" 200 0 "-" "Go-http-client/1.1"
57.129.16.41 - - [08/Jun/2026:17:01:41 +0000] "GET //cv/ HTTP/1.1" 200 1396 "-" "Go-http-client/1.1"
57.129.16.41 - - [08/Jun/2026:17:01:41 +0000] "GET //opco/logo3.svg HTTP/1.1" 200 2474 "-" "Go-http-client/1.1"
57.129.16.41 - - [08/Jun/2026:17:01:41 +0000] "GET //cv///cv/client/ HTTP/1.1" 404 1251 "-" "Go-http-client/1.1"
57.129.16.41 - - [08/Jun/2026:17:01:42 +0000] "HEAD //opco/portail-unique.css HTTP/1.1" 200 0 "-" "Go-http-client/1.1"
57.129.16.41 - - [08/Jun/2026:17:01:42 +0000] "GET //opco/portail-unique.css HTTP/1.1" 200 2532 "-" "Go-http-client/1.1"
57.129.16.41 - - [08/Jun/2026:17:01:42 +0000] "GET //cv///cv/patches/ HTTP/1.1" 404 1251 "-" "Go-http-client/1.1"
57.129.16.41 - - [08/Jun/2026:17:01:42 +0000] "HEAD //opco/portail-unique.js HTTP/1.1" 200 0 "-" "Go-http-client/1.1"
57.129.16.41 - - [08/Jun/2026:17:01:42 +0000] "GET //opco/portail-unique.js HTTP/1.1" 200 2051 "-" "Go-http-client/1.1"
57.129.16.41 - - [08/Jun/2026:17:01:42 +0000] "GET //cv///cv/server/ HTTP/1.1" 404 1251 "-" "Go-http-client/1.1"
57.129.16.41 - - [08/Jun/2026:17:01:42 +0000] "HEAD //opco/thankyou.html HTTP/1.1" 200 0 "-" "Go-http-client/1.1"
57.129.16.41 - - [08/Jun/2026:17:01:43 +0000] "GET //opco/thankyou.html HTTP/1.1" 200 743 "-" "Go-http-client/1.1"
57.129.16.41 - - [08/Jun/2026:17:01:43 +0000] "GET //public/ HTTP/1.1" 500 0 "-" "Go-http-client/1.1"
57.129.16.41 - - [08/Jun/2026:17:01:43 +0000] "GET //resources/ HTTP/1.1" 200 866 "-" "Go-http-client/1.1"
57.129.16.41 - - [08/Jun/2026:17:01:43 +0000] "GET //resources///resources/css/ HTTP/1.1" 404 1251 "-" "Go-http-client/1.1"
57.129.16.41 - - [08/Jun/2026:17:01:43 +0000] "GET //resources///resources/lang/ HTTP/1.1" 404 1251 "-" "Go-http-client/1.1"
159.65.144.72 - - [08/Jun/2026:17:01:44 +0000] "GET /trace.axd HTTP/1.1" 404 1251 "-" "Mozilla/5.0 (l9scan/2.0.4333e22323e21333e24363; +https://leakix.net)"
57.129.16.41 - - [08/Jun/2026:17:01:44 +0000] "GET //resources///resources/lang/ HTTP/1.1" 404 1251 "-" "Go-http-client/1.1"
57.129.16.41 - - [08/Jun/2026:17:01:44 +0000] "GET //routes/ HTTP/1.1" 200 1286 "-" "Go-http-client/1.1"
146.190.103.103 - - [08/Jun/2026:17:01:44 +0000] "GET /@vite/env HTTP/1.1" 404 1251 "-" "Mozilla/5.0 (l9scan/2.0.4333e22323e21333e24363; +https://leakix.net)"
57.129.16.41 - - [08/Jun/2026:17:01:44 +0000] "GET //routes///routes/f7/ HTTP/1.1" 404 1251 "-" "Go-http-client/1.1"
57.129.16.41 - - [08/Jun/2026:17:01:44 +0000] "GET //resources///resources/views/ HTTP/1.1" 404 1251 "-" "Go-http-client/1.1"
159.65.144.72 - - [08/Jun/2026:17:01:45 +0000] "GET /@vite/env HTTP/1.1" 404 1251 "-" "Mozilla/5.0 (l9scan/2.0.4333e22323e21333e24363; +https://leakix.net)"
57.129.16.41 - - [08/Jun/2026:17:01:45 +0000] "GET //routes/ HTTP/1.1" 200 1296 "-" "Go-http-client/1.1"
57.129.16.41 - - [08/Jun/2026:17:01:45 +0000] "GET //routes///routes/f7/ HTTP/1.1" 404 1251 "-" "Go-http-client/1.1"
146.190.103.103 - - [08/Jun/2026:17:01:45 +0000] "GET /.vscode/sftp.json HTTP/1.1" 404 1251 "-" "Mozilla/5.0 (l9scan/2.0.4333e22323e21333e24363; +https://leakix.net)"
57.129.16.41 - - [08/Jun/2026:17:01:45 +0000] "HEAD //routes/error_log HTTP/1.1" 403 0 "-" "Go-http-client/1.1"
57.129.16.41 - - [08/Jun/2026:17:01:46 +0000] "GET //saudia/ HTTP/1.1" 200 685 "-" "Go-http-client/1.1"
57.129.16.41 - - [08/Jun/2026:17:01:46 +0000] "GET //saudiapost/ HTTP/1.1" 200 853 "-" "Go-http-client/1.1"
57.129.16.41 - - [08/Jun/2026:17:01:43 +0000] "GET //resources///resources/js/ HTTP/1.1" 404 1251 "-" "Go-http-client/1.1"
57.129.16.41 - - [08/Jun/2026:17:01:43 +0000] "HEAD //cv/components.json HTTP/1.1" 200 0 "-" "Go-http-client/1.1"
57.129.16.41 - - [08/Jun/2026:17:01:43 +0000] "GET //cv/components.json HTTP/1.1" 200 225 "-" "Go-http-client/1.1"
146.190.103.103 - - [08/Jun/2026:17:01:43 +0000] "GET /trace.axd HTTP/1.1" 404 1251 "-" "Mozilla/5.0 (l9scan/2.0.4333e22323e21333e24363; +https://leakix.net)"
57.129.16.41 - - [08/Jun/2026:17:01:43 +0000] "HEAD //cv/ideas.md HTTP/1.1" 200 0 "-" "Go-http-client/1.1"
57.129.16.41 - - [08/Jun/2026:17:01:43 +0000] "GET //resources///resources/js/ HTTP/1.1" 404 1251 "-" "Go-http-client/1.1"
57.129.16.41 - - [08/Jun/2026:17:01:44 +0000] "GET //cv/ideas.md HTTP/1.1" 200 5334 "-" "Go-http-client/1.1"
57.129.16.41 - - [08/Jun/2026:17:01:44 +0000] "GET //resources///resources/views/ HTTP/1.1" 404 1251 "-" "Go-http-client/1.1"
57.129.16.41 - - [08/Jun/2026:17:01:44 +0000] "HEAD //cv/package.json HTTP/1.1" 200 0 "-" "Go-http-client/1.1"
57.129.16.41 - - [08/Jun/2026:17:01:44 +0000] "GET //cv/package.json HTTP/1.1" 200 1232 "-" "Go-http-client/1.1"
57.129.16.41 - - [08/Jun/2026:17:01:44 +0000] "HEAD //cv/pnpm-lock.yaml HTTP/1.1" 200 0 "-" "Go-http-client/1.1"
57.129.16.41 - - [08/Jun/2026:17:01:44 +0000] "GET //cv/pnpm-lock.yaml HTTP/1.1" 200 259856 "-" "Go-http-client/1.1"
57.129.16.41 - - [08/Jun/2026:17:01:45 +0000] "HEAD //routes/error_log HTTP/1.1" 403 0 "-" "Go-http-client/1.1"
