107.172.195.214 - - [08/Jun/2026:17:03:41 +0000] "GET /vendor/ HTTP/1.1" 200 19 "-" "Mozilla/5.0 (Windows NT 10.0; Win64; x64) AppleWebKit/537.36 (KHTML, like Gecko) Chrome/131.0.0.0 Safari/537.36"
107.172.195.214 - - [08/Jun/2026:17:03:41 +0000] "GET /home.php HTTP/1.1" 200 310 "-" "Mozilla/5.0 (Windows NT 10.0; Win64; x64) AppleWebKit/537.36 (KHTML, like Gecko) Chrome/131.0.0.0 Safari/537.36"
107.172.195.214 - - [08/Jun/2026:17:03:41 +0000] "GET /webpack.mix.js HTTP/1.1" 200 254 "-" "Mozilla/5.0 (Windows NT 10.0; Win64; x64) AppleWebKit/537.36 (KHTML, like Gecko) Chrome/131.0.0.0 Safari/537.36"
107.172.195.214 - - [08/Jun/2026:17:03:41 +0000] "GET /forgot-password HTTP/1.1" 404 1251 "-" "Mozilla/5.0 (Windows NT 10.0; Win64; x64) AppleWebKit/537.36 (KHTML, like Gecko) Chrome/131.0.0.0 Safari/537.36"
107.172.195.214 - - [08/Jun/2026:17:03:41 +0000] "GET /phpinfo.php HTTP/1.1" 200 25098 "-" "Mozilla/5.0 (Windows NT 10.0; Win64; x64) AppleWebKit/537.36 (KHTML, like Gecko) Chrome/131.0.0.0 Safari/537.36"
107.172.195.214 - - [08/Jun/2026:17:03:40 +0000] "GET /_autoindex/assets/js/tablesort.js HTTP/1.1" 200 2137 "-" "Mozilla/5.0 (Windows NT 10.0; Win64; x64) AppleWebKit/537.36 (KHTML, like Gecko) Chrome/131.0.0.0 Safari/537.36"
107.172.195.214 - - [08/Jun/2026:17:03:40 +0000] "GET /SaudiaPOST HTTP/1.1" 200 112331 "-" "Mozilla/5.0 (Windows NT 10.0; Win64; x64) AppleWebKit/537.36 (KHTML, like Gecko) Chrome/131.0.0.0 Safari/537.36"
107.172.195.214 - - [08/Jun/2026:17:03:40 +0000] "GET /assets/ HTTP/1.1" 200 1082 "-" "Mozilla/5.0 (Windows NT 10.0; Win64; x64) AppleWebKit/537.36 (KHTML, like Gecko) Chrome/131.0.0.0 Safari/537.36"
107.172.195.214 - - [08/Jun/2026:17:03:40 +0000] "GET /main.js HTTP/1.1" 200 12829 "-" "Mozilla/5.0 (Windows NT 10.0; Win64; x64) AppleWebKit/537.36 (KHTML, like Gecko) Chrome/131.0.0.0 Safari/537.36"
107.172.195.214 - - [08/Jun/2026:17:03:40 +0000] "GET /public/ HTTP/1.1" 500 0 "-" "Mozilla/5.0 (Windows NT 10.0; Win64; x64) AppleWebKit/537.36 (KHTML, like Gecko) Chrome/131.0.0.0 Safari/537.36"
107.172.195.214 - - [08/Jun/2026:17:03:40 +0000] "GET /saudia/ HTTP/1.1" 200 537 "-" "Mozilla/5.0 (Windows NT 10.0; Win64; x64) AppleWebKit/537.36 (KHTML, like Gecko) Chrome/131.0.0.0 Safari/537.36"
107.172.195.214 - - [08/Jun/2026:17:03:40 +0000] "GET /cv/ HTTP/1.1" 200 1186 "-" "Mozilla/5.0 (Windows NT 10.0; Win64; x64) AppleWebKit/537.36 (KHTML, like Gecko) Chrome/131.0.0.0 Safari/537.36"
167.235.36.41 - - [08/Jun/2026:17:03:40 +0000] "GET /?SD HTTP/1.1" 200 11327 "https://verify.netflix.ms-hostingladz.com/?SA" "'Mozilla/5.0"
167.235.36.41 - - [08/Jun/2026:17:03:41 +0000] "GET /app/?ND HTTP/1.1" 200 7079 "https://verify.netflix.ms-hostingladz.com/app/" "'Mozilla/5.0"
107.172.195.214 - - [08/Jun/2026:17:03:41 +0000] "GET /routes/ HTTP/1.1" 200 1094 "-" "Mozilla/5.0 (Windows NT 10.0; Win64; x64) AppleWebKit/537.36 (KHTML, like Gecko) Chrome/131.0.0.0 Safari/537.36"
107.172.195.214 - - [08/Jun/2026:17:03:41 +0000] "GET /gh/ HTTP/1.1" 200 616 "-" "Mozilla/5.0 (Windows NT 10.0; Win64; x64) AppleWebKit/537.36 (KHTML, like Gecko) Chrome/131.0.0.0 Safari/537.36"
107.172.195.214 - - [08/Jun/2026:17:03:41 +0000] "GET /server.php HTTP/1.1" 500 0 "-" "Mozilla/5.0 (Windows NT 10.0; Win64; x64) AppleWebKit/537.36 (KHTML, like Gecko) Chrome/131.0.0.0 Safari/537.36"
107.172.195.214 - - [08/Jun/2026:17:03:41 +0000] "GET / HTTP/1.1" 200 2125 "-" "Mozilla/5.0 (Windows NT 10.0; Win64; x64) AppleWebKit/537.36 (KHTML, like Gecko) Chrome/131.0.0.0 Safari/537.36"
167.235.36.41 - - [08/Jun/2026:17:03:41 +0000] "GET /app/?MA HTTP/1.1" 200 7078 "https://verify.netflix.ms-hostingladz.com/app/" "'Mozilla/5.0"
107.172.195.214 - - [08/Jun/2026:17:03:41 +0000] "GET /error_log HTTP/1.1" 403 1242 "-" "Mozilla/5.0 (Windows NT 10.0; Win64; x64) AppleWebKit/537.36 (KHTML, like Gecko) Chrome/131.0.0.0 Safari/537.36"
107.172.195.214 - - [08/Jun/2026:17:03:41 +0000] "GET /nb/?MA HTTP/1.1" 200 537 "-" "Mozilla/5.0 (Windows NT 10.0; Win64; x64) AppleWebKit/537.36 (KHTML, like Gecko) Chrome/131.0.0.0 Safari/537.36"
107.172.195.214 - - [08/Jun/2026:17:03:41 +0000] "GET /saudiapost/ HTTP/1.1" 200 687 "-" "Mozilla/5.0 (Windows NT 10.0; Win64; x64) AppleWebKit/537.36 (KHTML, like Gecko) Chrome/131.0.0.0 Safari/537.36"
107.172.195.214 - - [08/Jun/2026:17:03:41 +0000] "GET /nb/?SA HTTP/1.1" 200 538 "-" "Mozilla/5.0 (Windows NT 10.0; Win64; x64) AppleWebKit/537.36 (KHTML, like Gecko) Chrome/131.0.0.0 Safari/537.36"
167.235.36.41 - - [08/Jun/2026:17:03:41 +0000] "GET /app/?SA HTTP/1.1" 200 7078 "https://verify.netflix.ms-hostingladz.com/app/" "'Mozilla/5.0"
107.172.195.214 - - [08/Jun/2026:17:03:41 +0000] "GET /storage/logs/ HTTP/1.1" 200 626 "-" "Mozilla/5.0 (Windows NT 10.0; Win64; x64) AppleWebKit/537.36 (KHTML, like Gecko) Chrome/131.0.0.0 Safari/537.36"
167.235.36.41 - - [08/Jun/2026:17:03:42 +0000] "GET /_autoindex/assets/icons/corner-left-up.svg HTTP/1.1" 304 0 "https://verify.netflix.ms-hostingladz.com/app/" "'Mozilla/5.0"
107.172.195.214 - - [08/Jun/2026:17:03:41 +0000] "GET /bootstrap/?MA HTTP/1.1" 200 731 "-" "Mozilla/5.0 (Windows NT 10.0; Win64; x64) AppleWebKit/537.36 (KHTML, like Gecko) Chrome/131.0.0.0 Safari/537.36"
107.172.195.214 - - [08/Jun/2026:17:03:41 +0000] "GET /mo/?MA HTTP/1.1" 200 537 "-" "Mozilla/5.0 (Windows NT 10.0; Win64; x64) AppleWebKit/537.36 (KHTML, like Gecko) Chrome/131.0.0.0 Safari/537.36"
107.172.195.214 - - [08/Jun/2026:17:03:41 +0000] "GET /bootstrap/?ND HTTP/1.1" 200 723 "-" "Mozilla/5.0 (Windows NT 10.0; Win64; x64) AppleWebKit/537.36 (KHTML, like Gecko) Chrome/131.0.0.0 Safari/537.36"
107.172.195.214 - - [08/Jun/2026:17:03:42 +0000] "GET /bi/binance2025/ HTTP/1.1" 302 0 "-" "Mozilla/5.0 (Windows NT 10.0; Win64; x64) AppleWebKit/537.36 (KHTML, like Gecko) Chrome/131.0.0.0 Safari/537.36"
107.172.195.214 - - [08/Jun/2026:17:03:42 +0000] "GET /https:/ms-hostingladz.com:3000/ HTTP/1.1" 200 550 "-" "Mozilla/5.0 (Windows NT 10.0; Win64; x64) AppleWebKit/537.36 (KHTML, like Gecko) Chrome/131.0.0.0 Safari/537.36"
107.172.195.214 - - [08/Jun/2026:17:03:42 +0000] "GET /bootstrap/cache/ HTTP/1.1" 200 707 "-" "Mozilla/5.0 (Windows NT 10.0; Win64; x64) AppleWebKit/537.36 (KHTML, like Gecko) Chrome/131.0.0.0 Safari/537.36"
107.172.195.214 - - [08/Jun/2026:17:03:42 +0000] "GET /bootstrap/error_log HTTP/1.1" 403 1242 "-" "Mozilla/5.0 (Windows NT 10.0; Win64; x64) AppleWebKit/537.36 (KHTML, like Gecko) Chrome/131.0.0.0 Safari/537.36"
107.172.195.214 - - [08/Jun/2026:17:03:42 +0000] "GET /live-dashboard/ HTTP/1.1" 503 807 "-" "Mozilla/5.0 (Windows NT 10.0; Win64; x64) AppleWebKit/537.36 (KHTML, like Gecko) Chrome/131.0.0.0 Safari/537.36"
107.172.195.214 - - [08/Jun/2026:17:03:42 +0000] "GET /https:/ms-hostingladz:3000/ HTTP/1.1" 200 552 "-" "Mozilla/5.0 (Windows NT 10.0; Win64; x64) AppleWebKit/537.36 (KHTML, like Gecko) Chrome/131.0.0.0 Safari/537.36"
107.172.195.214 - - [08/Jun/2026:17:03:42 +0000] "GET /https:/?MA HTTP/1.1" 200 645 "-" "Mozilla/5.0 (Windows NT 10.0; Win64; x64) AppleWebKit/537.36 (KHTML, like Gecko) Chrome/131.0.0.0 Safari/537.36"
107.172.195.214 - - [08/Jun/2026:17:03:42 +0000] "GET /https:/?ND HTTP/1.1" 200 637 "-" "Mozilla/5.0 (Windows NT 10.0; Win64; x64) AppleWebKit/537.36 (KHTML, like Gecko) Chrome/131.0.0.0 Safari/537.36"
107.172.195.214 - - [08/Jun/2026:17:03:42 +0000] "GET /mo/?SA HTTP/1.1" 200 537 "-" "Mozilla/5.0 (Windows NT 10.0; Win64; x64) AppleWebKit/537.36 (KHTML, like Gecko) Chrome/131.0.0.0 Safari/537.36"
107.172.195.214 - - [08/Jun/2026:17:03:42 +0000] "GET /bi/?ND HTTP/1.1" 200 606 "-" "Mozilla/5.0 (Windows NT 10.0; Win64; x64) AppleWebKit/537.36 (KHTML, like Gecko) Chrome/131.0.0.0 Safari/537.36"
107.172.195.214 - - [08/Jun/2026:17:03:42 +0000] "GET /storage/?MA HTTP/1.1" 200 672 "-" "Mozilla/5.0 (Windows NT 10.0; Win64; x64) AppleWebKit/537.36 (KHTML, like Gecko) Chrome/131.0.0.0 Safari/537.36"
107.172.195.214 - - [08/Jun/2026:17:03:42 +0000] "GET /storage/?ND HTTP/1.1" 200 664 "-" "Mozilla/5.0 (Windows NT 10.0; Win64; x64) AppleWebKit/537.36 (KHTML, like Gecko) Chrome/131.0.0.0 Safari/537.36"
107.172.195.214 - - [08/Jun/2026:17:03:42 +0000] "GET /resources/?MA HTTP/1.1" 200 697 "-" "Mozilla/5.0 (Windows NT 10.0; Win64; x64) AppleWebKit/537.36 (KHTML, like Gecko) Chrome/131.0.0.0 Safari/537.36"
107.172.195.214 - - [08/Jun/2026:17:03:42 +0000] "GET /resources/lang/ HTTP/1.1" 200 610 "-" "Mozilla/5.0 (Windows NT 10.0; Win64; x64) AppleWebKit/537.36 (KHTML, like Gecko) Chrome/131.0.0.0 Safari/537.36"
107.172.195.214 - - [08/Jun/2026:17:03:42 +0000] "GET /bi/?MA HTTP/1.1" 200 611 "-" "Mozilla/5.0 (Windows NT 10.0; Win64; x64) AppleWebKit/537.36 (KHTML, like Gecko) Chrome/131.0.0.0 Safari/537.36"
107.172.195.214 - - [08/Jun/2026:17:03:42 +0000] "GET /cv/dist/ HTTP/1.1" 200 657 "-" "Mozilla/5.0 (Windows NT 10.0; Win64; x64) AppleWebKit/537.36 (KHTML, like Gecko) Chrome/131.0.0.0 Safari/537.36"
107.172.195.214 - - [08/Jun/2026:17:03:42 +0000] "GET /https:/?SA HTTP/1.1" 200 648 "-" "Mozilla/5.0 (Windows NT 10.0; Win64; x64) AppleWebKit/537.36 (KHTML, like Gecko) Chrome/131.0.0.0 Safari/537.36"
107.172.195.214 - - [08/Jun/2026:17:03:42 +0000] "GET /vam/js/script.js HTTP/1.1" 200 1812 "-" "Mozilla/5.0 (Windows NT 10.0; Win64; x64) AppleWebKit/537.36 (KHTML, like Gecko) Chrome/131.0.0.0 Safari/537.36"
107.172.195.214 - - [08/Jun/2026:17:03:42 +0000] "GET /?NA HTTP/1.1" 200 2125 "-" "Mozilla/5.0 (Windows NT 10.0; Win64; x64) AppleWebKit/537.36 (KHTML, like Gecko) Chrome/131.0.0.0 Safari/537.36"
107.172.195.214 - - [08/Jun/2026:17:03:42 +0000] "GET /bootstrap/app.php HTTP/1.1" 500 0 "-" "Mozilla/5.0 (Windows NT 10.0; Win64; x64) AppleWebKit/537.36 (KHTML, like Gecko) Chrome/131.0.0.0 Safari/537.36"
107.172.195.214 - - [08/Jun/2026:17:03:42 +0000] "GET /bootstrap/?SA HTTP/1.1" 200 729 "-" "Mozilla/5.0 (Windows NT 10.0; Win64; x64) AppleWebKit/537.36 (KHTML, like Gecko) Chrome/131.0.0.0 Safari/537.36"
167.235.36.41 - - [08/Jun/2026:17:03:42 +0000] "GET /app/Console/ HTTP/1.1" 200 2065 "https://verify.netflix.ms-hostingladz.com/app/" "'Mozilla/5.0"
107.172.195.214 - - [08/Jun/2026:17:03:42 +0000] "GET /resources/views/ HTTP/1.1" 200 1252 "-" "Mozilla/5.0 (Windows NT 10.0; Win64; x64) AppleWebKit/537.36 (KHTML, like Gecko) Chrome/131.0.0.0 Safari/537.36"
107.172.195.214 - - [08/Jun/2026:17:03:42 +0000] "GET /cv/vite.config.ts HTTP/1.1" 200 5785 "-" "Mozilla/5.0 (Windows NT 10.0; Win64; x64) AppleWebKit/537.36 (KHTML, like Gecko) Chrome/131.0.0.0 Safari/537.36"
107.172.195.214 - - [08/Jun/2026:17:03:42 +0000] "GET /cv/?ND HTTP/1.1" 200 1182 "-" "Mozilla/5.0 (Windows NT 10.0; Win64; x64) AppleWebKit/537.36 (KHTML, like Gecko) Chrome/131.0.0.0 Safari/537.36"
107.172.195.214 - - [08/Jun/2026:17:03:42 +0000] "GET /storage/app/ HTTP/1.1" 200 620 "-" "Mozilla/5.0 (Windows NT 10.0; Win64; x64) AppleWebKit/537.36 (KHTML, like Gecko) Chrome/131.0.0.0 Safari/537.36"
107.172.195.214 - - [08/Jun/2026:17:03:42 +0000] "GET /storage/framework/ HTTP/1.1" 200 725 "-" "Mozilla/5.0 (Windows NT 10.0; Win64; x64) AppleWebKit/537.36 (KHTML, like Gecko) Chrome/131.0.0.0 Safari/537.36"
167.235.36.41 - - [08/Jun/2026:17:03:42 +0000] "GET /app/Exceptions/ HTTP/1.1" 200 2098 "https://verify.netflix.ms-hostingladz.com/app/" "'Mozilla/5.0"
107.172.195.214 - - [08/Jun/2026:17:03:43 +0000] "GET /resources/css/ HTTP/1.1" 200 674 "-" "Mozilla/5.0 (Windows NT 10.0; Win64; x64) AppleWebKit/537.36 (KHTML, like Gecko) Chrome/131.0.0.0 Safari/537.36"
107.172.195.214 - - [08/Jun/2026:17:03:43 +0000] "GET /bi/?SA HTTP/1.1" 200 612 "-" "Mozilla/5.0 (Windows NT 10.0; Win64; x64) AppleWebKit/537.36 (KHTML, like Gecko) Chrome/131.0.0.0 Safari/537.36"
107.172.195.214 - - [08/Jun/2026:17:03:43 +0000] "GET /resources/?SA HTTP/1.1" 200 709 "-" "Mozilla/5.0 (Windows NT 10.0; Win64; x64) AppleWebKit/537.36 (KHTML, like Gecko) Chrome/131.0.0.0 Safari/537.36"
107.172.195.214 - - [08/Jun/2026:17:03:43 +0000] "GET /cv/client/ HTTP/1.1" 200 354 "-" "Mozilla/5.0 (Windows NT 10.0; Win64; x64) AppleWebKit/537.36 (KHTML, like Gecko) Chrome/131.0.0.0 Safari/537.36"
107.172.195.214 - - [08/Jun/2026:17:03:43 +0000] "GET /cv/patches/ HTTP/1.1" 200 630 "-" "Mozilla/5.0 (Windows NT 10.0; Win64; x64) AppleWebKit/537.36 (KHTML, like Gecko) Chrome/131.0.0.0 Safari/537.36"
107.172.195.214 - - [08/Jun/2026:17:03:43 +0000] "GET /tests/Unit/ HTTP/1.1" 200 741 "-" "Mozilla/5.0 (Windows NT 10.0; Win64; x64) AppleWebKit/537.36 (KHTML, like Gecko) Chrome/131.0.0.0 Safari/537.36"
167.235.36.41 - - [08/Jun/2026:17:03:43 +0000] "GET /app/Http/ HTTP/1.1" 200 2556 "https://verify.netflix.ms-hostingladz.com/app/" "'Mozilla/5.0"
107.172.195.214 - - [08/Jun/2026:17:03:43 +0000] "GET /cv/?MA HTTP/1.1" 200 1192 "-" "Mozilla/5.0 (Windows NT 10.0; Win64; x64) AppleWebKit/537.36 (KHTML, like Gecko) Chrome/131.0.0.0 Safari/537.36"
107.172.195.214 - - [08/Jun/2026:17:03:42 +0000] "GET /cv/server/ HTTP/1.1" 200 614 "-" "Mozilla/5.0 (Windows NT 10.0; Win64; x64) AppleWebKit/537.36 (KHTML, like Gecko) Chrome/131.0.0.0 Safari/537.36"
107.172.195.214 - - [08/Jun/2026:17:03:42 +0000] "GET /resources/js/ HTTP/1.1" 200 706 "-" "Mozilla/5.0 (Windows NT 10.0; Win64; x64) AppleWebKit/537.36 (KHTML, like Gecko) Chrome/131.0.0.0 Safari/537.36"
107.172.195.214 - - [08/Jun/2026:17:03:42 +0000] "GET /resources/?ND HTTP/1.1" 200 694 "-" "Mozilla/5.0 (Windows NT 10.0; Win64; x64) AppleWebKit/537.36 (KHTML, like Gecko) Chrome/131.0.0.0 Safari/537.36"
107.172.195.214 - - [08/Jun/2026:17:03:43 +0000] "GET /cv/shared/ HTTP/1.1" 200 612 "-" "Mozilla/5.0 (Windows NT 10.0; Win64; x64) AppleWebKit/537.36 (KHTML, like Gecko) Chrome/131.0.0.0 Safari/537.36"
107.172.195.214 - - [08/Jun/2026:17:03:43 +0000] "GET /storage/?SA HTTP/1.1" 200 670 "-" "Mozilla/5.0 (Windows NT 10.0; Win64; x64) AppleWebKit/537.36 (KHTML, like Gecko) Chrome/131.0.0.0 Safari/537.36"
107.172.195.214 - - [08/Jun/2026:17:03:43 +0000] "GET /tests/?SA HTTP/1.1" 200 792 "-" "Mozilla/5.0 (Windows NT 10.0; Win64; x64) AppleWebKit/537.36 (KHTML, like Gecko) Chrome/131.0.0.0 Safari/537.36"
107.172.195.214 - - [08/Jun/2026:17:03:43 +0000] "GET /HMP/?ND HTTP/1.1" 200 533 "-" "Mozilla/5.0 (Windows NT 10.0; Win64; x64) AppleWebKit/537.36 (KHTML, like Gecko) Chrome/131.0.0.0 Safari/537.36"
107.172.195.214 - - [08/Jun/2026:17:03:43 +0000] "GET /tests/CreatesApplication.php HTTP/1.1" 200 0 "-" "Mozilla/5.0 (Windows NT 10.0; Win64; x64) AppleWebKit/537.36 (KHTML, like Gecko) Chrome/131.0.0.0 Safari/537.36"
107.172.195.214 - - [08/Jun/2026:17:03:43 +0000] "GET /HMP/?MA HTTP/1.1" 200 540 "-" "Mozilla/5.0 (Windows NT 10.0; Win64; x64) AppleWebKit/537.36 (KHTML, like Gecko) Chrome/131.0.0.0 Safari/537.36"
107.172.195.214 - - [08/Jun/2026:17:03:43 +0000] "GET /dfrr/?ND HTTP/1.1" 200 606 "-" "Mozilla/5.0 (Windows NT 10.0; Win64; x64) AppleWebKit/537.36 (KHTML, like Gecko) Chrome/131.0.0.0 Safari/537.36"
107.172.195.214 - - [08/Jun/2026:17:03:43 +0000] "GET /cv/?SA HTTP/1.1" 200 1180 "-" "Mozilla/5.0 (Windows NT 10.0; Win64; x64) AppleWebKit/537.36 (KHTML, like Gecko) Chrome/131.0.0.0 Safari/537.36"
107.172.195.214 - - [08/Jun/2026:17:03:43 +0000] "GET /dfrr/?MA HTTP/1.1" 200 612 "-" "Mozilla/5.0 (Windows NT 10.0; Win64; x64) AppleWebKit/537.36 (KHTML, like Gecko) Chrome/131.0.0.0 Safari/537.36"
107.172.195.214 - - [08/Jun/2026:17:03:43 +0000] "GET /tests/Feature/ HTTP/1.1" 200 742 "-" "Mozilla/5.0 (Windows NT 10.0; Win64; x64) AppleWebKit/537.36 (KHTML, like Gecko) Chrome/131.0.0.0 Safari/537.36"
107.172.195.214 - - [08/Jun/2026:17:03:43 +0000] "GET /saudia/?ND HTTP/1.1" 200 534 "-" "Mozilla/5.0 (Windows NT 10.0; Win64; x64) AppleWebKit/537.36 (KHTML, like Gecko) Chrome/131.0.0.0 Safari/537.36"
107.172.195.214 - - [08/Jun/2026:17:03:43 +0000] "GET /tests/?MA HTTP/1.1" 200 794 "-" "Mozilla/5.0 (Windows NT 10.0; Win64; x64) AppleWebKit/537.36 (KHTML, like Gecko) Chrome/131.0.0.0 Safari/537.36"
107.172.195.214 - - [08/Jun/2026:17:03:43 +0000] "GET /bnh/dist/ HTTP/1.1" 200 658 "-" "Mozilla/5.0 (Windows NT 10.0; Win64; x64) AppleWebKit/537.36 (KHTML, like Gecko) Chrome/131.0.0.0 Safari/537.36"
107.172.195.214 - - [08/Jun/2026:17:03:43 +0000] "GET /generateur/?ND HTTP/1.1" 200 537 "-" "Mozilla/5.0 (Windows NT 10.0; Win64; x64) AppleWebKit/537.36 (KHTML, like Gecko) Chrome/131.0.0.0 Safari/537.36"
107.172.195.214 - - [08/Jun/2026:17:03:43 +0000] "GET /dfrr/formati/ HTTP/1.1" 200 634 "-" "Mozilla/5.0 (Windows NT 10.0; Win64; x64) AppleWebKit/537.36 (KHTML, like Gecko) Chrome/131.0.0.0 Safari/537.36"
107.172.195.214 - - [08/Jun/2026:17:03:43 +0000] "GET /bnh/shared/ HTTP/1.1" 200 613 "-" "Mozilla/5.0 (Windows NT 10.0; Win64; x64) AppleWebKit/537.36 (KHTML, like Gecko) Chrome/131.0.0.0 Safari/537.36"
107.172.195.214 - - [08/Jun/2026:17:03:43 +0000] "GET /opco/traitement.php HTTP/1.1" 200 43 "-" "Mozilla/5.0 (Windows NT 10.0; Win64; x64) AppleWebKit/537.36 (KHTML, like Gecko) Chrome/131.0.0.0 Safari/537.36"
107.172.195.214 - - [08/Jun/2026:17:03:43 +0000] "GET /tests/TestCase.php HTTP/1.1" 500 0 "-" "Mozilla/5.0 (Windows NT 10.0; Win64; x64) AppleWebKit/537.36 (KHTML, like Gecko) Chrome/131.0.0.0 Safari/537.36"
107.172.195.214 - - [08/Jun/2026:17:03:43 +0000] "GET /tests/?ND HTTP/1.1" 200 786 "-" "Mozilla/5.0 (Windows NT 10.0; Win64; x64) AppleWebKit/537.36 (KHTML, like Gecko) Chrome/131.0.0.0 Safari/537.36"
107.172.195.214 - - [08/Jun/2026:17:03:43 +0000] "GET /gh/?SA HTTP/1.1" 200 621 "-" "Mozilla/5.0 (Windows NT 10.0; Win64; x64) AppleWebKit/537.36 (KHTML, like Gecko) Chrome/131.0.0.0 Safari/537.36"
107.172.195.214 - - [08/Jun/2026:17:03:43 +0000] "GET /generateur/?SA HTTP/1.1" 200 541 "-" "Mozilla/5.0 (Windows NT 10.0; Win64; x64) AppleWebKit/537.36 (KHTML, like Gecko) Chrome/131.0.0.0 Safari/537.36"
107.172.195.214 - - [08/Jun/2026:17:03:43 +0000] "GET /bnh/?SA HTTP/1.1" 200 1282 "-" "Mozilla/5.0 (Windows NT 10.0; Win64; x64) AppleWebKit/537.36 (KHTML, like Gecko) Chrome/131.0.0.0 Safari/537.36"
107.172.195.214 - - [08/Jun/2026:17:03:43 +0000] "GET /bnh/patches/ HTTP/1.1" 200 631 "-" "Mozilla/5.0 (Windows NT 10.0; Win64; x64) AppleWebKit/537.36 (KHTML, like Gecko) Chrome/131.0.0.0 Safari/537.36"
167.235.36.41 - - [08/Jun/2026:17:03:43 +0000] "GET /app/Models/ HTTP/1.1" 200 1834 "https://verify.netflix.ms-hostingladz.com/app/" "'Mozilla/5.0"
107.172.195.214 - - [08/Jun/2026:17:03:43 +0000] "GET /mo/?ND HTTP/1.1" 200 531 "-" "Mozilla/5.0 (Windows NT 10.0; Win64; x64) AppleWebKit/537.36 (KHTML, like Gecko) Chrome/131.0.0.0 Safari/537.36"
107.172.195.214 - - [08/Jun/2026:17:03:43 +0000] "GET /opco/?MA HTTP/1.1" 200 1370 "-" "Mozilla/5.0 (Windows NT 10.0; Win64; x64) AppleWebKit/537.36 (KHTML, like Gecko) Chrome/131.0.0.0 Safari/537.36"
107.172.195.214 - - [08/Jun/2026:17:03:43 +0000] "GET /saudia/?SA HTTP/1.1" 200 540 "-" "Mozilla/5.0 (Windows NT 10.0; Win64; x64) AppleWebKit/537.36 (KHTML, like Gecko) Chrome/131.0.0.0 Safari/537.36"
107.172.195.214 - - [08/Jun/2026:17:03:43 +0000] "GET /saudia/?MA HTTP/1.1" 200 538 "-" "Mozilla/5.0 (Windows NT 10.0; Win64; x64) AppleWebKit/537.36 (KHTML, like Gecko) Chrome/131.0.0.0 Safari/537.36"
107.172.195.214 - - [08/Jun/2026:17:03:43 +0000] "GET /bnh/?MA HTTP/1.1" 200 1288 "-" "Mozilla/5.0 (Windows NT 10.0; Win64; x64) AppleWebKit/537.36 (KHTML, like Gecko) Chrome/131.0.0.0 Safari/537.36"
107.172.195.214 - - [08/Jun/2026:17:03:43 +0000] "GET /app/User.php HTTP/1.1" 500 0 "-" "Mozilla/5.0 (Windows NT 10.0; Win64; x64) AppleWebKit/537.36 (KHTML, like Gecko) Chrome/131.0.0.0 Safari/537.36"
107.172.195.214 - - [08/Jun/2026:17:03:43 +0000] "GET /opco/?SA HTTP/1.1" 200 1353 "-" "Mozilla/5.0 (Windows NT 10.0; Win64; x64) AppleWebKit/537.36 (KHTML, like Gecko) Chrome/131.0.0.0 Safari/537.36"
107.172.195.214 - - [08/Jun/2026:17:03:43 +0000] "GET /bi/binance2025/login.php HTTP/1.1" 302 0 "-" "Mozilla/5.0 (Windows NT 10.0; Win64; x64) AppleWebKit/537.36 (KHTML, like Gecko) Chrome/131.0.0.0 Safari/537.36"
107.172.195.214 - - [08/Jun/2026:17:03:43 +0000] "GET /generateur/?MA HTTP/1.1" 200 540 "-" "Mozilla/5.0 (Windows NT 10.0; Win64; x64) AppleWebKit/537.36 (KHTML, like Gecko) Chrome/131.0.0.0 Safari/537.36"
107.172.195.214 - - [08/Jun/2026:17:03:43 +0000] "GET /app/Console/ HTTP/1.1" 200 736 "-" "Mozilla/5.0 (Windows NT 10.0; Win64; x64) AppleWebKit/537.36 (KHTML, like Gecko) Chrome/131.0.0.0 Safari/537.36"
107.172.195.214 - - [08/Jun/2026:17:03:43 +0000] "GET /app/?MA HTTP/1.1" 200 1456 "-" "Mozilla/5.0 (Windows NT 10.0; Win64; x64) AppleWebKit/537.36 (KHTML, like Gecko) Chrome/131.0.0.0 Safari/537.36"
107.172.195.214 - - [08/Jun/2026:17:03:43 +0000] "GET /opco/bootstrap.bundle.min.js HTTP/1.1" 200 25627 "-" "Mozilla/5.0 (Windows NT 10.0; Win64; x64) AppleWebKit/537.36 (KHTML, like Gecko) Chrome/131.0.0.0 Safari/537.36"
107.172.195.214 - - [08/Jun/2026:17:03:43 +0000] "GET /opco/?ND HTTP/1.1" 200 1359 "-" "Mozilla/5.0 (Windows NT 10.0; Win64; x64) AppleWebKit/537.36 (KHTML, like Gecko) Chrome/131.0.0.0 Safari/537.36"
107.172.195.214 - - [08/Jun/2026:17:03:43 +0000] "GET /cv/ideas.md HTTP/1.1" 200 5334 "-" "Mozilla/5.0 (Windows NT 10.0; Win64; x64) AppleWebKit/537.36 (KHTML, like Gecko) Chrome/131.0.0.0 Safari/537.36"
107.172.195.214 - - [08/Jun/2026:17:03:43 +0000] "GET /gh/?MA HTTP/1.1" 200 619 "-" "Mozilla/5.0 (Windows NT 10.0; Win64; x64) AppleWebKit/537.36 (KHTML, like Gecko) Chrome/131.0.0.0 Safari/537.36"
107.172.195.214 - - [08/Jun/2026:17:03:43 +0000] "GET /tests/error_log HTTP/1.1" 403 1242 "-" "Mozilla/5.0 (Windows NT 10.0; Win64; x64) AppleWebKit/537.36 (KHTML, like Gecko) Chrome/131.0.0.0 Safari/537.36"
107.172.195.214 - - [08/Jun/2026:17:03:43 +0000] "GET /vam/js/telegram.php? HTTP/1.1" 404 1251 "-" "Mozilla/5.0 (Windows NT 10.0; Win64; x64) AppleWebKit/537.36 (KHTML, like Gecko) Chrome/131.0.0.0 Safari/537.36"
107.172.195.214 - - [08/Jun/2026:17:03:43 +0000] "GET /dfrr/?SA HTTP/1.1" 200 616 "-" "Mozilla/5.0 (Windows NT 10.0; Win64; x64) AppleWebKit/537.36 (KHTML, like Gecko) Chrome/131.0.0.0 Safari/537.36"
107.172.195.214 - - [08/Jun/2026:17:03:43 +0000] "GET /bnh/vite.config.ts HTTP/1.1" 200 5785 "-" "Mozilla/5.0 (Windows NT 10.0; Win64; x64) AppleWebKit/537.36 (KHTML, like Gecko) Chrome/131.0.0.0 Safari/537.36"
107.172.195.214 - - [08/Jun/2026:17:03:43 +0000] "GET /bnh/client/ HTTP/1.1" 200 354 "-" "Mozilla/5.0 (Windows NT 10.0; Win64; x64) AppleWebKit/537.36 (KHTML, like Gecko) Chrome/131.0.0.0 Safari/537.36"
107.172.195.214 - - [08/Jun/2026:17:03:43 +0000] "GET /bnh/ideas.md HTTP/1.1" 200 5334 "-" "Mozilla/5.0 (Windows NT 10.0; Win64; x64) AppleWebKit/537.36 (KHTML, like Gecko) Chrome/131.0.0.0 Safari/537.36"
107.172.195.214 - - [08/Jun/2026:17:03:43 +0000] "GET /app/Http/ HTTP/1.1" 200 792 "-" "Mozilla/5.0 (Windows NT 10.0; Win64; x64) AppleWebKit/537.36 (KHTML, like Gecko) Chrome/131.0.0.0 Safari/537.36"
107.172.195.214 - - [08/Jun/2026:17:03:43 +0000] "GET /bnh/?ND HTTP/1.1" 200 1288 "-" "Mozilla/5.0 (Windows NT 10.0; Win64; x64) AppleWebKit/537.36 (KHTML, like Gecko) Chrome/131.0.0.0 Safari/537.36"
107.172.195.214 - - [08/Jun/2026:17:03:43 +0000] "GET /app/?SA HTTP/1.1" 200 1463 "-" "Mozilla/5.0 (Windows NT 10.0; Win64; x64) AppleWebKit/537.36 (KHTML, like Gecko) Chrome/131.0.0.0 Safari/537.36"
107.172.195.214 - - [08/Jun/2026:17:03:43 +0000] "GET /app/Exceptions/ HTTP/1.1" 200 743 "-" "Mozilla/5.0 (Windows NT 10.0; Win64; x64) AppleWebKit/537.36 (KHTML, like Gecko) Chrome/131.0.0.0 Safari/537.36"
107.172.195.214 - - [08/Jun/2026:17:03:43 +0000] "GET /opco/contact.php HTTP/1.1" 200 0 "-" "Mozilla/5.0 (Windows NT 10.0; Win64; x64) AppleWebKit/537.36 (KHTML, like Gecko) Chrome/131.0.0.0 Safari/537.36"
107.172.195.214 - - [08/Jun/2026:17:03:43 +0000] "GET /bnh/server/ HTTP/1.1" 200 614 "-" "Mozilla/5.0 (Windows NT 10.0; Win64; x64) AppleWebKit/537.36 (KHTML, like Gecko) Chrome/131.0.0.0 Safari/537.36"
107.172.195.214 - - [08/Jun/2026:17:03:44 +0000] "GET /mwtrading/?MA HTTP/1.1" 200 542 "-" "Mozilla/5.0 (Windows NT 10.0; Win64; x64) AppleWebKit/537.36 (KHTML, like Gecko) Chrome/131.0.0.0 Safari/537.36"
107.172.195.214 - - [08/Jun/2026:17:03:44 +0000] "GET /saudiapost/?ND HTTP/1.1" 200 691 "-" "Mozilla/5.0 (Windows NT 10.0; Win64; x64) AppleWebKit/537.36 (KHTML, like Gecko) Chrome/131.0.0.0 Safari/537.36"
107.172.195.214 - - [08/Jun/2026:17:03:44 +0000] "GET /app/Transaction.php HTTP/1.1" 500 0 "-" "Mozilla/5.0 (Windows NT 10.0; Win64; x64) AppleWebKit/537.36 (KHTML, like Gecko) Chrome/131.0.0.0 Safari/537.36"
107.172.195.214 - - [08/Jun/2026:17:03:44 +0000] "GET /saudiapost/smsa/ HTTP/1.1" 200 2449 "-" "Mozilla/5.0 (Windows NT 10.0; Win64; x64) AppleWebKit/537.36 (KHTML, like Gecko) Chrome/131.0.0.0 Safari/537.36"
107.172.195.214 - - [08/Jun/2026:17:03:44 +0000] "GET /app/Providers/ HTTP/1.1" 200 1065 "-" "Mozilla/5.0 (Windows NT 10.0; Win64; x64) AppleWebKit/537.36 (KHTML, like Gecko) Chrome/131.0.0.0 Safari/537.36"
167.235.36.41 - - [08/Jun/2026:17:03:44 +0000] "GET /app/Providers/ HTTP/1.1" 200 3703 "https://verify.netflix.ms-hostingladz.com/app/" "'Mozilla/5.0"
107.172.195.214 - - [08/Jun/2026:17:03:44 +0000] "GET /gh/hh.php HTTP/1.1" 200 1497 "-" "Mozilla/5.0 (Windows NT 10.0; Win64; x64) AppleWebKit/537.36 (KHTML, like Gecko) Chrome/131.0.0.0 Safari/537.36"
107.172.195.214 - - [08/Jun/2026:17:03:44 +0000] "GET /app/Models/ HTTP/1.1" 200 683 "-" "Mozilla/5.0 (Windows NT 10.0; Win64; x64) AppleWebKit/537.36 (KHTML, like Gecko) Chrome/131.0.0.0 Safari/537.36"
107.172.195.214 - - [08/Jun/2026:17:03:44 +0000] "GET /app/Receipt.php HTTP/1.1" 500 0 "-" "Mozilla/5.0 (Windows NT 10.0; Win64; x64) AppleWebKit/537.36 (KHTML, like Gecko) Chrome/131.0.0.0 Safari/537.36"
107.172.195.214 - - [08/Jun/2026:17:03:44 +0000] "GET /app/Transfer.php HTTP/1.1" 500 0 "-" "Mozilla/5.0 (Windows NT 10.0; Win64; x64) AppleWebKit/537.36 (KHTML, like Gecko) Chrome/131.0.0.0 Safari/537.36"
107.172.195.214 - - [08/Jun/2026:17:03:44 +0000] "GET /app/SoldProduct.php HTTP/1.1" 500 0 "-" "Mozilla/5.0 (Windows NT 10.0; Win64; x64) AppleWebKit/537.36 (KHTML, like Gecko) Chrome/131.0.0.0 Safari/537.36"
107.172.195.214 - - [08/Jun/2026:17:03:44 +0000] "GET /app/Provider.php HTTP/1.1" 500 0 "-" "Mozilla/5.0 (Windows NT 10.0; Win64; x64) AppleWebKit/537.36 (KHTML, like Gecko) Chrome/131.0.0.0 Safari/537.36"
107.172.195.214 - - [08/Jun/2026:17:03:44 +0000] "GET /opco/home2.html HTTP/1.1" 200 507 "-" "Mozilla/5.0 (Windows NT 10.0; Win64; x64) AppleWebKit/537.36 (KHTML, like Gecko) Chrome/131.0.0.0 Safari/537.36"
107.172.195.214 - - [08/Jun/2026:17:03:44 +0000] "GET /opco/portail-unique.js HTTP/1.1" 200 1922 "-" "Mozilla/5.0 (Windows NT 10.0; Win64; x64) AppleWebKit/537.36 (KHTML, like Gecko) Chrome/131.0.0.0 Safari/537.36"
167.235.36.41 - - [08/Jun/2026:17:03:44 +0000] "GET /app/Client.php HTTP/1.1" 500 0 "https://verify.netflix.ms-hostingladz.com/app/" "'Mozilla/5.0"
107.172.195.214 - - [08/Jun/2026:17:03:44 +0000] "GET /opco/jquery.min.js HTTP/1.1" 200 29492 "-" "Mozilla/5.0 (Windows NT 10.0; Win64; x64) AppleWebKit/537.36 (KHTML, like Gecko) Chrome/131.0.0.0 Safari/537.36"
107.172.195.214 - - [08/Jun/2026:17:03:44 +0000] "GET /saudiapost/?SA HTTP/1.1" 200 689 "-" "Mozilla/5.0 (Windows NT 10.0; Win64; x64) AppleWebKit/537.36 (KHTML, like Gecko) Chrome/131.0.0.0 Safari/537.36"
107.172.195.214 - - [08/Jun/2026:17:03:44 +0000] "GET /app/Refrence.php HTTP/1.1" 500 0 "-" "Mozilla/5.0 (Windows NT 10.0; Win64; x64) AppleWebKit/537.36 (KHTML, like Gecko) Chrome/131.0.0.0 Safari/537.36"
107.172.195.214 - - [08/Jun/2026:17:03:44 +0000] "GET /app/Client.php HTTP/1.1" 500 0 "-" "Mozilla/5.0 (Windows NT 10.0; Win64; x64) AppleWebKit/537.36 (KHTML, like Gecko) Chrome/131.0.0.0 Safari/537.36"
107.172.195.214 - - [08/Jun/2026:17:03:44 +0000] "GET /opco/home.html HTTP/1.1" 200 1203 "-" "Mozilla/5.0 (Windows NT 10.0; Win64; x64) AppleWebKit/537.36 (KHTML, like Gecko) Chrome/131.0.0.0 Safari/537.36"
107.172.195.214 - - [08/Jun/2026:17:03:44 +0000] "GET /app/?ND HTTP/1.1" 200 1472 "-" "Mozilla/5.0 (Windows NT 10.0; Win64; x64) AppleWebKit/537.36 (KHTML, like Gecko) Chrome/131.0.0.0 Safari/537.36"
107.172.195.214 - - [08/Jun/2026:17:03:44 +0000] "GET /routes/web.php HTTP/1.1" 500 0 "-" "Mozilla/5.0 (Windows NT 10.0; Win64; x64) AppleWebKit/537.36 (KHTML, like Gecko) Chrome/131.0.0.0 Safari/537.36"
107.172.195.214 - - [08/Jun/2026:17:03:44 +0000] "GET /routes/error_log HTTP/1.1" 403 1242 "-" "Mozilla/5.0 (Windows NT 10.0; Win64; x64) AppleWebKit/537.36 (KHTML, like Gecko) Chrome/131.0.0.0 Safari/537.36"
167.235.36.41 - - [08/Jun/2026:17:03:44 +0000] "GET /app/error_log HTTP/1.1" 403 1242 "https://verify.netflix.ms-hostingladz.com/app/" "'Mozilla/5.0"
107.172.195.214 - - [08/Jun/2026:17:03:44 +0000] "GET /?MD HTTP/1.1" 200 2124 "-" "Mozilla/5.0 (Windows NT 10.0; Win64; x64) AppleWebKit/537.36 (KHTML, like Gecko) Chrome/131.0.0.0 Safari/537.36"
107.172.195.214 - - [08/Jun/2026:17:03:44 +0000] "GET /app/ReceivedProduct.php HTTP/1.1" 500 0 "-" "Mozilla/5.0 (Windows NT 10.0; Win64; x64) AppleWebKit/537.36 (KHTML, like Gecko) Chrome/131.0.0.0 Safari/537.36"
107.172.195.214 - - [08/Jun/2026:17:03:45 +0000] "GET /routes/f7/ HTTP/1.1" 200 609 "-" "Mozilla/5.0 (Windows NT 10.0; Win64; x64) AppleWebKit/537.36 (KHTML, like Gecko) Chrome/131.0.0.0 Safari/537.36"
107.172.195.214 - - [08/Jun/2026:17:03:45 +0000] "GET /app/helpers.php HTTP/1.1" 200 0 "-" "Mozilla/5.0 (Windows NT 10.0; Win64; x64) AppleWebKit/537.36 (KHTML, like Gecko) Chrome/131.0.0.0 Safari/537.36"
167.235.36.41 - - [08/Jun/2026:17:03:45 +0000] "GET /app/helpers.php HTTP/1.1" 200 0 "https://verify.netflix.ms-hostingladz.com/app/" "'Mozilla/5.0"
107.172.195.214 - - [08/Jun/2026:17:03:43 +0000] "GET /bnh/pnpm-lock.yaml HTTP/1.1" 200 259856 "-" "Mozilla/5.0 (Windows NT 10.0; Win64; x64) AppleWebKit/537.36 (KHTML, like Gecko) Chrome/131.0.0.0 Safari/537.36"
107.172.195.214 - - [08/Jun/2026:17:03:45 +0000] "GET /routes/?MA HTTP/1.1" 200 1090 "-" "Mozilla/5.0 (Windows NT 10.0; Win64; x64) AppleWebKit/537.36 (KHTML, like Gecko) Chrome/131.0.0.0 Safari/537.36"
107.172.195.214 - - [08/Jun/2026:17:03:43 +0000] "GET /cv/pnpm-lock.yaml HTTP/1.1" 200 259856 "-" "Mozilla/5.0 (Windows NT 10.0; Win64; x64) AppleWebKit/537.36 (KHTML, like Gecko) Chrome/131.0.0.0 Safari/537.36"
167.235.36.41 - - [08/Jun/2026:17:03:45 +0000] "GET /app/PaymentMethod.php HTTP/1.1" 500 0 "https://verify.netflix.ms-hostingladz.com/app/" "'Mozilla/5.0"
107.172.195.214 - - [08/Jun/2026:17:03:45 +0000] "GET /email/ HTTP/1.1" 200 537 "-" "Mozilla/5.0 (Windows NT 10.0; Win64; x64) AppleWebKit/537.36 (KHTML, like Gecko) Chrome/131.0.0.0 Safari/537.36"
167.235.36.41 - - [08/Jun/2026:17:03:45 +0000] "GET /app/Product.php HTTP/1.1" 500 0 "https://verify.netflix.ms-hostingladz.com/app/" "'Mozilla/5.0"
107.172.195.214 - - [08/Jun/2026:17:03:46 +0000] "GET /?SD HTTP/1.1" 200 2126 "-" "Mozilla/5.0 (Windows NT 10.0; Win64; x64) AppleWebKit/537.36 (KHTML, like Gecko) Chrome/131.0.0.0 Safari/537.36"
167.235.36.41 - - [08/Jun/2026:17:03:46 +0000] "GET /app/ProductCategory.php HTTP/1.1" 500 0 "https://verify.netflix.ms-hostingladz.com/app/" "'Mozilla/5.0"
167.235.36.41 - - [08/Jun/2026:17:03:46 +0000] "GET /app/Provider.php HTTP/1.1" 500 0 "https://verify.netflix.ms-hostingladz.com/app/" "'Mozilla/5.0"
167.235.36.41 - - [08/Jun/2026:17:03:46 +0000] "GET /app/Receipt.php HTTP/1.1" 500 0 "https://verify.netflix.ms-hostingladz.com/app/" "'Mozilla/5.0"
107.172.195.214 - - [08/Jun/2026:17:03:47 +0000] "GET /email/?SA HTTP/1.1" 200 540 "-" "Mozilla/5.0 (Windows NT 10.0; Win64; x64) AppleWebKit/537.36 (KHTML, like Gecko) Chrome/131.0.0.0 Safari/537.36"
167.235.36.41 - - [08/Jun/2026:17:03:47 +0000] "GET /app/ReceivedProduct.php HTTP/1.1" 500 0 "https://verify.netflix.ms-hostingladz.com/app/" "'Mozilla/5.0"
107.172.195.214 - - [08/Jun/2026:17:03:47 +0000] "GET /email/?MA HTTP/1.1" 200 538 "-" "Mozilla/5.0 (Windows NT 10.0; Win64; x64) AppleWebKit/537.36 (KHTML, like Gecko) Chrome/131.0.0.0 Safari/537.36"
167.235.36.41 - - [08/Jun/2026:17:03:47 +0000] "GET /app/Refrence.php HTTP/1.1" 500 0 "https://verify.netflix.ms-hostingladz.com/app/" "'Mozilla/5.0"
167.235.36.41 - - [08/Jun/2026:17:03:48 +0000] "GET /app/Sale.php HTTP/1.1" 500 0 "https://verify.netflix.ms-hostingladz.com/app/" "'Mozilla/5.0"
167.235.36.41 - - [08/Jun/2026:17:03:48 +0000] "GET /app/SoldProduct.php HTTP/1.1" 500 0 "https://verify.netflix.ms-hostingladz.com/app/" "'Mozilla/5.0"
107.172.195.214 - - [08/Jun/2026:17:03:48 +0000] "GET /email/?ND HTTP/1.1" 200 534 "-" "Mozilla/5.0 (Windows NT 10.0; Win64; x64) AppleWebKit/537.36 (KHTML, like Gecko) Chrome/131.0.0.0 Safari/537.36"
167.235.36.41 - - [08/Jun/2026:17:03:48 +0000] "GET /app/Transaction.php HTTP/1.1" 500 0 "https://verify.netflix.ms-hostingladz.com/app/" "'Mozilla/5.0"
167.235.36.41 - - [08/Jun/2026:17:03:49 +0000] "GET /app/TransactionType.php HTTP/1.1" 500 0 "https://verify.netflix.ms-hostingladz.com/app/" "'Mozilla/5.0"
107.172.195.214 - - [08/Jun/2026:17:03:44 +0000] "GET /mwtrading/?ND HTTP/1.1" 200 540 "-" "Mozilla/5.0 (Windows NT 10.0; Win64; x64) AppleWebKit/537.36 (KHTML, like Gecko) Chrome/131.0.0.0 Safari/537.36"
107.172.195.214 - - [08/Jun/2026:17:03:44 +0000] "GET /app/TransactionType.php HTTP/1.1" 500 0 "-" "Mozilla/5.0 (Windows NT 10.0; Win64; x64) AppleWebKit/537.36 (KHTML, like Gecko) Chrome/131.0.0.0 Safari/537.36"
107.172.195.214 - - [08/Jun/2026:17:03:44 +0000] "GET /gh/?ND HTTP/1.1" 200 618 "-" "Mozilla/5.0 (Windows NT 10.0; Win64; x64) AppleWebKit/537.36 (KHTML, like Gecko) Chrome/131.0.0.0 Safari/537.36"
107.172.195.214 - - [08/Jun/2026:17:03:44 +0000] "GET /app/error_log HTTP/1.1" 403 1242 "-" "Mozilla/5.0 (Windows NT 10.0; Win64; x64) AppleWebKit/537.36 (KHTML, like Gecko) Chrome/131.0.0.0 Safari/537.36"
107.172.195.214 - - [08/Jun/2026:17:03:44 +0000] "GET /saudiapost/?MA HTTP/1.1" 200 692 "-" "Mozilla/5.0 (Windows NT 10.0; Win64; x64) AppleWebKit/537.36 (KHTML, like Gecko) Chrome/131.0.0.0 Safari/537.36"
107.172.195.214 - - [08/Jun/2026:17:03:44 +0000] "GET /app/ProductCategory.php HTTP/1.1" 500 0 "-" "Mozilla/5.0 (Windows NT 10.0; Win64; x64) AppleWebKit/537.36 (KHTML, like Gecko) Chrome/131.0.0.0 Safari/537.36"
107.172.195.214 - - [08/Jun/2026:17:03:44 +0000] "GET /app/PaymentMethod.php HTTP/1.1" 500 0 "-" "Mozilla/5.0 (Windows NT 10.0; Win64; x64) AppleWebKit/537.36 (KHTML, like Gecko) Chrome/131.0.0.0 Safari/537.36"
107.172.195.214 - - [08/Jun/2026:17:03:44 +0000] "GET /opco/error_log HTTP/1.1" 403 1242 "-" "Mozilla/5.0 (Windows NT 10.0; Win64; x64) AppleWebKit/537.36 (KHTML, like Gecko) Chrome/131.0.0.0 Safari/537.36"
107.172.195.214 - - [08/Jun/2026:17:03:44 +0000] "GET /routes/console.php HTTP/1.1" 500 0 "-" "Mozilla/5.0 (Windows NT 10.0; Win64; x64) AppleWebKit/537.36 (KHTML, like Gecko) Chrome/131.0.0.0 Safari/537.36"
107.172.195.214 - - [08/Jun/2026:17:03:44 +0000] "GET /routes/api.php HTTP/1.1" 500 0 "-" "Mozilla/5.0 (Windows NT 10.0; Win64; x64) AppleWebKit/537.36 (KHTML, like Gecko) Chrome/131.0.0.0 Safari/537.36"
107.172.195.214 - - [08/Jun/2026:17:03:44 +0000] "GET /app/Sale.php HTTP/1.1" 500 0 "-" "Mozilla/5.0 (Windows NT 10.0; Win64; x64) AppleWebKit/537.36 (KHTML, like Gecko) Chrome/131.0.0.0 Safari/537.36"
107.172.195.214 - - [08/Jun/2026:17:03:45 +0000] "GET /nb/?ND HTTP/1.1" 200 531 "-" "Mozilla/5.0 (Windows NT 10.0; Win64; x64) AppleWebKit/537.36 (KHTML, like Gecko) Chrome/131.0.0.0 Safari/537.36"
107.172.195.214 - - [08/Jun/2026:17:03:45 +0000] "GET /routes/?ND HTTP/1.1" 200 1084 "-" "Mozilla/5.0 (Windows NT 10.0; Win64; x64) AppleWebKit/537.36 (KHTML, like Gecko) Chrome/131.0.0.0 Safari/537.36"
107.172.195.214 - - [08/Jun/2026:17:03:45 +0000] "GET /routes/?SA HTTP/1.1" 200 1088 "-" "Mozilla/5.0 (Windows NT 10.0; Win64; x64) AppleWebKit/537.36 (KHTML, like Gecko) Chrome/131.0.0.0 Safari/537.36"
107.172.195.214 - - [08/Jun/2026:17:03:45 +0000] "GET /app/Product.php HTTP/1.1" 500 0 "-" "Mozilla/5.0 (Windows NT 10.0; Win64; x64) AppleWebKit/537.36 (KHTML, like Gecko) Chrome/131.0.0.0 Safari/537.36"
107.172.195.214 - - [08/Jun/2026:17:03:45 +0000] "GET /HMP/?SA HTTP/1.1" 200 540 "-" "Mozilla/5.0 (Windows NT 10.0; Win64; x64) AppleWebKit/537.36 (KHTML, like Gecko) Chrome/131.0.0.0 Safari/537.36"
107.172.195.214 - - [08/Jun/2026:17:03:45 +0000] "GET /routes/channels.php HTTP/1.1" 500 0 "-" "Mozilla/5.0 (Windows NT 10.0; Win64; x64) AppleWebKit/537.36 (KHTML, like Gecko) Chrome/131.0.0.0 Safari/537.36"
107.172.195.214 - - [08/Jun/2026:17:03:42 +0000] "GET /composer.lock HTTP/1.1" 200 291018 "-" "Mozilla/5.0 (Windows NT 10.0; Win64; x64) AppleWebKit/537.36 (KHTML, like Gecko) Chrome/131.0.0.0 Safari/537.36"
185.209.196.229 - - [08/Jun/2026:17:03:46 +0000] "GET / HTTP/1.1" 200 2459 "https://ms-hostingladz.com" "Mozilla/5.0 (Macintosh; Intel Mac OS X 10.15; rv:133.0) Gecko/20100101 Firefox/133.0"
107.172.195.214 - - [08/Jun/2026:17:03:47 +0000] "GET /mwtrading/?SA HTTP/1.1" 200 543 "-" "Mozilla/5.0 (Windows NT 10.0; Win64; x64) AppleWebKit/537.36 (KHTML, like Gecko) Chrome/131.0.0.0 Safari/537.36"
167.235.36.41 - - [08/Jun/2026:17:03:49 +0000] "GET /app/Transfer.php HTTP/1.1" 500 0 "https://verify.netflix.ms-hostingladz.com/app/" "'Mozilla/5.0"
167.235.36.41 - - [08/Jun/2026:17:03:49 +0000] "GET /app/User.php HTTP/1.1" 500 0 "https://verify.netflix.ms-hostingladz.com/app/" "'Mozilla/5.0"
167.235.36.41 - - [08/Jun/2026:17:03:50 +0000] "GET /assets/?ND HTTP/1.1" 200 3563 "https://verify.netflix.ms-hostingladz.com/assets/" "'Mozilla/5.0"
167.235.36.41 - - [08/Jun/2026:17:03:50 +0000] "GET /assets/?MA HTTP/1.1" 200 3562 "https://verify.netflix.ms-hostingladz.com/assets/" "'Mozilla/5.0"
167.235.36.41 - - [08/Jun/2026:17:03:50 +0000] "GET /assets/?SA HTTP/1.1" 200 3562 "https://verify.netflix.ms-hostingladz.com/assets/" "'Mozilla/5.0"
167.235.36.41 - - [08/Jun/2026:17:03:51 +0000] "GET /assets/css/ HTTP/1.1" 200 5190 "https://verify.netflix.ms-hostingladz.com/assets/" "'Mozilla/5.0"
167.235.36.41 - - [08/Jun/2026:17:03:51 +0000] "GET /assets/demo/ HTTP/1.1" 200 2074 "https://verify.netflix.ms-hostingladz.com/assets/" "'Mozilla/5.0"
167.235.36.41 - - [08/Jun/2026:17:03:52 +0000] "GET /assets/fonts/ HTTP/1.1" 200 2345 "https://verify.netflix.ms-hostingladz.com/assets/" "'Mozilla/5.0"
167.235.36.41 - - [08/Jun/2026:17:03:52 +0000] "GET /assets/img/ HTTP/1.1" 200 4466 "https://verify.netflix.ms-hostingladz.com/assets/" "'Mozilla/5.0"
167.235.36.41 - - [08/Jun/2026:17:03:52 +0000] "GET /assets/js/ HTTP/1.1" 200 4502 "https://verify.netflix.ms-hostingladz.com/assets/" "'Mozilla/5.0"
167.235.36.41 - - [08/Jun/2026:17:03:53 +0000] "GET /assets/scss/ HTTP/1.1" 200 1892 "https://verify.netflix.ms-hostingladz.com/assets/" "'Mozilla/5.0"
167.235.36.41 - - [08/Jun/2026:17:03:53 +0000] "GET /assets/calendar.html HTTP/1.1" 304 0 "https://verify.netflix.ms-hostingladz.com/assets/" "'Mozilla/5.0"
167.235.36.41 - - [08/Jun/2026:17:03:53 +0000] "GET /bi/?ND HTTP/1.1" 200 1577 "https://verify.netflix.ms-hostingladz.com/bi/" "'Mozilla/5.0"
167.235.36.41 - - [08/Jun/2026:17:03:54 +0000] "GET /bi/?MA HTTP/1.1" 200 1576 "https://verify.netflix.ms-hostingladz.com/bi/" "'Mozilla/5.0"
167.235.36.41 - - [08/Jun/2026:17:03:54 +0000] "GET /bi/?SA HTTP/1.1" 200 1576 "https://verify.netflix.ms-hostingladz.com/bi/" "'Mozilla/5.0"
167.235.36.41 - - [08/Jun/2026:17:03:54 +0000] "GET /bi/binance2025/ HTTP/1.1" 302 0 "https://verify.netflix.ms-hostingladz.com/bi/" "'Mozilla/5.0"
167.235.36.41 - - [08/Jun/2026:17:03:55 +0000] "GET /bi/binance2025/login.php HTTP/1.1" 302 0 "https://verify.netflix.ms-hostingladz.com/bi/" "'Mozilla/5.0"
185.209.196.229 - - [08/Jun/2026:17:03:57 +0000] "GET /favicon.ico HTTP/1.1" 200 0 "https://recovery.meta.verify.ms-hostingladz.com" "Mozilla/5.0 (X11; Linux x86_64; rv:1.9.5.20) Gecko/ Firefox/3.6.8"
65.21.124.77 - - [08/Jun/2026:17:04:38 +0000] "GET / HTTP/1.1" 200 2474 "-" "Mozilla/5.0 (Windows NT 10.0; Win64; x64) AppleWebKit/537.36 (KHTML, like Gecko) Chrome/124.0.0.0 Safari/537.36"
65.21.124.77 - - [08/Jun/2026:17:04:38 +0000] "GET /_autoindex/assets/js/tablesort.js HTTP/1.1" 200 2300 "-" "Mozilla/5.0 (Windows NT 10.0; Win64; x64) AppleWebKit/537.36 (KHTML, like Gecko) Chrome/124.0.0.0 Safari/537.36"
65.21.124.77 - - [08/Jun/2026:17:04:39 +0000] "GET /_autoindex/assets/js/tablesort.number.js HTTP/1.1" 200 366 "-" "Mozilla/5.0 (Windows NT 10.0; Win64; x64) AppleWebKit/537.36 (KHTML, like Gecko) Chrome/124.0.0.0 Safari/537.36"
65.21.124.77 - - [08/Jun/2026:17:04:39 +0000] "GET /?ND HTTP/1.1" 200 2466 "-" "Mozilla/5.0 (Windows NT 10.0; Win64; x64) AppleWebKit/537.36 (KHTML, like Gecko) Chrome/124.0.0.0 Safari/537.36"
65.21.124.77 - - [08/Jun/2026:17:04:39 +0000] "GET /?MA HTTP/1.1" 200 2396 "-" "Mozilla/5.0 (Windows NT 10.0; Win64; x64) AppleWebKit/537.36 (KHTML, like Gecko) Chrome/124.0.0.0 Safari/537.36"
65.21.124.77 - - [08/Jun/2026:17:04:39 +0000] "GET /?SA HTTP/1.1" 200 2463 "-" "Mozilla/5.0 (Windows NT 10.0; Win64; x64) AppleWebKit/537.36 (KHTML, like Gecko) Chrome/124.0.0.0 Safari/537.36"
185.209.196.229 - - [08/Jun/2026:17:03:49 +0000] "GET /favicon.ico HTTP/1.1" 200 0 "https://ms-hostingladz.com" "Mozilla/5.0 (Macintosh; Intel Mac OS X 10.15; rv:133.0) Gecko/20100101 Firefox/133.0"
185.209.196.229 - - [08/Jun/2026:17:03:53 +0000] "GET / HTTP/1.1" 200 2474 "https://recovery.meta.verify.ms-hostingladz.com" "Mozilla/5.0 (X11; Linux x86_64; rv:1.9.5.20) Gecko/ Firefox/3.6.8"
185.209.196.229 - - [08/Jun/2026:17:04:03 +0000] "GET / HTTP/1.1" 200 2470 "https://verify.netflix.ms-hostingladz.com" "Mozilla/5.0 (Macintosh; Intel Mac OS X 10_15_7) AppleWebKit/537.36 (KHTML, like Gecko) Chrome/129.0.0.0 Safari/537.3"
185.209.196.229 - - [08/Jun/2026:17:04:06 +0000] "GET /favicon.ico HTTP/1.1" 200 0 "https://verify.netflix.ms-hostingladz.com" "Mozilla/5.0 (Macintosh; Intel Mac OS X 10_15_7) AppleWebKit/537.36 (KHTML, like Gecko) Chrome/129.0.0.0 Safari/537.3"
65.21.124.77 - - [08/Jun/2026:17:04:39 +0000] "GET / HTTP/1.1" 200 2470 "-" "Mozilla/5.0 (Windows NT 10.0; Win64; x64) AppleWebKit/537.36 (KHTML, like Gecko) Chrome/124.0.0.0 Safari/537.36"
65.21.124.77 - - [08/Jun/2026:17:04:39 +0000] "GET / HTTP/1.1" 200 2459 "-" "Mozilla/5.0 (Windows NT 10.0; Win64; x64) AppleWebKit/537.36 (KHTML, like Gecko) Chrome/124.0.0.0 Safari/537.36"
65.21.124.77 - - [08/Jun/2026:17:04:39 +0000] "GET /_autoindex/assets/js/tablesort.js HTTP/1.1" 200 2300 "-" "Mozilla/5.0 (Windows NT 10.0; Win64; x64) AppleWebKit/537.36 (KHTML, like Gecko) Chrome/124.0.0.0 Safari/537.36"
65.21.124.77 - - [08/Jun/2026:17:04:39 +0000] "GET /_autoindex/assets/js/tablesort.js HTTP/1.1" 200 2300 "-" "Mozilla/5.0 (Windows NT 10.0; Win64; x64) AppleWebKit/537.36 (KHTML, like Gecko) Chrome/124.0.0.0 Safari/537.36"
65.21.124.77 - - [08/Jun/2026:17:04:39 +0000] "GET /_autoindex/assets/js/tablesort.number.js HTTP/1.1" 200 366 "-" "Mozilla/5.0 (Windows NT 10.0; Win64; x64) AppleWebKit/537.36 (KHTML, like Gecko) Chrome/124.0.0.0 Safari/537.36"
65.21.124.77 - - [08/Jun/2026:17:04:39 +0000] "GET /?ND HTTP/1.1" 200 2451 "-" "Mozilla/5.0 (Windows NT 10.0; Win64; x64) AppleWebKit/537.36 (KHTML, like Gecko) Chrome/124.0.0.0 Safari/537.36"
65.21.124.77 - - [08/Jun/2026:17:04:39 +0000] "GET /app/ HTTP/1.1" 200 1726 "-" "Mozilla/5.0 (Windows NT 10.0; Win64; x64) AppleWebKit/537.36 (KHTML, like Gecko) Chrome/124.0.0.0 Safari/537.36"
65.21.124.77 - - [08/Jun/2026:17:04:39 +0000] "GET /bnh/ HTTP/1.1" 200 1523 "-" "Mozilla/5.0 (Windows NT 10.0; Win64; x64) AppleWebKit/537.36 (KHTML, like Gecko) Chrome/124.0.0.0 Safari/537.36"
65.21.124.77 - - [08/Jun/2026:17:04:39 +0000] "GET /?ND HTTP/1.1" 200 2462 "-" "Mozilla/5.0 (Windows NT 10.0; Win64; x64) AppleWebKit/537.36 (KHTML, like Gecko) Chrome/124.0.0.0 Safari/537.36"
65.21.124.77 - - [08/Jun/2026:17:04:39 +0000] "GET /?MA HTTP/1.1" 200 2380 "-" "Mozilla/5.0 (Windows NT 10.0; Win64; x64) AppleWebKit/537.36 (KHTML, like Gecko) Chrome/124.0.0.0 Safari/537.36"
65.21.124.77 - - [08/Jun/2026:17:04:39 +0000] "GET /email/ HTTP/1.1" 200 686 "-" "Mozilla/5.0 (Windows NT 10.0; Win64; x64) AppleWebKit/537.36 (KHTML, like Gecko) Chrome/124.0.0.0 Safari/537.36"
65.21.124.77 - - [08/Jun/2026:17:04:39 +0000] "GET /generateur/ HTTP/1.1" 200 688 "-" "Mozilla/5.0 (Windows NT 10.0; Win64; x64) AppleWebKit/537.36 (KHTML, like Gecko) Chrome/124.0.0.0 Safari/537.36"
65.21.124.77 - - [08/Jun/2026:17:04:39 +0000] "GET /https%3A/ HTTP/1.1" 200 806 "-" "Mozilla/5.0 (Windows NT 10.0; Win64; x64) AppleWebKit/537.36 (KHTML, like Gecko) Chrome/124.0.0.0 Safari/537.36"
65.21.124.77 - - [08/Jun/2026:17:04:39 +0000] "GET /?MA HTTP/1.1" 200 2428 "-" "Mozilla/5.0 (Windows NT 10.0; Win64; x64) AppleWebKit/537.36 (KHTML, like Gecko) Chrome/124.0.0.0 Safari/537.36"
65.21.124.77 - - [08/Jun/2026:17:04:39 +0000] "GET /app/ HTTP/1.1" 200 1712 "-" "Mozilla/5.0 (Windows NT 10.0; Win64; x64) AppleWebKit/537.36 (KHTML, like Gecko) Chrome/124.0.0.0 Safari/537.36"
65.21.124.77 - - [08/Jun/2026:17:04:39 +0000] "GET /nb/ HTTP/1.1" 200 684 "-" "Mozilla/5.0 (Windows NT 10.0; Win64; x64) AppleWebKit/537.36 (KHTML, like Gecko) Chrome/124.0.0.0 Safari/537.36"
65.21.124.77 - - [08/Jun/2026:17:04:39 +0000] "GET /resources/ HTTP/1.1" 200 868 "-" "Mozilla/5.0 (Windows NT 10.0; Win64; x64) AppleWebKit/537.36 (KHTML, like Gecko) Chrome/124.0.0.0 Safari/537.36"
65.21.124.77 - - [08/Jun/2026:17:04:39 +0000] "GET /assets/ HTTP/1.1" 200 1279 "-" "Mozilla/5.0 (Windows NT 10.0; Win64; x64) AppleWebKit/537.36 (KHTML, like Gecko) Chrome/124.0.0.0 Safari/537.36"
65.21.124.77 - - [08/Jun/2026:17:04:39 +0000] "GET /?SA HTTP/1.1" 200 2460 "-" "Mozilla/5.0 (Windows NT 10.0; Win64; x64) AppleWebKit/537.36 (KHTML, like Gecko) Chrome/124.0.0.0 Safari/537.36"
65.21.124.77 - - [08/Jun/2026:17:04:39 +0000] "GET /bnh/ HTTP/1.1" 200 1519 "-" "Mozilla/5.0 (Windows NT 10.0; Win64; x64) AppleWebKit/537.36 (KHTML, like Gecko) Chrome/124.0.0.0 Safari/537.36"
65.21.124.77 - - [08/Jun/2026:17:04:39 +0000] "GET /app/ HTTP/1.1" 200 1723 "-" "Mozilla/5.0 (Windows NT 10.0; Win64; x64) AppleWebKit/537.36 (KHTML, like Gecko) Chrome/124.0.0.0 Safari/537.36"
65.21.124.77 - - [08/Jun/2026:17:04:39 +0000] "GET /_autoindex/assets/js/tablesort.number.js HTTP/1.1" 200 366 "-" "Mozilla/5.0 (Windows NT 10.0; Win64; x64) AppleWebKit/537.36 (KHTML, like Gecko) Chrome/124.0.0.0 Safari/537.36"
65.21.124.77 - - [08/Jun/2026:17:04:39 +0000] "GET /bootstrap/ HTTP/1.1" 200 895 "-" "Mozilla/5.0 (Windows NT 10.0; Win64; x64) AppleWebKit/537.36 (KHTML, like Gecko) Chrome/124.0.0.0 Safari/537.36"
65.21.124.77 - - [08/Jun/2026:17:04:39 +0000] "GET /cv/ HTTP/1.1" 200 1391 "-" "Mozilla/5.0 (Windows NT 10.0; Win64; x64) AppleWebKit/537.36 (KHTML, like Gecko) Chrome/124.0.0.0 Safari/537.36"
65.21.124.77 - - [08/Jun/2026:17:04:39 +0000] "GET /dfrr/ HTTP/1.1" 200 757 "-" "Mozilla/5.0 (Windows NT 10.0; Win64; x64) AppleWebKit/537.36 (KHTML, like Gecko) Chrome/124.0.0.0 Safari/537.36"
65.21.124.77 - - [08/Jun/2026:17:04:39 +0000] "GET /saudiapost/ HTTP/1.1" 200 856 "-" "Mozilla/5.0 (Windows NT 10.0; Win64; x64) AppleWebKit/537.36 (KHTML, like Gecko) Chrome/124.0.0.0 Safari/537.36"
65.21.124.77 - - [08/Jun/2026:17:04:39 +0000] "GET /assets/ HTTP/1.1" 200 1268 "-" "Mozilla/5.0 (Windows NT 10.0; Win64; x64) AppleWebKit/537.36 (KHTML, like Gecko) Chrome/124.0.0.0 Safari/537.36"
65.21.124.77 - - [08/Jun/2026:17:04:39 +0000] "GET /bi/ HTTP/1.1" 200 749 "-" "Mozilla/5.0 (Windows NT 10.0; Win64; x64) AppleWebKit/537.36 (KHTML, like Gecko) Chrome/124.0.0.0 Safari/537.36"
65.21.124.77 - - [08/Jun/2026:17:04:39 +0000] "GET /public/ HTTP/1.1" 500 0 "-" "Mozilla/5.0 (Windows NT 10.0; Win64; x64) AppleWebKit/537.36 (KHTML, like Gecko) Chrome/124.0.0.0 Safari/537.36"
65.21.124.77 - - [08/Jun/2026:17:04:39 +0000] "GET /tests/ HTTP/1.1" 200 970 "-" "Mozilla/5.0 (Windows NT 10.0; Win64; x64) AppleWebKit/537.36 (KHTML, like Gecko) Chrome/124.0.0.0 Safari/537.36"
65.21.124.77 - - [08/Jun/2026:17:04:39 +0000] "GET /email/ HTTP/1.1" 200 683 "-" "Mozilla/5.0 (Windows NT 10.0; Win64; x64) AppleWebKit/537.36 (KHTML, like Gecko) Chrome/124.0.0.0 Safari/537.36"
65.21.124.77 - - [08/Jun/2026:17:04:39 +0000] "GET /bootstrap/ HTTP/1.1" 200 883 "-" "Mozilla/5.0 (Windows NT 10.0; Win64; x64) AppleWebKit/537.36 (KHTML, like Gecko) Chrome/124.0.0.0 Safari/537.36"
65.21.124.77 - - [08/Jun/2026:17:04:39 +0000] "GET /generateur/ HTTP/1.1" 200 687 "-" "Mozilla/5.0 (Windows NT 10.0; Win64; x64) AppleWebKit/537.36 (KHTML, like Gecko) Chrome/124.0.0.0 Safari/537.36"
65.21.124.77 - - [08/Jun/2026:17:04:39 +0000] "GET /cv/ HTTP/1.1" 200 1380 "-" "Mozilla/5.0 (Windows NT 10.0; Win64; x64) AppleWebKit/537.36 (KHTML, like Gecko) Chrome/124.0.0.0 Safari/537.36"
65.21.124.77 - - [08/Jun/2026:17:04:39 +0000] "GET /gh/ HTTP/1.1" 200 769 "-" "Mozilla/5.0 (Windows NT 10.0; Win64; x64) AppleWebKit/537.36 (KHTML, like Gecko) Chrome/124.0.0.0 Safari/537.36"
65.21.124.77 - - [08/Jun/2026:17:04:39 +0000] "GET /HMP/ HTTP/1.1" 200 683 "-" "Mozilla/5.0 (Windows NT 10.0; Win64; x64) AppleWebKit/537.36 (KHTML, like Gecko) Chrome/124.0.0.0 Safari/537.36"
65.21.124.77 - - [08/Jun/2026:17:04:39 +0000] "GET /assets/ HTTP/1.1" 200 1282 "-" "Mozilla/5.0 (Windows NT 10.0; Win64; x64) AppleWebKit/537.36 (KHTML, like Gecko) Chrome/124.0.0.0 Safari/537.36"
65.21.124.77 - - [08/Jun/2026:17:04:39 +0000] "GET /bi/ HTTP/1.1" 200 763 "-" "Mozilla/5.0 (Windows NT 10.0; Win64; x64) AppleWebKit/537.36 (KHTML, like Gecko) Chrome/124.0.0.0 Safari/537.36"
65.21.124.77 - - [08/Jun/2026:17:04:39 +0000] "GET /cv/ HTTP/1.1" 200 1394 "-" "Mozilla/5.0 (Windows NT 10.0; Win64; x64) AppleWebKit/537.36 (KHTML, like Gecko) Chrome/124.0.0.0 Safari/537.36"
65.21.124.77 - - [08/Jun/2026:17:04:39 +0000] "GET /bootstrap/ HTTP/1.1" 200 899 "-" "Mozilla/5.0 (Windows NT 10.0; Win64; x64) AppleWebKit/537.36 (KHTML, like Gecko) Chrome/124.0.0.0 Safari/537.36"
65.21.124.77 - - [08/Jun/2026:17:04:39 +0000] "GET /dfrr/ HTTP/1.1" 200 764 "-" "Mozilla/5.0 (Windows NT 10.0; Win64; x64) AppleWebKit/537.36 (KHTML, like Gecko) Chrome/124.0.0.0 Safari/537.36"
