/home2/mshostin/access-logs/ms-hostingladz.com-ssl_log
167.235.36.41 - - [08/Jun/2026:12:08:24 +0000] "GET / HTTP/2" 200 2138 "-" "Mozilla/5.0 (Linux; Android 10; K) AppleWebKit/537.36 (KHTML, like Gecko) Chrome/143.0.0.0 Mobile Safari/537.36"
34.174.183.208 - - [08/Jun/2026:12:08:33 +0000] "GET /wp-json/gravitysmtp/v1/tests/mock-data HTTP/1.1" 404 1251 "-" "Nokia6630/1.0 (2.3.129) SymbianOS/8.0 Series60/2.6 Profile/MIDP-2.0 Configuration/CLDC-1.1"
34.174.183.208 - - [08/Jun/2026:12:08:33 +0000] "GET /wp-json/gravitysmtp/v1/settings HTTP/1.1" 404 1251 "-" "Mozilla/5.0 (X11; U; Linux i686; en-US; rv:1.9a3pre) Gecko/20070330"
167.235.36.41 - - [08/Jun/2026:12:11:45 +0000] "GET / HTTP/2" 200 2106 "-" "Mozilla/5.0 (Linux; Android 10; K) AppleWebKit/537.36 (KHTML, like Gecko) Chrome/143.0.0.0 Mobile Safari/537.36"
167.235.36.41 - - [08/Jun/2026:12:18:27 +0000] "GET / HTTP/2" 200 2138 "-" "Mozilla/5.0 (Linux; Android 10; K) AppleWebKit/537.36 (KHTML, like Gecko) Chrome/143.0.0.0 Mobile Safari/537.36"
85.208.96.204 - - [08/Jun/2026:12:19:48 +0000] "GET /storage/framework/sessions/QqWlhaxAYiCsq4Cdhp9BkLRBxLxlk4fLigmO4BxW HTTP/1.1" 200 305 "-" "Mozilla/5.0 (compatible; SemrushBot/7~bl; +http://www.semrush.com/bot.html)"
167.235.36.41 - - [08/Jun/2026:12:21:49 +0000] "GET / HTTP/2" 200 2138 "-" "Mozilla/5.0 (Linux; Android 10; K) AppleWebKit/537.36 (KHTML, like Gecko) Chrome/143.0.0.0 Mobile Safari/537.36"
167.235.36.41 - - [08/Jun/2026:12:25:10 +0000] "GET / HTTP/2" 200 2138 "-" "Mozilla/5.0 (Linux; Android 10; K) AppleWebKit/537.36 (KHTML, like Gecko) Chrome/143.0.0.0 Mobile Safari/537.36"
84.233.216.247 - - [08/Jun/2026:12:27:34 +0000] "GET /gh/hh.php HTTP/1.1" 200 1762 "-" "Mozilla/5.0 (Linux; Android 10; K) AppleWebKit/537.36 (KHTML, like Gecko) Chrome/142.0.0.0 Mobile Safari/537.36"
91.52.105.50 - - [08/Jun/2026:12:27:34 +0000] "GET /gh/hh.php HTTP/1.1" 200 1762 "-" "Mozilla/5.0 (Linux; Android 10; K) AppleWebKit/537.36 (KHTML, like Gecko) Chrome/142.0.0.0 Mobile Safari/537.36"
167.235.36.41 - - [08/Jun/2026:12:31:52 +0000] "GET / HTTP/2" 200 2138 "-" "Mozilla/5.0 (Linux; Android 10; K) AppleWebKit/537.36 (KHTML, like Gecko) Chrome/143.0.0.0 Mobile Safari/537.36"
167.235.36.41 - - [08/Jun/2026:12:35:13 +0000] "GET / HTTP/2" 200 2138 "-" "Mozilla/5.0 (Linux; Android 10; K) AppleWebKit/537.36 (KHTML, like Gecko) Chrome/143.0.0.0 Mobile Safari/537.36"
138.197.232.85 - - [08/Jun/2026:12:35:50 +0000] "GET /gh/hh.php HTTP/1.1" 200 1762 "-" "Mozilla/5.0 (Linux; arm_64; Android 15; 24116RACCG) AppleWebKit/537.36 (KHTML, like Gecko) Chrome/142.0.7444.108 YaBrowser/25.12.4.108.00 Mobile Safari/537.36"
57.129.137.254 - - [08/Jun/2026:12:36:15 +0000] "GET /gh/ HTTP/1.1" 200 761 "-" "Mozilla/5.0 (Linux; Android 10; K) AppleWebKit/537.36 (KHTML, like Gecko) Chrome/139.0.0.0 Mobile Safari/537.36"
159.223.242.210 - - [08/Jun/2026:12:36:16 +0000] "GET /gh/ HTTP/1.1" 200 761 "-" "Mozilla/5.0 (Linux; Android 10; K) AppleWebKit/537.36 (KHTML, like Gecko) Chrome/139.0.0.0 Mobile Safari/537.36"
209.50.228.92 - - [08/Jun/2026:12:36:16 +0000] "GET /gh/ HTTP/1.1" 200 761 "-" "Mozilla/5.0 (Linux; Android 10; K) AppleWebKit/537.36 (KHTML, like Gecko) Chrome/139.0.0.0 Mobile Safari/537.36"
167.235.36.41 - - [08/Jun/2026:12:41:54 +0000] "GET / HTTP/2" 200 2138 "-" "Mozilla/5.0 (Linux; Android 10; K) AppleWebKit/537.36 (KHTML, like Gecko) Chrome/143.0.0.0 Mobile Safari/537.36"
167.235.36.41 - - [08/Jun/2026:12:48:35 +0000] "GET / HTTP/2" 200 2138 "-" "Mozilla/5.0 (Linux; Android 10; K) AppleWebKit/537.36 (KHTML, like Gecko) Chrome/143.0.0.0 Mobile Safari/537.36"
84.233.216.247 - - [08/Jun/2026:12:56:01 +0000] "GET /gh/hh.php HTTP/1.1" 200 1762 "-" "Mozilla/5.0 (Linux; Android 10; K) AppleWebKit/537.36 (KHTML, like Gecko) Chrome/142.0.0.0 Mobile Safari/537.36"
167.235.36.41 - - [08/Jun/2026:12:58:37 +0000] "GET / HTTP/2" 200 2138 "-" "Mozilla/5.0 (Linux; Android 10; K) AppleWebKit/537.36 (KHTML, like Gecko) Chrome/143.0.0.0 Mobile Safari/537.36"
167.235.36.41 - - [08/Jun/2026:12:05:02 +0000] "GET / HTTP/2" 200 2138 "-" "Mozilla/5.0 (Linux; Android 10; K) AppleWebKit/537.36 (KHTML, like Gecko) Chrome/143.0.0.0 Mobile Safari/537.36"
34.174.183.208 - - [08/Jun/2026:12:08:33 +0000] "GET /wp-json/wp/v2/settings HTTP/1.1" 404 1251 "-" "Mozilla/5.0 (Macintosh; Intel Mac OS X 10_13_3) AppleWebKit/537.36 (KHTML, like Gecko) Chrome/75.0.3770.142 Safari/537.36"
34.174.183.208 - - [08/Jun/2026:12:08:33 +0000] "GET /wp-json/gravitysmtp/v1/config HTTP/1.1" 404 1251 "-" "Mozilla/5.0 (Macintosh; Intel Mac OS X 10_14_3) AppleWebKit/605.1.15 (KHTML, like Gecko) Version/12.0.3 Safari/605.1.15"
34.174.183.208 - - [08/Jun/2026:12:08:34 +0000] "GET /wp-json/gravitysmtp/v1/tests/mock-data?page=gravitysmtp-settings HTTP/1.1" 404 1251 "-" "Mozilla/2.02E (Win95; U)"
167.235.36.41 - - [08/Jun/2026:12:15:06 +0000] "GET / HTTP/2" 200 2138 "-" "Mozilla/5.0 (Linux; Android 10; K) AppleWebKit/537.36 (KHTML, like Gecko) Chrome/143.0.0.0 Mobile Safari/537.36"
46.224.147.152 - - [08/Jun/2026:12:27:33 +0000] "GET /gh/hh.php HTTP/1.1" 200 1762 "-" "Mozilla/5.0 (Linux; Android 10; K) AppleWebKit/537.36 (KHTML, like Gecko) Chrome/142.0.0.0 Mobile Safari/537.36"
135.136.0.115 - - [08/Jun/2026:12:27:33 +0000] "GET /gh/hh.php HTTP/1.1" 200 1762 "-" "Mozilla/5.0 (Linux; Android 10; K) AppleWebKit/537.36 (KHTML, like Gecko) Chrome/142.0.0.0 Mobile Safari/537.36"
167.235.36.41 - - [08/Jun/2026:12:28:31 +0000] "GET / HTTP/2" 200 2106 "-" "Mozilla/5.0 (Linux; Android 10; K) AppleWebKit/537.36 (KHTML, like Gecko) Chrome/143.0.0.0 Mobile Safari/537.36"
145.239.81.102 - - [08/Jun/2026:12:35:49 +0000] "GET /gh/hh.php HTTP/1.1" 200 1762 "-" "Mozilla/5.0 (Linux; arm_64; Android 15; 24116RACCG) AppleWebKit/537.36 (KHTML, like Gecko) Chrome/142.0.7444.108 YaBrowser/25.12.4.108.00 Mobile Safari/537.36"
157.230.71.9 - - [08/Jun/2026:12:35:50 +0000] "GET /gh/hh.php HTTP/1.1" 200 1762 "-" "Mozilla/5.0 (Linux; arm_64; Android 15; 24116RACCG) AppleWebKit/537.36 (KHTML, like Gecko) Chrome/142.0.7444.108 YaBrowser/25.12.4.108.00 Mobile Safari/537.36"
141.227.137.47 - - [08/Jun/2026:12:36:15 +0000] "GET /gh/ HTTP/1.1" 200 761 "-" "Mozilla/5.0 (Linux; Android 10; K) AppleWebKit/537.36 (KHTML, like Gecko) Chrome/139.0.0.0 Mobile Safari/537.36"
167.235.36.41 - - [08/Jun/2026:12:38:33 +0000] "GET / HTTP/2" 200 2138 "-" "Mozilla/5.0 (Linux; Android 10; K) AppleWebKit/537.36 (KHTML, like Gecko) Chrome/143.0.0.0 Mobile Safari/537.36"
167.235.36.41 - - [08/Jun/2026:12:45:14 +0000] "GET / HTTP/2" 200 2138 "-" "Mozilla/5.0 (Linux; Android 10; K) AppleWebKit/537.36 (KHTML, like Gecko) Chrome/143.0.0.0 Mobile Safari/537.36"
167.235.36.41 - - [08/Jun/2026:12:51:56 +0000] "GET / HTTP/2" 200 2106 "-" "Mozilla/5.0 (Linux; Android 10; K) AppleWebKit/537.36 (KHTML, like Gecko) Chrome/143.0.0.0 Mobile Safari/537.36"
167.235.36.41 - - [08/Jun/2026:12:55:17 +0000] "GET / HTTP/2" 200 2138 "-" "Mozilla/5.0 (Linux; Android 10; K) AppleWebKit/537.36 (KHTML, like Gecko) Chrome/143.0.0.0 Mobile Safari/537.36"
135.136.0.115 - - [08/Jun/2026:12:56:01 +0000] "GET /gh/hh.php HTTP/1.1" 200 1762 "-" "Mozilla/5.0 (Linux; Android 10; K) AppleWebKit/537.36 (KHTML, like Gecko) Chrome/142.0.0.0 Mobile Safari/537.36"
46.224.147.152 - - [08/Jun/2026:12:56:03 +0000] "GET /gh/hh.php HTTP/1.1" 200 1762 "-" "Mozilla/5.0 (Linux; Android 10; K) AppleWebKit/537.36 (KHTML, like Gecko) Chrome/142.0.0.0 Mobile Safari/537.36"
91.52.105.50 - - [08/Jun/2026:12:56:05 +0000] "GET /gh/hh.php HTTP/1.1" 200 1762 "-" "Mozilla/5.0 (Linux; Android 10; K) AppleWebKit/537.36 (KHTML, like Gecko) Chrome/142.0.0.0 Mobile Safari/537.36"
167.235.36.41 - - [08/Jun/2026:13:01:58 +0000] "GET / HTTP/2" 200 2138 "-" "Mozilla/5.0 (Linux; Android 10; K) AppleWebKit/537.36 (KHTML, like Gecko) Chrome/143.0.0.0 Mobile Safari/537.36"
141.227.137.47 - - [08/Jun/2026:13:04:19 +0000] "GET /gh/ HTTP/1.1" 200 761 "-" "Mozilla/5.0 (Linux; Android 10; K) AppleWebKit/537.36 (KHTML, like Gecko) Chrome/139.0.0.0 Mobile Safari/537.36"
159.223.242.210 - - [08/Jun/2026:13:04:19 +0000] "GET /gh/ HTTP/1.1" 200 761 "-" "Mozilla/5.0 (Linux; Android 10; K) AppleWebKit/537.36 (KHTML, like Gecko) Chrome/139.0.0.0 Mobile Safari/537.36"
209.50.228.92 - - [08/Jun/2026:13:04:19 +0000] "GET /gh/ HTTP/1.1" 200 761 "-" "Mozilla/5.0 (Linux; Android 10; K) AppleWebKit/537.36 (KHTML, like Gecko) Chrome/139.0.0.0 Mobile Safari/537.36"
57.129.137.254 - - [08/Jun/2026:13:04:20 +0000] "GET /gh/ HTTP/1.1" 200 761 "-" "Mozilla/5.0 (Linux; Android 10; K) AppleWebKit/537.36 (KHTML, like Gecko) Chrome/139.0.0.0 Mobile Safari/537.36"
167.235.36.41 - - [08/Jun/2026:13:05:19 +0000] "GET / HTTP/2" 200 2138 "-" "Mozilla/5.0 (Linux; Android 10; K) AppleWebKit/537.36 (KHTML, like Gecko) Chrome/143.0.0.0 Mobile Safari/537.36"
167.235.36.41 - - [08/Jun/2026:13:22:05 +0000] "GET / HTTP/2" 200 2106 "-" "Mozilla/5.0 (Linux; Android 10; K) AppleWebKit/537.36 (KHTML, like Gecko) Chrome/143.0.0.0 Mobile Safari/537.36"
84.233.216.247 - - [08/Jun/2026:13:25:36 +0000] "GET /gh/hh.php HTTP/1.1" 200 1762 "-" "Mozilla/5.0 (Linux; Android 10; K) AppleWebKit/537.36 (KHTML, like Gecko) Chrome/142.0.0.0 Mobile Safari/537.36"
135.136.0.115 - - [08/Jun/2026:13:25:36 +0000] "GET /gh/hh.php HTTP/1.1" 200 1762 "-" "Mozilla/5.0 (Linux; Android 10; K) AppleWebKit/537.36 (KHTML, like Gecko) Chrome/142.0.0.0 Mobile Safari/537.36"
91.52.105.50 - - [08/Jun/2026:13:25:38 +0000] "GET /gh/hh.php HTTP/1.1" 200 1762 "-" "Mozilla/5.0 (Linux; Android 10; K) AppleWebKit/537.36 (KHTML, like Gecko) Chrome/142.0.0.0 Mobile Safari/537.36"
141.227.137.47 - - [08/Jun/2026:13:32:08 +0000] "GET /gh/ HTTP/1.1" 200 761 "-" "Mozilla/5.0 (Linux; Android 10; K) AppleWebKit/537.36 (KHTML, like Gecko) Chrome/139.0.0.0 Mobile Safari/537.36"
57.129.137.254 - - [08/Jun/2026:13:32:09 +0000] "GET /gh/ HTTP/1.1" 200 761 "-" "Mozilla/5.0 (Linux; Android 10; K) AppleWebKit/537.36 (KHTML, like Gecko) Chrome/139.0.0.0 Mobile Safari/537.36"
157.15.20.92 - - [08/Jun/2026:13:33:12 +0000] "GET /bootstrap/?MD HTTP/1.1" 200 885 "-" "Mozilla/5.0 (Windows NT 6.3; Win64; x64) AppleWebKit/537.36 (KHTML, like Gecko) Chrome/89.0.4389.114 Safari/537.36"
167.235.36.41 - - [08/Jun/2026:13:48:55 +0000] "GET / HTTP/2" 200 2138 "-" "Mozilla/5.0 (Linux; Android 10; K) AppleWebKit/537.36 (KHTML, like Gecko) Chrome/143.0.0.0 Mobile Safari/537.36"
167.235.36.41 - - [08/Jun/2026:13:52:16 +0000] "GET / HTTP/2" 200 2138 "-" "Mozilla/5.0 (Linux; Android 10; K) AppleWebKit/537.36 (KHTML, like Gecko) Chrome/143.0.0.0 Mobile Safari/537.36"
167.235.36.41 - - [08/Jun/2026:13:55:36 +0000] "GET / HTTP/2" 200 2138 "-" "Mozilla/5.0 (Linux; Android 10; K) AppleWebKit/537.36 (KHTML, like Gecko) Chrome/143.0.0.0 Mobile Safari/537.36"
167.235.36.41 - - [08/Jun/2026:13:08:40 +0000] "GET / HTTP/2" 200 2138 "-" "Mozilla/5.0 (Linux; Android 10; K) AppleWebKit/537.36 (KHTML, like Gecko) Chrome/143.0.0.0 Mobile Safari/537.36"
167.235.36.41 - - [08/Jun/2026:13:12:02 +0000] "GET / HTTP/2" 200 2138 "-" "Mozilla/5.0 (Linux; Android 10; K) AppleWebKit/537.36 (KHTML, like Gecko) Chrome/143.0.0.0 Mobile Safari/537.36"
167.235.36.41 - - [08/Jun/2026:13:15:23 +0000] "GET / HTTP/2" 200 2138 "-" "Mozilla/5.0 (Linux; Android 10; K) AppleWebKit/537.36 (KHTML, like Gecko) Chrome/143.0.0.0 Mobile Safari/537.36"
167.235.36.41 - - [08/Jun/2026:13:18:44 +0000] "GET / HTTP/2" 200 2138 "-" "Mozilla/5.0 (Linux; Android 10; K) AppleWebKit/537.36 (KHTML, like Gecko) Chrome/143.0.0.0 Mobile Safari/537.36"
176.65.139.232 - - [08/Jun/2026:13:23:14 +0000] "GET / HTTP/1.1" 200 11311 "-" "Mozilla/5.0 (Windows NT 10.0; Win64; x64) AppleWebKit/537.36 (KHTML, like Gecko) Chrome/147.0.0.0 Safari/537.36"
167.235.36.41 - - [08/Jun/2026:13:25:27 +0000] "GET / HTTP/2" 200 2138 "-" "Mozilla/5.0 (Linux; Android 10; K) AppleWebKit/537.36 (KHTML, like Gecko) Chrome/143.0.0.0 Mobile Safari/537.36"
46.224.147.152 - - [08/Jun/2026:13:25:37 +0000] "GET /gh/hh.php HTTP/1.1" 200 1762 "-" "Mozilla/5.0 (Linux; Android 10; K) AppleWebKit/537.36 (KHTML, like Gecko) Chrome/142.0.0.0 Mobile Safari/537.36"
167.235.36.41 - - [08/Jun/2026:13:28:48 +0000] "GET / HTTP/2" 200 2106 "-" "Mozilla/5.0 (Linux; Android 10; K) AppleWebKit/537.36 (KHTML, like Gecko) Chrome/143.0.0.0 Mobile Safari/537.36"
159.223.242.210 - - [08/Jun/2026:13:32:08 +0000] "GET /gh/ HTTP/1.1" 200 761 "-" "Mozilla/5.0 (Linux; Android 10; K) AppleWebKit/537.36 (KHTML, like Gecko) Chrome/139.0.0.0 Mobile Safari/537.36"
167.235.36.41 - - [08/Jun/2026:13:32:09 +0000] "GET / HTTP/2" 200 2138 "-" "Mozilla/5.0 (Linux; Android 10; K) AppleWebKit/537.36 (KHTML, like Gecko) Chrome/143.0.0.0 Mobile Safari/537.36"
209.50.228.92 - - [08/Jun/2026:13:32:09 +0000] "GET /gh/ HTTP/1.1" 200 761 "-" "Mozilla/5.0 (Linux; Android 10; K) AppleWebKit/537.36 (KHTML, like Gecko) Chrome/139.0.0.0 Mobile Safari/537.36"
167.235.36.41 - - [08/Jun/2026:13:35:30 +0000] "GET / HTTP/2" 200 2138 "-" "Mozilla/5.0 (Linux; Android 10; K) AppleWebKit/537.36 (KHTML, like Gecko) Chrome/143.0.0.0 Mobile Safari/537.36"
51.91.159.157 - - [08/Jun/2026:13:35:32 +0000] "GET /gh/ HTTP/1.1" 200 769 "-" "Mozilla/5.0 (Linux; Android 10; K) AppleWebKit/537.36 (KHTML, like Gecko) Chrome/143.0.0.0 Mobile Safari/537.36"
57.131.13.108 - - [08/Jun/2026:13:35:32 +0000] "GET /gh/ HTTP/1.1" 200 769 "-" "Mozilla/5.0 (Linux; Android 10; K) AppleWebKit/537.36 (KHTML, like Gecko) Chrome/143.0.0.0 Mobile Safari/537.36"
23.82.96.179 - - [08/Jun/2026:13:35:33 +0000] "GET /gh/ HTTP/1.1" 200 769 "-" "Mozilla/5.0 (Linux; Android 10; K) AppleWebKit/537.36 (KHTML, like Gecko) Chrome/143.0.0.0 Mobile Safari/537.36"
167.235.36.41 - - [08/Jun/2026:13:38:51 +0000] "GET / HTTP/2" 200 2138 "-" "Mozilla/5.0 (Linux; Android 10; K) AppleWebKit/537.36 (KHTML, like Gecko) Chrome/143.0.0.0 Mobile Safari/537.36"
167.235.36.41 - - [08/Jun/2026:13:42:11 +0000] "GET / HTTP/2" 200 2106 "-" "Mozilla/5.0 (Linux; Android 10; K) AppleWebKit/537.36 (KHTML, like Gecko) Chrome/143.0.0.0 Mobile Safari/537.36"
167.235.36.41 - - [08/Jun/2026:13:45:33 +0000] "GET / HTTP/2" 200 2138 "-" "Mozilla/5.0 (Linux; Android 10; K) AppleWebKit/537.36 (KHTML, like Gecko) Chrome/143.0.0.0 Mobile Safari/537.36"
167.235.36.41 - - [08/Jun/2026:14:15:44 +0000] "GET / HTTP/2" 200 2138 "-" "Mozilla/5.0 (Linux; Android 10; K) AppleWebKit/537.36 (KHTML, like Gecko) Chrome/143.0.0.0 Mobile Safari/537.36"
135.136.0.115 - - [08/Jun/2026:13:57:43 +0000] "GET /gh/hh.php HTTP/1.1" 200 1762 "-" "Mozilla/5.0 (Linux; Android 10; K) AppleWebKit/537.36 (KHTML, like Gecko) Chrome/142.0.0.0 Mobile Safari/537.36"
167.235.36.41 - - [08/Jun/2026:13:58:57 +0000] "GET / HTTP/2" 200 2138 "-" "Mozilla/5.0 (Linux; Android 10; K) AppleWebKit/537.36 (KHTML, like Gecko) Chrome/143.0.0.0 Mobile Safari/537.36"
209.50.228.92 - - [08/Jun/2026:14:01:49 +0000] "GET /gh/ HTTP/1.1" 200 761 "-" "Mozilla/5.0 (Linux; Android 10; K) AppleWebKit/537.36 (KHTML, like Gecko) Chrome/139.0.0.0 Mobile Safari/537.36"
167.235.36.41 - - [08/Jun/2026:14:05:40 +0000] "GET / HTTP/2" 200 2106 "-" "Mozilla/5.0 (Linux; Android 10; K) AppleWebKit/537.36 (KHTML, like Gecko) Chrome/143.0.0.0 Mobile Safari/537.36"
57.129.134.182 - - [08/Jun/2026:14:09:52 +0000] "GET /gh/hh.php HTTP/2" 200 1762 "-" "Mozilla/5.0 (Macintosh; Intel Mac OS X 10_15_7) AppleWebKit/605.1.15 (KHTML, like Gecko) Version/18.4 Safari/605.1.15"
68.183.245.101 - - [08/Jun/2026:14:09:55 +0000] "GET /gh/hh.php HTTP/2" 200 1762 "-" "Mozilla/5.0 (Macintosh; Intel Mac OS X 10_15_7) AppleWebKit/605.1.15 (KHTML, like Gecko) Version/18.4 Safari/605.1.15"
23.80.89.35 - - [08/Jun/2026:14:09:56 +0000] "GET /gh/hh.php HTTP/2" 200 1762 "-" "Mozilla/5.0 (Macintosh; Intel Mac OS X 10_15_7) AppleWebKit/605.1.15 (KHTML, like Gecko) Version/18.4 Safari/605.1.15"
167.235.36.41 - - [08/Jun/2026:14:12:23 +0000] "GET / HTTP/2" 200 2138 "-" "Mozilla/5.0 (Linux; Android 10; K) AppleWebKit/537.36 (KHTML, like Gecko) Chrome/143.0.0.0 Mobile Safari/537.36"
46.224.147.152 - - [08/Jun/2026:13:57:43 +0000] "GET /gh/hh.php HTTP/1.1" 200 1762 "-" "Mozilla/5.0 (Linux; Android 10; K) AppleWebKit/537.36 (KHTML, like Gecko) Chrome/142.0.0.0 Mobile Safari/537.36"
84.233.216.247 - - [08/Jun/2026:13:57:43 +0000] "GET /gh/hh.php HTTP/1.1" 200 1762 "-" "Mozilla/5.0 (Linux; Android 10; K) AppleWebKit/537.36 (KHTML, like Gecko) Chrome/142.0.0.0 Mobile Safari/537.36"
91.52.105.50 - - [08/Jun/2026:13:57:44 +0000] "GET /gh/hh.php HTTP/1.1" 200 1762 "-" "Mozilla/5.0 (Linux; Android 10; K) AppleWebKit/537.36 (KHTML, like Gecko) Chrome/142.0.0.0 Mobile Safari/537.36"
57.129.137.254 - - [08/Jun/2026:14:01:48 +0000] "GET /gh/ HTTP/1.1" 200 761 "-" "Mozilla/5.0 (Linux; Android 10; K) AppleWebKit/537.36 (KHTML, like Gecko) Chrome/139.0.0.0 Mobile Safari/537.36"
159.223.242.210 - - [08/Jun/2026:14:01:48 +0000] "GET /gh/ HTTP/1.1" 200 761 "-" "Mozilla/5.0 (Linux; Android 10; K) AppleWebKit/537.36 (KHTML, like Gecko) Chrome/139.0.0.0 Mobile Safari/537.36"
141.227.137.47 - - [08/Jun/2026:14:01:49 +0000] "GET /gh/ HTTP/1.1" 200 761 "-" "Mozilla/5.0 (Linux; Android 10; K) AppleWebKit/537.36 (KHTML, like Gecko) Chrome/139.0.0.0 Mobile Safari/537.36"
167.235.36.41 - - [08/Jun/2026:14:02:19 +0000] "GET / HTTP/2" 200 2138 "-" "Mozilla/5.0 (Linux; Android 10; K) AppleWebKit/537.36 (KHTML, like Gecko) Chrome/143.0.0.0 Mobile Safari/537.36"
167.235.36.41 - - [08/Jun/2026:14:09:01 +0000] "GET / HTTP/2" 200 2138 "-" "Mozilla/5.0 (Linux; Android 10; K) AppleWebKit/537.36 (KHTML, like Gecko) Chrome/143.0.0.0 Mobile Safari/537.36"
57.131.13.153 - - [08/Jun/2026:14:09:52 +0000] "GET /gh/hh.php HTTP/2" 200 1762 "-" "Mozilla/5.0 (Macintosh; Intel Mac OS X 10_15_7) AppleWebKit/605.1.15 (KHTML, like Gecko) Version/18.4 Safari/605.1.15"
167.235.36.41 - - [08/Jun/2026:14:22:27 +0000] "GET / HTTP/2" 200 2138 "-" "Mozilla/5.0 (Linux; Android 10; K) AppleWebKit/537.36 (KHTML, like Gecko) Chrome/143.0.0.0 Mobile Safari/537.36"
167.235.36.41 - - [08/Jun/2026:14:19:05 +0000] "GET / HTTP/2" 200 2106 "-" "Mozilla/5.0 (Linux; Android 10; K) AppleWebKit/537.36 (KHTML, like Gecko) Chrome/143.0.0.0 Mobile Safari/537.36"
167.235.36.41 - - [08/Jun/2026:14:25:48 +0000] "GET / HTTP/2" 200 2138 "-" "Mozilla/5.0 (Linux; Android 10; K) AppleWebKit/537.36 (KHTML, like Gecko) Chrome/143.0.0.0 Mobile Safari/537.36"
135.136.0.115 - - [08/Jun/2026:14:26:42 +0000] "GET /gh/hh.php HTTP/1.1" 200 1762 "-" "Mozilla/5.0 (Linux; Android 10; K) AppleWebKit/537.36 (KHTML, like Gecko) Chrome/142.0.0.0 Mobile Safari/537.36"
46.224.147.152 - - [08/Jun/2026:14:26:43 +0000] "GET /gh/hh.php HTTP/1.1" 200 1762 "-" "Mozilla/5.0 (Linux; Android 10; K) AppleWebKit/537.36 (KHTML, like Gecko) Chrome/142.0.0.0 Mobile Safari/537.36"
159.223.242.210 - - [08/Jun/2026:14:34:45 +0000] "GET /gh/ HTTP/1.1" 200 761 "-" "Mozilla/5.0 (Linux; Android 10; K) AppleWebKit/537.36 (KHTML, like Gecko) Chrome/139.0.0.0 Mobile Safari/537.36"
57.129.137.254 - - [08/Jun/2026:14:34:45 +0000] "GET /gh/ HTTP/1.1" 200 761 "-" "Mozilla/5.0 (Linux; Android 10; K) AppleWebKit/537.36 (KHTML, like Gecko) Chrome/139.0.0.0 Mobile Safari/537.36"
141.227.137.47 - - [08/Jun/2026:14:34:45 +0000] "GET /gh/ HTTP/1.1" 200 761 "-" "Mozilla/5.0 (Linux; Android 10; K) AppleWebKit/537.36 (KHTML, like Gecko) Chrome/139.0.0.0 Mobile Safari/537.36"
209.50.228.92 - - [08/Jun/2026:14:34:45 +0000] "GET /gh/ HTTP/1.1" 200 761 "-" "Mozilla/5.0 (Linux; Android 10; K) AppleWebKit/537.36 (KHTML, like Gecko) Chrome/139.0.0.0 Mobile Safari/537.36"
167.235.36.41 - - [08/Jun/2026:14:39:13 +0000] "GET / HTTP/2" 200 2138 "-" "Mozilla/5.0 (Linux; Android 10; K) AppleWebKit/537.36 (KHTML, like Gecko) Chrome/143.0.0.0 Mobile Safari/537.36"
108.181.253.233 - - [08/Jun/2026:14:42:14 +0000] "GET /.env HTTP/1.1" 200 1395 "-" "Mozilla/5.0"
167.235.36.41 - - [08/Jun/2026:14:45:55 +0000] "GET / HTTP/2" 200 2138 "-" "Mozilla/5.0 (Linux; Android 10; K) AppleWebKit/537.36 (KHTML, like Gecko) Chrome/143.0.0.0 Mobile Safari/537.36"
167.235.36.41 - - [08/Jun/2026:14:52:37 +0000] "GET / HTTP/2" 200 2106 "-" "Mozilla/5.0 (Linux; Android 10; K) AppleWebKit/537.36 (KHTML, like Gecko) Chrome/143.0.0.0 Mobile Safari/537.36"
38.248.129.238 - - [08/Jun/2026:14:53:48 +0000] "GET /bnh/ideas.md HTTP/1.1" 200 5334 "-" "Mozilla/5.0 (Windows NT 10.0; WOW64) AppleWebKit/537.36 (KHTML, like Gecko) Chrome/75.0.3770.100 Safari/537.36"
167.235.36.41 - - [08/Jun/2026:14:55:58 +0000] "GET / HTTP/2" 200 2138 "-" "Mozilla/5.0 (Linux; Android 10; K) AppleWebKit/537.36 (KHTML, like Gecko) Chrome/143.0.0.0 Mobile Safari/537.36"
135.136.0.115 - - [08/Jun/2026:14:56:22 +0000] "GET /gh/hh.php HTTP/1.1" 200 1762 "-" "Mozilla/5.0 (Linux; Android 10; K) AppleWebKit/537.36 (KHTML, like Gecko) Chrome/142.0.0.0 Mobile Safari/537.36"
167.235.36.41 - - [08/Jun/2026:14:59:19 +0000] "GET / HTTP/2" 200 2138 "-" "Mozilla/5.0 (Linux; Android 10; K) AppleWebKit/537.36 (KHTML, like Gecko) Chrome/143.0.0.0 Mobile Safari/537.36"
167.235.36.41 - - [08/Jun/2026:15:02:40 +0000] "GET / HTTP/2" 200 2138 "-" "Mozilla/5.0 (Linux; Android 10; K) AppleWebKit/537.36 (KHTML, like Gecko) Chrome/143.0.0.0 Mobile Safari/537.36"
167.235.36.41 - - [08/Jun/2026:15:06:00 +0000] "GET / HTTP/2" 200 2106 "-" "Mozilla/5.0 (Linux; Android 10; K) AppleWebKit/537.36 (KHTML, like Gecko) Chrome/143.0.0.0 Mobile Safari/537.36"
209.50.228.92 - - [08/Jun/2026:15:06:45 +0000] "GET /gh/ HTTP/1.1" 200 761 "-" "Mozilla/5.0 (Linux; Android 10; K) AppleWebKit/537.36 (KHTML, like Gecko) Chrome/139.0.0.0 Mobile Safari/537.36"
57.129.137.254 - - [08/Jun/2026:15:06:46 +0000] "GET /gh/ HTTP/1.1" 200 761 "-" "Mozilla/5.0 (Linux; Android 10; K) AppleWebKit/537.36 (KHTML, like Gecko) Chrome/139.0.0.0 Mobile Safari/537.36"
23.82.96.179 - - [08/Jun/2026:15:07:48 +0000] "GET /gh/ HTTP/2" 200 773 "-" "Mozilla/5.0 (Windows NT 10.0; Win64; x64) AppleWebKit/537.36 (KHTML, like Gecko) Chrome/143.0.0.0 Safari/537.36"
57.131.13.107 - - [08/Jun/2026:15:07:49 +0000] "GET /gh/ HTTP/2" 200 773 "-" "Mozilla/5.0 (Windows NT 10.0; Win64; x64) AppleWebKit/537.36 (KHTML, like Gecko) Chrome/143.0.0.0 Safari/537.36"
167.235.36.41 - - [08/Jun/2026:15:12:42 +0000] "GET / HTTP/2" 200 2138 "-" "Mozilla/5.0 (Linux; Android 10; K) AppleWebKit/537.36 (KHTML, like Gecko) Chrome/143.0.0.0 Mobile Safari/537.36"
84.233.216.247 - - [08/Jun/2026:14:26:43 +0000] "GET /gh/hh.php HTTP/1.1" 200 1762 "-" "Mozilla/5.0 (Linux; Android 10; K) AppleWebKit/537.36 (KHTML, like Gecko) Chrome/142.0.0.0 Mobile Safari/537.36"
91.52.105.50 - - [08/Jun/2026:14:26:45 +0000] "GET /gh/hh.php HTTP/1.1" 200 1762 "-" "Mozilla/5.0 (Linux; Android 10; K) AppleWebKit/537.36 (KHTML, like Gecko) Chrome/142.0.0.0 Mobile Safari/537.36"
167.235.36.41 - - [08/Jun/2026:14:29:09 +0000] "GET / HTTP/2" 200 2138 "-" "Mozilla/5.0 (Linux; Android 10; K) AppleWebKit/537.36 (KHTML, like Gecko) Chrome/143.0.0.0 Mobile Safari/537.36"
167.235.36.41 - - [08/Jun/2026:14:32:30 +0000] "GET / HTTP/2" 200 2138 "-" "Mozilla/5.0 (Linux; Android 10; K) AppleWebKit/537.36 (KHTML, like Gecko) Chrome/143.0.0.0 Mobile Safari/537.36"
167.235.36.41 - - [08/Jun/2026:14:35:52 +0000] "GET / HTTP/2" 200 2138 "-" "Mozilla/5.0 (Linux; Android 10; K) AppleWebKit/537.36 (KHTML, like Gecko) Chrome/143.0.0.0 Mobile Safari/537.36"
167.235.36.41 - - [08/Jun/2026:14:42:34 +0000] "GET / HTTP/2" 200 2138 "-" "Mozilla/5.0 (Linux; Android 10; K) AppleWebKit/537.36 (KHTML, like Gecko) Chrome/143.0.0.0 Mobile Safari/537.36"
108.181.253.233 - - [08/Jun/2026:14:43:01 +0000] "GET /config/.env HTTP/1.1" 404 1251 "-" "Mozilla/5.0"
167.235.36.41 - - [08/Jun/2026:14:49:16 +0000] "GET / HTTP/2" 200 2138 "-" "Mozilla/5.0 (Linux; Android 10; K) AppleWebKit/537.36 (KHTML, like Gecko) Chrome/143.0.0.0 Mobile Safari/537.36"
84.233.216.247 - - [08/Jun/2026:14:56:22 +0000] "GET /gh/hh.php HTTP/1.1" 200 1762 "-" "Mozilla/5.0 (Linux; Android 10; K) AppleWebKit/537.36 (KHTML, like Gecko) Chrome/142.0.0.0 Mobile Safari/537.36"
46.224.147.152 - - [08/Jun/2026:14:56:22 +0000] "GET /gh/hh.php HTTP/1.1" 200 1762 "-" "Mozilla/5.0 (Linux; Android 10; K) AppleWebKit/537.36 (KHTML, like Gecko) Chrome/142.0.0.0 Mobile Safari/537.36"
91.52.105.50 - - [08/Jun/2026:14:56:25 +0000] "GET /gh/hh.php HTTP/1.1" 200 1762 "-" "Mozilla/5.0 (Linux; Android 10; K) AppleWebKit/537.36 (KHTML, like Gecko) Chrome/142.0.0.0 Mobile Safari/537.36"
103.253.244.55 - - [08/Jun/2026:14:56:33 +0000] "GET / HTTP/1.1" 200 2460 "-" "Mozilla/5.0 (X11; Linux x86_64) AppleWebKit/537.36 (KHTML, like Gecko) Chrome/131.0.0.0 Safari/537.36"
141.227.137.47 - - [08/Jun/2026:15:06:44 +0000] "GET /gh/ HTTP/1.1" 200 761 "-" "Mozilla/5.0 (Linux; Android 10; K) AppleWebKit/537.36 (KHTML, like Gecko) Chrome/139.0.0.0 Mobile Safari/537.36"
159.223.242.210 - - [08/Jun/2026:15:06:45 +0000] "GET /gh/ HTTP/1.1" 200 761 "-" "Mozilla/5.0 (Linux; Android 10; K) AppleWebKit/537.36 (KHTML, like Gecko) Chrome/139.0.0.0 Mobile Safari/537.36"
141.227.137.47 - - [08/Jun/2026:15:07:55 +0000] "GET /gh/ HTTP/2" 200 773 "-" "Mozilla/5.0 (Windows NT 10.0; Win64; x64) AppleWebKit/537.36 (KHTML, like Gecko) Chrome/143.0.0.0 Safari/537.36"
167.235.36.41 - - [08/Jun/2026:15:09:21 +0000] "GET / HTTP/2" 200 2138 "-" "Mozilla/5.0 (Linux; Android 10; K) AppleWebKit/537.36 (KHTML, like Gecko) Chrome/143.0.0.0 Mobile Safari/537.36"
170.64.251.156 - - [08/Jun/2026:15:07:49 +0000] "GET /gh/ HTTP/2" 200 773 "-" "Mozilla/5.0 (Windows NT 10.0; Win64; x64) AppleWebKit/537.36 (KHTML, like Gecko) Chrome/143.0.0.0 Safari/537.36"
167.235.36.41 - - [08/Jun/2026:15:16:03 +0000] "GET / HTTP/2" 200 2138 "-" "Mozilla/5.0 (Linux; Android 10; K) AppleWebKit/537.36 (KHTML, like Gecko) Chrome/143.0.0.0 Mobile Safari/537.36"
167.235.36.41 - - [08/Jun/2026:15:19:24 +0000] "GET / HTTP/2" 200 2138 "-" "Mozilla/5.0 (Linux; Android 10; K) AppleWebKit/537.36 (KHTML, like Gecko) Chrome/143.0.0.0 Mobile Safari/537.36"
135.136.0.115 - - [08/Jun/2026:15:27:24 +0000] "GET /gh/hh.php HTTP/1.1" 200 1762 "-" "Mozilla/5.0 (Linux; Android 10; K) AppleWebKit/537.36 (KHTML, like Gecko) Chrome/142.0.0.0 Mobile Safari/537.36"
46.224.147.152 - - [08/Jun/2026:15:27:26 +0000] "GET /gh/hh.php HTTP/1.1" 200 1762 "-" "Mozilla/5.0 (Linux; Android 10; K) AppleWebKit/537.36 (KHTML, like Gecko) Chrome/142.0.0.0 Mobile Safari/537.36"
167.235.36.41 - - [08/Jun/2026:15:36:09 +0000] "GET / HTTP/2" 200 2138 "-" "Mozilla/5.0 (Linux; Android 10; K) AppleWebKit/537.36 (KHTML, like Gecko) Chrome/143.0.0.0 Mobile Safari/537.36"
159.223.242.210 - - [08/Jun/2026:15:36:10 +0000] "GET /gh/ HTTP/1.1" 200 761 "-" "Mozilla/5.0 (Linux; Android 10; K) AppleWebKit/537.36 (KHTML, like Gecko) Chrome/139.0.0.0 Mobile Safari/537.36"
209.50.228.92 - - [08/Jun/2026:15:36:10 +0000] "GET /gh/ HTTP/1.1" 200 761 "-" "Mozilla/5.0 (Linux; Android 10; K) AppleWebKit/537.36 (KHTML, like Gecko) Chrome/139.0.0.0 Mobile Safari/537.36"
57.129.137.254 - - [08/Jun/2026:15:36:12 +0000] "GET /gh/ HTTP/1.1" 200 761 "-" "Mozilla/5.0 (Linux; Android 10; K) AppleWebKit/537.36 (KHTML, like Gecko) Chrome/139.0.0.0 Mobile Safari/537.36"
197.248.33.53 - - [08/Jun/2026:15:37:44 +0000] "GET /assets/?SD HTTP/1.1" 200 1269 "-" "Mozilla/5.0 (Macintosh; Intel Mac OS X 10_11_6) AppleWebKit/537.36 (KHTML, like Gecko) Chrome/80.0.3987.87 Safari/537.36"
167.235.36.41 - - [08/Jun/2026:15:39:30 +0000] "GET / HTTP/2" 200 2138 "-" "Mozilla/5.0 (Linux; Android 10; K) AppleWebKit/537.36 (KHTML, like Gecko) Chrome/143.0.0.0 Mobile Safari/537.36"
167.235.36.41 - - [08/Jun/2026:15:42:51 +0000] "GET / HTTP/2" 200 2138 "-" "Mozilla/5.0 (Linux; Android 10; K) AppleWebKit/537.36 (KHTML, like Gecko) Chrome/143.0.0.0 Mobile Safari/537.36"
157.230.71.9 - - [08/Jun/2026:15:47:40 +0000] "GET /gh/hh.php HTTP/1.1" 200 1762 "-" "Mozilla/5.0 (Linux; arm_64; Android 15; 24116RACCG) AppleWebKit/537.36 (KHTML, like Gecko) Chrome/142.0.7444.108 YaBrowser/25.12.4.108.00 Mobile Safari/537.36"
167.235.36.41 - - [08/Jun/2026:15:22:45 +0000] "GET / HTTP/2" 200 2138 "-" "Mozilla/5.0 (Linux; Android 10; K) AppleWebKit/537.36 (KHTML, like Gecko) Chrome/143.0.0.0 Mobile Safari/537.36"
167.235.36.41 - - [08/Jun/2026:15:26:07 +0000] "GET / HTTP/2" 200 2138 "-" "Mozilla/5.0 (Linux; Android 10; K) AppleWebKit/537.36 (KHTML, like Gecko) Chrome/143.0.0.0 Mobile Safari/537.36"
84.233.216.247 - - [08/Jun/2026:15:27:23 +0000] "GET /gh/hh.php HTTP/1.1" 200 1762 "-" "Mozilla/5.0 (Linux; Android 10; K) AppleWebKit/537.36 (KHTML, like Gecko) Chrome/142.0.0.0 Mobile Safari/537.36"
91.52.105.50 - - [08/Jun/2026:15:27:24 +0000] "GET /gh/hh.php HTTP/1.1" 200 1762 "-" "Mozilla/5.0 (Linux; Android 10; K) AppleWebKit/537.36 (KHTML, like Gecko) Chrome/142.0.0.0 Mobile Safari/537.36"
167.235.36.41 - - [08/Jun/2026:15:29:27 +0000] "GET / HTTP/2" 200 2138 "-" "Mozilla/5.0 (Linux; Android 10; K) AppleWebKit/537.36 (KHTML, like Gecko) Chrome/143.0.0.0 Mobile Safari/537.36"
167.235.36.41 - - [08/Jun/2026:15:32:49 +0000] "GET / HTTP/2" 200 2138 "-" "Mozilla/5.0 (Linux; Android 10; K) AppleWebKit/537.36 (KHTML, like Gecko) Chrome/143.0.0.0 Mobile Safari/537.36"
66.249.70.200 - - [08/Jun/2026:15:33:14 +0000] "GET /robots.txt HTTP/1.1" 404 1251 "-" "Mozilla/5.0 (compatible; Googlebot/2.1; +http://www.google.com/bot.html)"
141.227.137.47 - - [08/Jun/2026:15:36:15 +0000] "GET /gh/ HTTP/1.1" 200 761 "-" "Mozilla/5.0 (Linux; Android 10; K) AppleWebKit/537.36 (KHTML, like Gecko) Chrome/139.0.0.0 Mobile Safari/537.36"
167.235.36.41 - - [08/Jun/2026:15:46:12 +0000] "GET / HTTP/2" 200 2138 "-" "Mozilla/5.0 (Linux; Android 10; K) AppleWebKit/537.36 (KHTML, like Gecko) Chrome/143.0.0.0 Mobile Safari/537.36"
145.239.81.102 - - [08/Jun/2026:15:47:41 +0000] "GET /gh/hh.php HTTP/1.1" 200 1762 "-" "Mozilla/5.0 (Linux; arm_64; Android 15; 24116RACCG) AppleWebKit/537.36 (KHTML, like Gecko) Chrome/142.0.7444.108 YaBrowser/25.12.4.108.00 Mobile Safari/537.36"
138.197.232.85 - - [08/Jun/2026:15:47:41 +0000] "GET /gh/hh.php HTTP/1.1" 200 1762 "-" "Mozilla/5.0 (Linux; arm_64; Android 15; 24116RACCG) AppleWebKit/537.36 (KHTML, like Gecko) Chrome/142.0.7444.108 YaBrowser/25.12.4.108.00 Mobile Safari/537.36"
167.235.36.41 - - [08/Jun/2026:15:49:33 +0000] "GET / HTTP/2" 200 2138 "-" "Mozilla/5.0 (Linux; Android 10; K) AppleWebKit/537.36 (KHTML, like Gecko) Chrome/143.0.0.0 Mobile Safari/537.36"
167.235.36.41 - - [08/Jun/2026:15:56:15 +0000] "GET / HTTP/2" 200 2138 "-" "Mozilla/5.0 (Linux; Android 10; K) AppleWebKit/537.36 (KHTML, like Gecko) Chrome/143.0.0.0 Mobile Safari/537.36"
167.235.36.41 - - [08/Jun/2026:15:59:36 +0000] "GET / HTTP/2" 200 2138 "-" "Mozilla/5.0 (Linux; Android 10; K) AppleWebKit/537.36 (KHTML, like Gecko) Chrome/143.0.0.0 Mobile Safari/537.36"
91.52.105.50 - - [08/Jun/2026:16:00:12 +0000] "GET /gh/hh.php HTTP/1.1" 200 1762 "-" "Mozilla/5.0 (Linux; Android 10; K) AppleWebKit/537.36 (KHTML, like Gecko) Chrome/142.0.0.0 Mobile Safari/537.36"
205.210.31.186 - - [08/Jun/2026:16:02:09 +0000] "GET / HTTP/1.1" 401 36 "http://webdisk.ms-hostingladz.com/" "Hello from Palo Alto Networks, find out more about our scans in https://docs-cortex.paloaltonetworks.com/r/1/Cortex-Xpanse/Scanning-activity"
167.235.36.41 - - [08/Jun/2026:16:02:57 +0000] "GET / HTTP/2" 200 2138 "-" "Mozilla/5.0 (Linux; Android 10; K) AppleWebKit/537.36 (KHTML, like Gecko) Chrome/143.0.0.0 Mobile Safari/537.36"
57.129.137.254 - - [08/Jun/2026:16:03:52 +0000] "GET /gh/ HTTP/1.1" 200 761 "-" "Mozilla/5.0 (Linux; Android 10; K) AppleWebKit/537.36 (KHTML, like Gecko) Chrome/139.0.0.0 Mobile Safari/537.36"
141.227.137.47 - - [08/Jun/2026:16:03:52 +0000] "GET /gh/ HTTP/1.1" 200 761 "-" "Mozilla/5.0 (Linux; Android 10; K) AppleWebKit/537.36 (KHTML, like Gecko) Chrome/139.0.0.0 Mobile Safari/537.36"
209.50.228.92 - - [08/Jun/2026:16:03:53 +0000] "GET /gh/ HTTP/1.1" 200 761 "-" "Mozilla/5.0 (Linux; Android 10; K) AppleWebKit/537.36 (KHTML, like Gecko) Chrome/139.0.0.0 Mobile Safari/537.36"
159.223.242.210 - - [08/Jun/2026:16:03:53 +0000] "GET /gh/ HTTP/1.1" 200 761 "-" "Mozilla/5.0 (Linux; Android 10; K) AppleWebKit/537.36 (KHTML, like Gecko) Chrome/139.0.0.0 Mobile Safari/537.36"
167.235.36.41 - - [08/Jun/2026:16:06:18 +0000] "GET / HTTP/2" 200 2138 "-" "Mozilla/5.0 (Linux; Android 10; K) AppleWebKit/537.36 (KHTML, like Gecko) Chrome/143.0.0.0 Mobile Safari/537.36"
51.91.159.157 - - [08/Jun/2026:16:21:28 +0000] "GET /gh/ HTTP/1.1" 200 769 "-" "Mozilla/5.0 (Linux; Android 10; K) AppleWebKit/537.36 (KHTML, like Gecko) Chrome/143.0.0.0 Mobile Safari/537.36"
57.131.13.108 - - [08/Jun/2026:16:21:28 +0000] "GET /gh/ HTTP/1.1" 200 769 "-" "Mozilla/5.0 (Linux; Android 10; K) AppleWebKit/537.36 (KHTML, like Gecko) Chrome/143.0.0.0 Mobile Safari/537.36"
23.82.96.179 - - [08/Jun/2026:16:21:30 +0000] "GET /gh/ HTTP/1.1" 200 769 "-" "Mozilla/5.0 (Linux; Android 10; K) AppleWebKit/537.36 (KHTML, like Gecko) Chrome/143.0.0.0 Mobile Safari/537.36"
167.235.36.41 - - [08/Jun/2026:16:26:23 +0000] "GET / HTTP/2" 200 2138 "-" "Mozilla/5.0 (Linux; Android 10; K) AppleWebKit/537.36 (KHTML, like Gecko) Chrome/143.0.0.0 Mobile Safari/537.36"
141.227.137.47 - - [08/Jun/2026:16:33:41 +0000] "GET /gh/ HTTP/1.1" 200 761 "-" "Mozilla/5.0 (Linux; Android 10; K) AppleWebKit/537.36 (KHTML, like Gecko) Chrome/139.0.0.0 Mobile Safari/537.36"
167.235.36.41 - - [08/Jun/2026:16:36:27 +0000] "GET / HTTP/2" 200 2138 "-" "Mozilla/5.0 (Linux; Android 10; K) AppleWebKit/537.36 (KHTML, like Gecko) Chrome/143.0.0.0 Mobile Safari/537.36"
167.235.36.41 - - [08/Jun/2026:15:52:55 +0000] "GET / HTTP/2" 200 2138 "-" "Mozilla/5.0 (Linux; Android 10; K) AppleWebKit/537.36 (KHTML, like Gecko) Chrome/143.0.0.0 Mobile Safari/537.36"
46.224.147.152 - - [08/Jun/2026:16:00:12 +0000] "GET /gh/hh.php HTTP/1.1" 200 1762 "-" "Mozilla/5.0 (Linux; Android 10; K) AppleWebKit/537.36 (KHTML, like Gecko) Chrome/142.0.0.0 Mobile Safari/537.36"
135.136.0.115 - - [08/Jun/2026:16:00:13 +0000] "GET /gh/hh.php HTTP/1.1" 200 1762 "-" "Mozilla/5.0 (Linux; Android 10; K) AppleWebKit/537.36 (KHTML, like Gecko) Chrome/142.0.0.0 Mobile Safari/537.36"
84.233.216.247 - - [08/Jun/2026:16:00:13 +0000] "GET /gh/hh.php HTTP/1.1" 200 1762 "-" "Mozilla/5.0 (Linux; Android 10; K) AppleWebKit/537.36 (KHTML, like Gecko) Chrome/142.0.0.0 Mobile Safari/537.36"
167.235.36.41 - - [08/Jun/2026:16:09:38 +0000] "GET / HTTP/2" 200 2138 "-" "Mozilla/5.0 (Linux; Android 10; K) AppleWebKit/537.36 (KHTML, like Gecko) Chrome/143.0.0.0 Mobile Safari/537.36"
167.235.36.41 - - [08/Jun/2026:16:12:59 +0000] "GET / HTTP/2" 200 2138 "-" "Mozilla/5.0 (Linux; Android 10; K) AppleWebKit/537.36 (KHTML, like Gecko) Chrome/143.0.0.0 Mobile Safari/537.36"
167.235.36.41 - - [08/Jun/2026:16:16:20 +0000] "GET / HTTP/2" 200 2138 "-" "Mozilla/5.0 (Linux; Android 10; K) AppleWebKit/537.36 (KHTML, like Gecko) Chrome/143.0.0.0 Mobile Safari/537.36"
167.235.36.41 - - [08/Jun/2026:16:19:41 +0000] "GET / HTTP/2" 200 2106 "-" "Mozilla/5.0 (Linux; Android 10; K) AppleWebKit/537.36 (KHTML, like Gecko) Chrome/143.0.0.0 Mobile Safari/537.36"
167.235.36.41 - - [08/Jun/2026:16:23:02 +0000] "GET / HTTP/2" 200 2138 "-" "Mozilla/5.0 (Linux; Android 10; K) AppleWebKit/537.36 (KHTML, like Gecko) Chrome/143.0.0.0 Mobile Safari/537.36"
167.235.36.41 - - [08/Jun/2026:16:29:45 +0000] "GET / HTTP/2" 200 2138 "-" "Mozilla/5.0 (Linux; Android 10; K) AppleWebKit/537.36 (KHTML, like Gecko) Chrome/143.0.0.0 Mobile Safari/537.36"
84.233.216.247 - - [08/Jun/2026:16:31:50 +0000] "GET /gh/hh.php HTTP/1.1" 200 1762 "-" "Mozilla/5.0 (Linux; Android 10; K) AppleWebKit/537.36 (KHTML, like Gecko) Chrome/142.0.0.0 Mobile Safari/537.36"
135.136.0.115 - - [08/Jun/2026:16:31:50 +0000] "GET /gh/hh.php HTTP/1.1" 200 1762 "-" "Mozilla/5.0 (Linux; Android 10; K) AppleWebKit/537.36 (KHTML, like Gecko) Chrome/142.0.0.0 Mobile Safari/537.36"
46.224.147.152 - - [08/Jun/2026:16:31:50 +0000] "GET /gh/hh.php HTTP/1.1" 200 1762 "-" "Mozilla/5.0 (Linux; Android 10; K) AppleWebKit/537.36 (KHTML, like Gecko) Chrome/142.0.0.0 Mobile Safari/537.36"
91.52.105.50 - - [08/Jun/2026:16:31:51 +0000] "GET /gh/hh.php HTTP/1.1" 200 1762 "-" "Mozilla/5.0 (Linux; Android 10; K) AppleWebKit/537.36 (KHTML, like Gecko) Chrome/142.0.0.0 Mobile Safari/537.36"
167.235.36.41 - - [08/Jun/2026:16:33:06 +0000] "GET / HTTP/2" 200 2138 "-" "Mozilla/5.0 (Linux; Android 10; K) AppleWebKit/537.36 (KHTML, like Gecko) Chrome/143.0.0.0 Mobile Safari/537.36"
209.50.228.92 - - [08/Jun/2026:16:33:37 +0000] "GET /gh/ HTTP/1.1" 200 761 "-" "Mozilla/5.0 (Linux; Android 10; K) AppleWebKit/537.36 (KHTML, like Gecko) Chrome/139.0.0.0 Mobile Safari/537.36"
159.223.242.210 - - [08/Jun/2026:16:33:37 +0000] "GET /gh/ HTTP/1.1" 200 761 "-" "Mozilla/5.0 (Linux; Android 10; K) AppleWebKit/537.36 (KHTML, like Gecko) Chrome/139.0.0.0 Mobile Safari/537.36"
57.129.137.254 - - [08/Jun/2026:16:33:39 +0000] "GET /gh/ HTTP/1.1" 200 761 "-" "Mozilla/5.0 (Linux; Android 10; K) AppleWebKit/537.36 (KHTML, like Gecko) Chrome/139.0.0.0 Mobile Safari/537.36"
167.235.36.41 - - [08/Jun/2026:16:39:48 +0000] "GET / HTTP/2" 200 2138 "-" "Mozilla/5.0 (Linux; Android 10; K) AppleWebKit/537.36 (KHTML, like Gecko) Chrome/143.0.0.0 Mobile Safari/537.36"
167.235.36.41 - - [08/Jun/2026:16:43:09 +0000] "GET / HTTP/2" 200 2138 "-" "Mozilla/5.0 (Linux; Android 10; K) AppleWebKit/537.36 (KHTML, like Gecko) Chrome/143.0.0.0 Mobile Safari/537.36"
198.44.138.151 - - [08/Jun/2026:16:46:27 +0000] "GET / HTTP/2" 200 2475 "-" "Mozilla/5.0 (Windows NT 10.0; Win64; x64) AppleWebKit/537.36 (KHTML, like Gecko) Chrome/146.0.0.0 YaBrowser/26.4.0.0 Safari/537.36"
167.235.36.41 - - [08/Jun/2026:16:46:29 +0000] "GET / HTTP/2" 200 2138 "-" "Mozilla/5.0 (Linux; Android 10; K) AppleWebKit/537.36 (KHTML, like Gecko) Chrome/143.0.0.0 Mobile Safari/537.36"
198.44.138.151 - - [08/Jun/2026:16:48:26 +0000] "GET /favicon.ico HTTP/2" 200 0 "-" "Mozilla/5.0 (Windows NT 10.0; Win64; x64) AppleWebKit/537.36 (KHTML, like Gecko) Chrome/146.0.0.0 YaBrowser/26.4.0.0 Safari/537.36"
23.82.96.179 - - [08/Jun/2026:16:49:41 +0000] "GET /mwtrading/ HTTP/1.1" 200 688 "-" "Mozilla/5.0 (Linux; Android 10; K) AppleWebKit/537.36 (KHTML, like Gecko) Chrome/148.0.0.0 Mobile Safari/537.36"
135.136.3.74 - - [08/Jun/2026:16:49:44 +0000] "GET /generateur/ HTTP/2" 200 688 "-" "Mozilla/5.0 (iPhone; CPU iPhone OS 18_0_1 like Mac OS X) AppleWebKit/605.1.15 (KHTML, like Gecko) Version/18.0.1 Mobile/15E148 Safari/604.1"
167.235.36.41 - - [08/Jun/2026:16:49:50 +0000] "GET / HTTP/2" 200 2138 "-" "Mozilla/5.0 (Linux; Android 10; K) AppleWebKit/537.36 (KHTML, like Gecko) Chrome/143.0.0.0 Mobile Safari/537.36"
216.231.32.105 - - [08/Jun/2026:16:51:32 +0000] "GET /bnh/ HTTP/2" 200 1523 "-" "Mozilla/5.0 (Windows NT 10.0; Win64; x64; rv:151.0) Gecko/20100101 Firefox/151.0"
54.149.195.29 - - [08/Jun/2026:16:51:33 +0000] "GET /resources/ HTTP/2" 200 868 "-" "Mozilla/5.0 (Windows NT 10.0; Win64; x64; rv:149.0) Gecko/20100101 Firefox/149.0"
23.80.89.35 - - [08/Jun/2026:16:51:35 +0000] "GET /cv/ HTTP/2" 200 1394 "-" "Mozilla/5.0 (Macintosh; Intel Mac OS X 10_15_7) AppleWebKit/605.1.15 (KHTML, like Gecko) Version/26.4 Safari/605.1.15"
62.93.176.75 - - [08/Jun/2026:16:51:37 +0000] "GET /nb/ HTTP/1.1" 200 684 "-" "Mozilla/5.0 (Linux; Android 10; K) AppleWebKit/537.36 (KHTML, like Gecko) Chrome/144.0.0.0 Mobile Safari/537.36"
23.19.230.168 - - [08/Jun/2026:16:51:40 +0000] "GET /HMP/ HTTP/2" 200 685 "-" "Mozilla/5.0 (Windows NT 10.0; Win64; x64) AppleWebKit/537.36 (KHTML, like Gecko) Chrome/146.0.0.0 Safari/537.36 Edg/146.0.0.0"
2.56.189.236 - - [08/Jun/2026:16:51:42 +0000] "GET /opco/ HTTP/1.1" 200 1630 "-" "Mozilla/5.0 (Linux; Android 10; K) AppleWebKit/537.36 (KHTML, like Gecko) Chrome/146.0.0.0 Mobile Safari/537.36"
159.203.144.167 - - [08/Jun/2026:16:51:46 +0000] "GET /routes/ HTTP/1.1" 200 1298 "-" "Mozilla/5.0 (Linux; Android 10; K) AppleWebKit/537.36 (KHTML, like Gecko) Chrome/147.0.0.0 Mobile Safari/537.36"
93.71.103.137 - - [08/Jun/2026:16:52:20 +0000] "HEAD /bnh/formationbtp.zip HTTP/1.1" 200 0 "-" "Mozilla/5.0 (compatible; MSIE 10.0; Windows NT 6.1; Trident/6.0)"
77.42.67.200 - - [08/Jun/2026:16:52:21 +0000] "HEAD /saudiapost/smsa_complete%20(1).zip HTTP/1.1" 200 0 "-" "Mozilla/5.0 (compatible; MSIE 10.0; Windows NT 6.1; Trident/6.0)"
54.149.195.29 - - [08/Jun/2026:16:52:42 +0000] "GET /public/ HTTP/2" 500 0 "-" "Mozilla/5.0 (iPhone; CPU iPhone OS 18_0_1 like Mac OS X) AppleWebKit/605.1.15 (KHTML, like Gecko) Mobile/15E148 Safari Line/26.6.0"
45.150.145.15 - - [08/Jun/2026:16:53:05 +0000] "GET /saudiapost/smsa_complete/pages_separees/success.html HTTP/2" 404 1251 "-" "Mozilla/5.0 (Windows NT 10.0; Win64; x64) AppleWebKit/537.36 (KHTML, like Gecko) Chrome/148.0.0.0 Safari/537.36"
45.150.145.15 - - [08/Jun/2026:16:53:05 +0000] "GET /saudiapost/smsa_complete/pages_separees/otp_ar.html HTTP/1.1" 404 1251 "-" "Mozilla/5.0 (Linux; Android 10; K) AppleWebKit/537.36 (KHTML, like Gecko) Chrome/146.0.0.0 Mobile Safari/537.36"
45.150.145.15 - - [08/Jun/2026:16:53:05 +0000] "GET /saudiapost/smsa_complete/loading_ar.html HTTP/1.1" 404 1251 "-" "Mozilla/5.0 (Linux; Android 10; K) AppleWebKit/537.36 (KHTML, like Gecko) Chrome/148.0.0.0 Mobile Safari/537.36"
2.56.189.236 - - [08/Jun/2026:16:53:06 +0000] "GET /opco/logo2.svg HTTP/1.1" 200 4520 "-" "Mozilla/5.0 (Linux; Android 10; K) AppleWebKit/537.36 (KHTML, like Gecko) Chrome/146.0.0.0 Mobile Safari/537.36"
45.150.145.15 - - [08/Jun/2026:16:53:06 +0000] "GET /saudiapost/smsa_complete/pages_separees/success_ar.html HTTP/1.1" 404 1251 "-" "Mozilla/5.0 (Linux; Android 10; K) AppleWebKit/537.36 (KHTML, like Gecko) Chrome/148.0.0.0 Mobile Safari/537.36"
136.60.151.248 - - [08/Jun/2026:16:51:29 +0000] "GET /https%3A/ HTTP/2" 200 806 "-" "Mozilla/5.0 (Macintosh; Intel Mac OS X 10_15_7) AppleWebKit/537.36 (KHTML, like Gecko) Chrome/137.0.0.0 Safari/537.36"
135.129.178.148 - - [08/Jun/2026:16:51:30 +0000] "GET /saudiapost/ HTTP/1.1" 200 856 "-" "Mozilla/5.0 (Linux; Android 10; K) AppleWebKit/537.36 (KHTML, like Gecko) Chrome/148.0.0.0 Mobile Safari/537.36"
97.178.186.23 - - [08/Jun/2026:16:51:31 +0000] "GET /bi/ HTTP/1.1" 200 763 "-" "Mozilla/5.0 (Linux; Android 10; K) AppleWebKit/537.36 (KHTML, like Gecko) Chrome/148.0.0.0 Mobile Safari/537.36"
54.149.195.29 - - [08/Jun/2026:16:51:32 +0000] "GET /public/ HTTP/2" 500 0 "-" "Mozilla/5.0 (Windows NT 10.0; Win64; x64) AppleWebKit/537.36 (KHTML, like Gecko) Chrome/148.0.0.0 Safari/537.36"
95.173.221.22 - - [08/Jun/2026:16:51:34 +0000] "GET /bootstrap/ HTTP/1.1" 200 897 "-" "Mozilla/5.0 (Linux; Android 10; K) AppleWebKit/537.36 (KHTML, like Gecko) Chrome/134.0.0.0 Mobile Safari/537.36"
67.214.181.77 - - [08/Jun/2026:16:51:35 +0000] "GET /mo/ HTTP/2" 200 684 "-" "Mozilla/5.0 (Macintosh; Intel Mac OS X 10_15_7) AppleWebKit/537.36 (KHTML, like Gecko) Chrome/147.0.0.0 Safari/537.36"
128.90.61.219 - - [08/Jun/2026:16:51:37 +0000] "GET /saudia/ HTTP/2" 200 686 "-" "Mozilla/5.0 (Windows NT 10.0; Win64; x64) AppleWebKit/537.36 (KHTML, like Gecko) Chrome/148.0.0.0 Safari/537.36 Edg/148.0.0.0"
206.135.157.108 - - [08/Jun/2026:16:51:41 +0000] "GET /vam/ HTTP/1.1" 200 1158 "-" "Mozilla/5.0 (Linux; Android 10; K) AppleWebKit/537.36 (KHTML, like Gecko) Chrome/146.0.0.0 Mobile Safari/537.36"
104.249.59.247 - - [08/Jun/2026:16:51:45 +0000] "GET /email/ HTTP/2" 200 686 "-" "Mozilla/5.0 (Windows NT 10.0; Win64; x64) AppleWebKit/537.36 (KHTML, like Gecko) Chrome/148.0.0.0 Safari/537.36"
93.71.103.137 - - [08/Jun/2026:16:52:21 +0000] "GET /bnh/formationbtp.zip HTTP/1.1" 200 5955 "-" "Mozilla/5.0 (compatible; MSIE 10.0; Windows NT 6.1; Trident/6.0)"
77.42.67.200 - - [08/Jun/2026:16:52:21 +0000] "GET /saudiapost/smsa_complete%20(1).zip HTTP/1.1" 200 112331 "-" "Mozilla/5.0 (compatible; MSIE 10.0; Windows NT 6.1; Trident/6.0)"
149.50.212.211 - - [08/Jun/2026:16:53:05 +0000] "GET /saudiapost/smsa_complete/success_ar.html HTTP/2" 404 1251 "-" "Mozilla/5.0 (Windows NT 10.0; Win64; x64) AppleWebKit/537.36 (KHTML, like Gecko) Chrome/148.0.0.0 Safari/537.36"
2.56.189.236 - - [08/Jun/2026:16:53:06 +0000] "GET /opco/logo3.svg HTTP/1.1" 200 2474 "-" "Mozilla/5.0 (Linux; Android 10; K) AppleWebKit/537.36 (KHTML, like Gecko) Chrome/146.0.0.0 Mobile Safari/537.36"
103.9.79.228 - - [08/Jun/2026:16:53:07 +0000] "GET /saudiapost/smsa_complete/otp_ar.html HTTP/2" 404 1251 "-" "Mozilla/5.0 (iPhone; CPU iPhone OS 18_0_1 like Mac OS X) AppleWebKit/605.1.15 (KHTML, like Gecko) Version/18.0.1 Mobile/15E148 Safari/604.1"
103.9.79.228 - - [08/Jun/2026:16:53:07 +0000] "GET /saudiapost/smsa_complete/success.html HTTP/2" 404 1251 "-" "Mozilla/5.0 (iPhone; CPU iPhone OS 18_0_1 like Mac OS X) AppleWebKit/605.1.15 (KHTML, like Gecko) Version/18.0.1 Mobile/15E148 Safari/604.1"
103.9.79.228 - - [08/Jun/2026:16:53:08 +0000] "GET /saudiapost/smsa_complete/otp_ar.html HTTP/1.1" 404 1251 "-" "Mozilla/5.0 (Linux; Android 10; K) AppleWebKit/537.36 (KHTML, like Gecko) Chrome/146.0.0.0 Mobile Safari/537.36"
103.9.79.228 - - [08/Jun/2026:16:53:11 +0000] "GET /saudiapost/smsa_complete/otp.html HTTP/2" 404 1251 "-" "Mozilla/5.0 (Windows NT 10.0; Win64; x64) AppleWebKit/537.36 (KHTML, like Gecko) Chrome/148.0.0.0 Safari/537.36"
167.235.36.41 - - [08/Jun/2026:16:53:12 +0000] "GET / HTTP/2" 200 2138 "-" "Mozilla/5.0 (Linux; Android 10; K) AppleWebKit/537.36 (KHTML, like Gecko) Chrome/143.0.0.0 Mobile Safari/537.36"
103.9.79.228 - - [08/Jun/2026:16:53:13 +0000] "GET /saudiapost/smsa_complete/loading.html HTTP/2" 404 1251 "-" "Mozilla/5.0 (iPhone; CPU iPhone OS 18_0_1 like Mac OS X) AppleWebKit/605.1.15 (KHTML, like Gecko) Version/18.0.1 Mobile/15E148 Safari/604.1"
149.50.212.211 - - [08/Jun/2026:16:53:06 +0000] "GET /saudiapost/smsa_complete/loading.html HTTP/2" 404 1251 "-" "Mozilla/5.0 (Windows NT 10.0; Win64; x64) AppleWebKit/537.36 (KHTML, like Gecko) Chrome/147.0.0.0 Safari/537.36"
2.56.189.236 - - [08/Jun/2026:16:53:06 +0000] "GET /opco/logo1.png HTTP/1.1" 200 29334 "-" "Mozilla/5.0 (Linux; Android 10; K) AppleWebKit/537.36 (KHTML, like Gecko) Chrome/146.0.0.0 Mobile Safari/537.36"
103.9.79.228 - - [08/Jun/2026:16:53:08 +0000] "GET /saudiapost/smsa_complete/success.html HTTP/1.1" 404 1251 "-" "Mozilla/5.0 (Linux; Android 10; K) AppleWebKit/537.36 (KHTML, like Gecko) Chrome/146.0.0.0 Mobile Safari/537.36"
45.150.145.15 - - [08/Jun/2026:16:53:08 +0000] "GET /saudiapost/smsa_complete/process_payment.php HTTP/2" 404 1251 "-" "Mozilla/5.0 (Windows NT 10.0; Win64; x64) AppleWebKit/537.36 (KHTML, like Gecko) Chrome/148.0.0.0 Safari/537.36"
81.53.36.105 - - [08/Jun/2026:16:53:48 +0000] "GET /bnh/formation%20btp/ameli-inscription.html HTTP/1.1" 404 1251 "-" "Mozilla/5.0 (Linux; Android 10; K) AppleWebKit/537.36 (KHTML, like Gecko) Chrome/148.0.0.0 Mobile Safari/537.36"
103.9.79.228 - - [08/Jun/2026:16:54:32 +0000] "GET /saudiapost/smsa_complete/otp_ar.html HTTP/2" 404 1251 "-" "Mozilla/5.0 (iPad; CPU OS 9_0_1 like Mac OS X) AppleWebKit/601.1.46 (KHTML, like Gecko) Version/9.0 Mobile/13A404 Safari/601.1"
103.9.79.228 - - [08/Jun/2026:16:54:34 +0000] "GET /saudiapost/smsa_complete/otp_ar.html HTTP/2" 404 1251 "-" "Mozilla/5.0 (Windows NT 10.0; Win64; x64; rv:150.0) Gecko/20100101 Firefox/150.0"
149.50.212.211 - - [08/Jun/2026:16:54:51 +0000] "GET /saudiapost/smsa_complete/loading.html HTTP/1.1" 404 1251 "-" "Mozilla/5.0 (Linux; Android 10; K) AppleWebKit/537.36 (KHTML, like Gecko) Chrome/147.0.0.0 Mobile Safari/537.36"
45.150.145.15 - - [08/Jun/2026:16:54:55 +0000] "GET /saudiapost/smsa_complete/process_payment.php HTTP/2" 404 1251 "-" "Mozilla/5.0 (iPhone; CPU iPhone OS 18_0 like Mac OS X) AppleWebKit/605.1.15 (KHTML, like Gecko) Mobile/15E148 YaBrowser/25.12.3.655.10 YaApp_iOS/2512.3 YaApp_iOS_Browser/2512.3 Safari/604.1 SA/3 Version/18.0"
149.50.212.211 - - [08/Jun/2026:16:55:01 +0000] "GET /saudiapost/smsa_complete/success_ar.html HTTP/2" 404 1251 "-" "Mozilla/5.0 (iPhone; CPU iPhone OS 17_0_3 like Mac OS X) AppleWebKit/605.1.15 (KHTML, like Gecko) Version/17.0 YaBrowser/26.3.7.341.10 SA/3 Mobile/15E148 Safari/604.1"
45.150.145.15 - - [08/Jun/2026:16:55:02 +0000] "GET /saudiapost/smsa_complete/pages_separees/otp_ar.html HTTP/2" 404 1251 "-" "Mozilla/5.0 (iPad; CPU OS 9_0_1 like Mac OS X) AppleWebKit/601.1.46 (KHTML, like Gecko) Version/9.0 Mobile/13A404 Safari/601.1"
81.53.36.105 - - [08/Jun/2026:16:55:10 +0000] "GET /bnh/formation%20btp/ameli-inscription.html HTTP/2" 404 1251 "-" "Mozilla/5.0 (iPhone; CPU iPhone OS 18_0_1 like Mac OS X) AppleWebKit/605.1.15 (KHTML, like Gecko) Version/18.0.1 Mobile/15E148 Safari/604.1"
103.9.79.228 - - [08/Jun/2026:16:54:28 +0000] "GET /saudiapost/smsa_complete/success.html HTTP/2" 404 1251 "-" "Mozilla/5.0 (iPod; U; CPU iPhone OS 3_0 like Mac OS X; kn-IN) AppleWebKit/534.44.7 (KHTML, like Gecko) Version/3.0.5 Mobile/8B111 Safari/6534.44.7"
103.9.79.228 - - [08/Jun/2026:16:54:29 +0000] "GET /saudiapost/smsa_complete/success.html HTTP/2" 404 1251 "-" "Mozilla/5.0 (Macintosh; Intel Mac OS X 10_15_7) AppleWebKit/605.1.15 (KHTML, like Gecko) Version/18.4 Safari/605.1.15"
45.150.145.15 - - [08/Jun/2026:16:54:30 +0000] "GET /saudiapost/smsa_complete/loading_ar.html HTTP/2" 404 1251 "-" "Mozilla/5.0 (iPhone; CPU iPhone OS 18_7 like Mac OS X) AppleWebKit/605.1.15 (KHTML, like Gecko) Version/26.0.1 Mobile/15E148 Safari/604.1"
149.50.212.211 - - [08/Jun/2026:16:54:51 +0000] "GET /saudiapost/smsa_complete/loading.html HTTP/2" 404 1251 "-" "Mozilla/5.0 (iPad; CPU OS 26_5_0 like Mac OS X) AppleWebKit/605.1.15 (KHTML, like Gecko) Version/26.0 YaBrowser/26.4.5.511.11 Mobile/15E148 Safari/604.1"
45.150.145.15 - - [08/Jun/2026:16:54:54 +0000] "GET /saudiapost/smsa_complete/pages_separees/success.html HTTP/2" 404 1251 "-" "Mozilla/5.0 (iPhone; CPU iPhone OS 11_0 like Mac OS X) AppleWebKit/604.1.38 (KHTML, like Gecko) Version/11.0 Mobile/15A372 Safari/604.1"
45.150.145.15 - - [08/Jun/2026:16:55:04 +0000] "GET /saudiapost/smsa_complete/pages_separees/success_ar.html HTTP/2" 404 1251 "-" "Mozilla/5.0 (iPhone; CPU iPhone OS 17 like Mac OS X) AppleWebKit/605.1.15 (KHTML, like Gecko) Version/17.1.37 Mobile/O6ZM6Z Safari/620.31"
