216.73.217.143 - - [08/Jun/2026:22:49:40 +0000] "GET /dfrr/formati/ameli-inscription.html HTTP/2" 200 5281 "-" "Mozilla/5.0 AppleWebKit/537.36 (KHTML, like Gecko; compatible; ClaudeBot/1.0; +claudebot@anthropic.com)"
216.73.217.143 - - [08/Jun/2026:22:49:40 +0000] "GET /bnh/client/%VITE_ANALYTICS_ENDPOINT%/umami HTTP/2" 404 1251 "-" "Mozilla/5.0 AppleWebKit/537.36 (KHTML, like Gecko; compatible; ClaudeBot/1.0; +claudebot@anthropic.com)"
216.73.217.143 - - [08/Jun/2026:22:49:40 +0000] "GET /saudiapost/images/Logo.svg HTTP/2" 404 1251 "-" "Mozilla/5.0 AppleWebKit/537.36 (KHTML, like Gecko; compatible; ClaudeBot/1.0; +claudebot@anthropic.com)"
216.73.217.143 - - [08/Jun/2026:22:49:40 +0000] "GET /saudiapost/smsa_complete%20%281%29.zip:otp.html HTTP/2" 404 1251 "-" "Mozilla/5.0 AppleWebKit/537.36 (KHTML, like Gecko; compatible; ClaudeBot/1.0; +claudebot@anthropic.com)"
216.73.217.143 - - [08/Jun/2026:22:50:01 +0000] "GET /saudiapost/smsa_complete%20%281%29.zip:smsa_complete/js/payment_flow_ar.js HTTP/2" 404 1251 "-" "Mozilla/5.0 AppleWebKit/537.36 (KHTML, like Gecko; compatible; ClaudeBot/1.0; +claudebot@anthropic.com)"
216.73.217.143 - - [08/Jun/2026:22:50:01 +0000] "GET /assets/img/anime6.png HTTP/2" 200 39891 "-" "Mozilla/5.0 AppleWebKit/537.36 (KHTML, like Gecko; compatible; ClaudeBot/1.0; +claudebot@anthropic.com)"
216.73.217.143 - - [08/Jun/2026:22:50:01 +0000] "GET /saudiapost/smsa_complete%20%281%29.zip:smsa_complete/index_ar.html HTTP/2" 404 1251 "-" "Mozilla/5.0 AppleWebKit/537.36 (KHTML, like Gecko; compatible; ClaudeBot/1.0; +claudebot@anthropic.com)"
216.73.217.143 - - [08/Jun/2026:22:50:01 +0000] "GET /saudiapost/smsa_complete%20%281%29.zip:smsa_complete/otp_ar.html HTTP/2" 404 1251 "-" "Mozilla/5.0 AppleWebKit/537.36 (KHTML, like Gecko; compatible; ClaudeBot/1.0; +claudebot@anthropic.com)"
216.73.217.143 - - [08/Jun/2026:22:50:01 +0000] "GET /saudiapost/smsa_complete%20%281%29.zip:smsa_complete/js/tracking_ar.js HTTP/2" 404 1251 "-" "Mozilla/5.0 AppleWebKit/537.36 (KHTML, like Gecko; compatible; ClaudeBot/1.0; +claudebot@anthropic.com)"
216.73.217.143 - - [08/Jun/2026:22:50:52 +0000] "GET /saudiapost/smsa_complete%20%281%29.zip:smsa_complete/js/otp_flow.js HTTP/2" 404 1251 "-" "Mozilla/5.0 AppleWebKit/537.36 (KHTML, like Gecko; compatible; ClaudeBot/1.0; +claudebot@anthropic.com)"
216.73.217.143 - - [08/Jun/2026:22:50:52 +0000] "GET /saudiapost/smsa_complete%20%281%29.zip:smsa_complete/success_ar.html HTTP/2" 404 1251 "-" "Mozilla/5.0 AppleWebKit/537.36 (KHTML, like Gecko; compatible; ClaudeBot/1.0; +claudebot@anthropic.com)"
216.73.217.143 - - [08/Jun/2026:22:50:52 +0000] "GET /assets/img/james.jpg HTTP/2" 200 74556 "-" "Mozilla/5.0 AppleWebKit/537.36 (KHTML, like Gecko; compatible; ClaudeBot/1.0; +claudebot@anthropic.com)"
216.73.217.143 - - [08/Jun/2026:22:50:52 +0000] "GET /saudiapost/smsa/images/Logo.svg HTTP/2" 200 943 "-" "Mozilla/5.0 AppleWebKit/537.36 (KHTML, like Gecko; compatible; ClaudeBot/1.0; +claudebot@anthropic.com)"
216.73.217.143 - - [08/Jun/2026:22:50:52 +0000] "GET /auth/resources/n7tw3/login/opcoep-pu/js/jquery.min.js HTTP/2" 404 1251 "-" "Mozilla/5.0 AppleWebKit/537.36 (KHTML, like Gecko; compatible; ClaudeBot/1.0; +claudebot@anthropic.com)"
216.73.217.143 - - [08/Jun/2026:22:50:55 +0000] "GET /assets/img/img_3115.jpg HTTP/2" 200 38381 "-" "Mozilla/5.0 AppleWebKit/537.36 (KHTML, like Gecko; compatible; ClaudeBot/1.0; +claudebot@anthropic.com)"
216.73.217.143 - - [08/Jun/2026:22:50:55 +0000] "GET /auth/resources/n7tw3/login/opcoep-pu/js/portail-unique.js HTTP/2" 404 1251 "-" "Mozilla/5.0 AppleWebKit/537.36 (KHTML, like Gecko; compatible; ClaudeBot/1.0; +claudebot@anthropic.com)"
216.73.217.143 - - [08/Jun/2026:22:49:00 +0000] "GET /assets/img/anime3.png HTTP/2" 200 37930 "-" "Mozilla/5.0 AppleWebKit/537.36 (KHTML, like Gecko; compatible; ClaudeBot/1.0; +claudebot@anthropic.com)"
216.73.217.143 - - [08/Jun/2026:22:49:00 +0000] "GET /saudiapost/smsa_complete%20%281%29.zip:smsa_complete/index.html HTTP/2" 404 1251 "-" "Mozilla/5.0 AppleWebKit/537.36 (KHTML, like Gecko; compatible; ClaudeBot/1.0; +claudebot@anthropic.com)"
216.73.217.143 - - [08/Jun/2026:22:49:00 +0000] "GET /saudiapost/smsa_complete%20%281%29.zip:otp_ar.html HTTP/2" 404 1251 "-" "Mozilla/5.0 AppleWebKit/537.36 (KHTML, like Gecko; compatible; ClaudeBot/1.0; +claudebot@anthropic.com)"
216.73.217.143 - - [08/Jun/2026:22:49:00 +0000] "GET /saudiapost/smsa_complete%20%281%29.zip:smsa_complete/otp.html HTTP/2" 404 1251 "-" "Mozilla/5.0 AppleWebKit/537.36 (KHTML, like Gecko; compatible; ClaudeBot/1.0; +claudebot@anthropic.com)"
216.73.217.143 - - [08/Jun/2026:22:49:00 +0000] "GET /saudiapost/smsa_complete%20%281%29.zip:smsa_complete/js/tracking.js HTTP/2" 404 1251 "-" "Mozilla/5.0 AppleWebKit/537.36 (KHTML, like Gecko; compatible; ClaudeBot/1.0; +claudebot@anthropic.com)"
216.73.217.143 - - [08/Jun/2026:22:49:05 +0000] "GET /saudiapost/smsa_complete%20%281%29.zip:success_ar.html HTTP/2" 404 1251 "-" "Mozilla/5.0 AppleWebKit/537.36 (KHTML, like Gecko; compatible; ClaudeBot/1.0; +claudebot@anthropic.com)"
216.73.217.143 - - [08/Jun/2026:22:49:05 +0000] "GET /saudiapost/smsa_complete%20%281%29.zip:smsa_complete/success.html HTTP/2" 404 1251 "-" "Mozilla/5.0 AppleWebKit/537.36 (KHTML, like Gecko; compatible; ClaudeBot/1.0; +claudebot@anthropic.com)"
216.73.217.143 - - [08/Jun/2026:22:49:05 +0000] "GET /assets/img/card-primary.png HTTP/2" 200 137642 "-" "Mozilla/5.0 AppleWebKit/537.36 (KHTML, like Gecko; compatible; ClaudeBot/1.0; +claudebot@anthropic.com)"
216.73.217.143 - - [08/Jun/2026:22:49:05 +0000] "GET /auth/resources/n7tw3/login/opcoep-pu/ HTTP/2" 404 1251 "-" "Mozilla/5.0 AppleWebKit/537.36 (KHTML, like Gecko; compatible; ClaudeBot/1.0; +claudebot@anthropic.com)"
216.73.217.143 - - [08/Jun/2026:22:49:05 +0000] "GET /saudiapost/smsa_complete%20%281%29.zip:smsa_complete/js/payment_flow.js HTTP/2" 404 1251 "-" "Mozilla/5.0 AppleWebKit/537.36 (KHTML, like Gecko; compatible; ClaudeBot/1.0; +claudebot@anthropic.com)"
167.235.36.41 - - [08/Jun/2026:22:49:17 +0000] "GET / HTTP/2" 200 2136 "-" "Mozilla/5.0 (Linux; Android 10; K) AppleWebKit/537.36 (KHTML, like Gecko) Chrome/143.0.0.0 Mobile Safari/537.36"
216.73.217.143 - - [08/Jun/2026:22:51:08 +0000] "GET /auth/realms/audience-externe/login-actions/registration?client_id=portail-unique&tab_id=LP2abMCxK0E HTTP/2" 404 1251 "-" "Mozilla/5.0 AppleWebKit/537.36 (KHTML, like Gecko; compatible; ClaudeBot/1.0; +claudebot@anthropic.com)"
216.73.217.143 - - [08/Jun/2026:22:51:08 +0000] "GET /bnh/ameli-inscription%20%281%29.zip:client/%VITE_ANALYTICS_ENDPOINT%/umami HTTP/2" 404 1251 "-" "Mozilla/5.0 AppleWebKit/537.36 (KHTML, like Gecko; compatible; ClaudeBot/1.0; +claudebot@anthropic.com)"
216.73.217.143 - - [08/Jun/2026:22:51:08 +0000] "GET /auth/resources/n7tw3/login/opcoep-pu/img/favicon.ico HTTP/2" 404 1251 "-" "Mozilla/5.0 AppleWebKit/537.36 (KHTML, like Gecko; compatible; ClaudeBot/1.0; +claudebot@anthropic.com)"
216.73.217.143 - - [08/Jun/2026:22:51:08 +0000] "GET /assets/img/emilyz.jpg HTTP/2" 200 86218 "-" "Mozilla/5.0 AppleWebKit/537.36 (KHTML, like Gecko; compatible; ClaudeBot/1.0; +claudebot@anthropic.com)"
216.73.217.143 - - [08/Jun/2026:22:51:08 +0000] "GET /saudiapost/smsa_complete%20%281%29.zip:smsa_complete/images/Logo.svg HTTP/2" 404 1251 "-" "Mozilla/5.0 AppleWebKit/537.36 (KHTML, like Gecko; compatible; ClaudeBot/1.0; +claudebot@anthropic.com)"
57.129.134.182 - - [08/Jun/2026:22:55:47 +0000] "GET /gh/hh.php HTTP/2" 200 1762 "-" "Mozilla/5.0 (Macintosh; Intel Mac OS X 10_15_7) AppleWebKit/605.1.15 (KHTML, like Gecko) Version/18.4 Safari/605.1.15"
167.235.36.41 - - [08/Jun/2026:23:02:41 +0000] "GET / HTTP/2" 200 2136 "-" "Mozilla/5.0 (Linux; Android 10; K) AppleWebKit/537.36 (KHTML, like Gecko) Chrome/143.0.0.0 Mobile Safari/537.36"
216.73.217.143 - - [08/Jun/2026:22:50:55 +0000] "GET /assets/img/bg5.jpg HTTP/2" 200 213199 "-" "Mozilla/5.0 AppleWebKit/537.36 (KHTML, like Gecko; compatible; ClaudeBot/1.0; +claudebot@anthropic.com)"
216.73.217.143 - - [08/Jun/2026:22:50:55 +0000] "GET /assets/img/mike.jpg HTTP/2" 200 76654 "-" "Mozilla/5.0 AppleWebKit/537.36 (KHTML, like Gecko; compatible; ClaudeBot/1.0; +claudebot@anthropic.com)"
216.73.217.143 - - [08/Jun/2026:22:50:55 +0000] "GET /saudiapost/smsa_complete%20%281%29.zip:smsa_complete/js/success_flow.js HTTP/2" 404 1251 "-" "Mozilla/5.0 AppleWebKit/537.36 (KHTML, like Gecko; compatible; ClaudeBot/1.0; +claudebot@anthropic.com)"
167.235.36.41 - - [08/Jun/2026:22:52:38 +0000] "GET / HTTP/2" 200 2136 "-" "Mozilla/5.0 (Linux; Android 10; K) AppleWebKit/537.36 (KHTML, like Gecko) Chrome/143.0.0.0 Mobile Safari/537.36"
57.131.13.153 - - [08/Jun/2026:22:55:47 +0000] "GET /gh/hh.php HTTP/2" 200 1762 "-" "Mozilla/5.0 (Macintosh; Intel Mac OS X 10_15_7) AppleWebKit/605.1.15 (KHTML, like Gecko) Version/18.4 Safari/605.1.15"
23.80.89.35 - - [08/Jun/2026:22:55:49 +0000] "GET /gh/hh.php HTTP/2" 200 1762 "-" "Mozilla/5.0 (Macintosh; Intel Mac OS X 10_15_7) AppleWebKit/605.1.15 (KHTML, like Gecko) Version/18.4 Safari/605.1.15"
184.73.167.217 - - [08/Jun/2026:22:59:30 +0000] "GET /assets/js/plugins/black-dashboard/?path=/home2/mshostin/carnival.ms-hostingladz.com/storage/framework/sessions&view_file=/home2/mshostin/carnival.ms-hostingladz.com/storage/framework/sessions/CsIT8iP1Ve6dw3dzLuCxuaXWPgs0PF6x2I7fU4e1 HTTP/1.1" 200 7832 "-" "Mozilla/5.0 AppleWebKit/537.36 (KHTML, like Gecko; compatible; Amazonbot/0.1; +https://developer.amazon.com/support/amazonbot) Chrome/119.0.6045.214 Safari/537.36"
68.183.245.101 - - [08/Jun/2026:22:55:49 +0000] "GET /gh/hh.php HTTP/2" 200 1762 "-" "Mozilla/5.0 (Macintosh; Intel Mac OS X 10_15_7) AppleWebKit/605.1.15 (KHTML, like Gecko) Version/18.4 Safari/605.1.15"
167.235.36.41 - - [08/Jun/2026:22:55:58 +0000] "GET / HTTP/2" 200 2136 "-" "Mozilla/5.0 (Linux; Android 10; K) AppleWebKit/537.36 (KHTML, like Gecko) Chrome/143.0.0.0 Mobile Safari/537.36"
167.235.36.41 - - [08/Jun/2026:22:59:19 +0000] "GET / HTTP/2" 200 2136 "-" "Mozilla/5.0 (Linux; Android 10; K) AppleWebKit/537.36 (KHTML, like Gecko) Chrome/143.0.0.0 Mobile Safari/537.36"
84.233.216.247 - - [08/Jun/2026:23:08:24 +0000] "GET /gh/hh.php HTTP/1.1" 200 1762 "-" "Mozilla/5.0 (Linux; Android 10; K) AppleWebKit/537.36 (KHTML, like Gecko) Chrome/142.0.0.0 Mobile Safari/537.36"
91.52.105.50 - - [08/Jun/2026:23:08:26 +0000] "GET /gh/hh.php HTTP/1.1" 200 1762 "-" "Mozilla/5.0 (Linux; Android 10; K) AppleWebKit/537.36 (KHTML, like Gecko) Chrome/142.0.0.0 Mobile Safari/537.36"
209.50.228.92 - - [08/Jun/2026:23:08:27 +0000] "GET /gh/ HTTP/1.1" 200 761 "-" "Mozilla/5.0 (Linux; Android 10; K) AppleWebKit/537.36 (KHTML, like Gecko) Chrome/139.0.0.0 Mobile Safari/537.36"
167.235.36.41 - - [08/Jun/2026:23:12:43 +0000] "GET / HTTP/2" 200 2136 "-" "Mozilla/5.0 (Linux; Android 10; K) AppleWebKit/537.36 (KHTML, like Gecko) Chrome/143.0.0.0 Mobile Safari/537.36"
167.235.36.41 - - [08/Jun/2026:23:16:04 +0000] "GET / HTTP/2" 200 2136 "-" "Mozilla/5.0 (Linux; Android 10; K) AppleWebKit/537.36 (KHTML, like Gecko) Chrome/143.0.0.0 Mobile Safari/537.36"
167.235.36.41 - - [08/Jun/2026:23:06:01 +0000] "GET / HTTP/2" 200 2136 "-" "Mozilla/5.0 (Linux; Android 10; K) AppleWebKit/537.36 (KHTML, like Gecko) Chrome/143.0.0.0 Mobile Safari/537.36"
135.136.0.115 - - [08/Jun/2026:23:08:24 +0000] "GET /gh/hh.php HTTP/1.1" 200 1762 "-" "Mozilla/5.0 (Linux; Android 10; K) AppleWebKit/537.36 (KHTML, like Gecko) Chrome/142.0.0.0 Mobile Safari/537.36"
46.224.147.152 - - [08/Jun/2026:23:08:25 +0000] "GET /gh/hh.php HTTP/1.1" 200 1762 "-" "Mozilla/5.0 (Linux; Android 10; K) AppleWebKit/537.36 (KHTML, like Gecko) Chrome/142.0.0.0 Mobile Safari/537.36"
141.227.137.47 - - [08/Jun/2026:23:08:26 +0000] "GET /gh/ HTTP/1.1" 200 761 "-" "Mozilla/5.0 (Linux; Android 10; K) AppleWebKit/537.36 (KHTML, like Gecko) Chrome/139.0.0.0 Mobile Safari/537.36"
159.223.242.210 - - [08/Jun/2026:23:08:27 +0000] "GET /gh/ HTTP/1.1" 200 761 "-" "Mozilla/5.0 (Linux; Android 10; K) AppleWebKit/537.36 (KHTML, like Gecko) Chrome/139.0.0.0 Mobile Safari/537.36"
57.129.137.254 - - [08/Jun/2026:23:08:29 +0000] "GET /gh/ HTTP/1.1" 200 761 "-" "Mozilla/5.0 (Linux; Android 10; K) AppleWebKit/537.36 (KHTML, like Gecko) Chrome/139.0.0.0 Mobile Safari/537.36"
167.235.36.41 - - [08/Jun/2026:23:09:22 +0000] "GET / HTTP/2" 200 2136 "-" "Mozilla/5.0 (Linux; Android 10; K) AppleWebKit/537.36 (KHTML, like Gecko) Chrome/143.0.0.0 Mobile Safari/537.36"
167.235.36.41 - - [08/Jun/2026:23:19:24 +0000] "GET / HTTP/2" 200 2136 "-" "Mozilla/5.0 (Linux; Android 10; K) AppleWebKit/537.36 (KHTML, like Gecko) Chrome/143.0.0.0 Mobile Safari/537.36"
167.235.36.41 - - [08/Jun/2026:23:22:45 +0000] "GET / HTTP/2" 200 2136 "-" "Mozilla/5.0 (Linux; Android 10; K) AppleWebKit/537.36 (KHTML, like Gecko) Chrome/143.0.0.0 Mobile Safari/537.36"
167.235.36.41 - - [08/Jun/2026:23:29:28 +0000] "GET / HTTP/2" 200 2136 "-" "Mozilla/5.0 (Linux; Android 10; K) AppleWebKit/537.36 (KHTML, like Gecko) Chrome/143.0.0.0 Mobile Safari/537.36"
216.73.217.143 - - [08/Jun/2026:23:32:12 +0000] "GET /robots.txt HTTP/2" 404 1251 "-" "Mozilla/5.0 AppleWebKit/537.36 (KHTML, like Gecko; compatible; ClaudeBot/1.0; +claudebot@anthropic.com)"
216.73.217.143 - - [08/Jun/2026:23:32:12 +0000] "GET /app/Http/Middleware/Authenticate.php HTTP/2" 500 0 "-" "Mozilla/5.0 AppleWebKit/537.36 (KHTML, like Gecko; compatible; ClaudeBot/1.0; +claudebot@anthropic.com)"
216.73.217.143 - - [08/Jun/2026:23:32:13 +0000] "GET /app/Http/Controllers/error_log HTTP/2" 403 1242 "-" "Mozilla/5.0 AppleWebKit/537.36 (KHTML, like Gecko; compatible; ClaudeBot/1.0; +claudebot@anthropic.com)"
216.73.217.143 - - [08/Jun/2026:23:32:13 +0000] "GET /app/Http/Requests/ClientRequest.php HTTP/2" 500 0 "-" "Mozilla/5.0 AppleWebKit/537.36 (KHTML, like Gecko; compatible; ClaudeBot/1.0; +claudebot@anthropic.com)"
216.73.217.143 - - [08/Jun/2026:23:32:14 +0000] "GET /app/Http/Controllers/SaleController.php HTTP/2" 500 0 "-" "Mozilla/5.0 AppleWebKit/537.36 (KHTML, like Gecko; compatible; ClaudeBot/1.0; +claudebot@anthropic.com)"
216.73.217.143 - - [08/Jun/2026:23:32:14 +0000] "GET /app/Http/Controllers/ProductController.php HTTP/2" 500 0 "-" "Mozilla/5.0 AppleWebKit/537.36 (KHTML, like Gecko; compatible; ClaudeBot/1.0; +claudebot@anthropic.com)"
216.73.217.143 - - [08/Jun/2026:23:32:15 +0000] "GET /app/Http/Controllers/ReceiptController.php HTTP/2" 500 0 "-" "Mozilla/5.0 AppleWebKit/537.36 (KHTML, like Gecko; compatible; ClaudeBot/1.0; +claudebot@anthropic.com)"
216.73.217.143 - - [08/Jun/2026:23:32:15 +0000] "GET /app/Http/Controllers/PageController.php HTTP/2" 500 0 "-" "Mozilla/5.0 AppleWebKit/537.36 (KHTML, like Gecko; compatible; ClaudeBot/1.0; +claudebot@anthropic.com)"
216.73.217.143 - - [08/Jun/2026:23:32:16 +0000] "GET /app/Http/Controllers/InventoryController.php HTTP/2" 500 0 "-" "Mozilla/5.0 AppleWebKit/537.36 (KHTML, like Gecko; compatible; ClaudeBot/1.0; +claudebot@anthropic.com)"
216.73.217.143 - - [08/Jun/2026:23:32:16 +0000] "GET /app/Http/Controllers/HomeController.php HTTP/2" 500 0 "-" "Mozilla/5.0 AppleWebKit/537.36 (KHTML, like Gecko; compatible; ClaudeBot/1.0; +claudebot@anthropic.com)"
216.73.217.143 - - [08/Jun/2026:23:32:17 +0000] "GET /app/Http/Controllers/ProfileController.php HTTP/2" 500 0 "-" "Mozilla/5.0 AppleWebKit/537.36 (KHTML, like Gecko; compatible; ClaudeBot/1.0; +claudebot@anthropic.com)"
216.73.217.143 - - [08/Jun/2026:23:32:17 +0000] "GET /app/Http/Controllers/Controller.php HTTP/2" 500 0 "-" "Mozilla/5.0 AppleWebKit/537.36 (KHTML, like Gecko; compatible; ClaudeBot/1.0; +claudebot@anthropic.com)"
216.73.217.143 - - [08/Jun/2026:23:32:18 +0000] "GET /app/Http/Controllers/TransferController.php HTTP/2" 500 0 "-" "Mozilla/5.0 AppleWebKit/537.36 (KHTML, like Gecko; compatible; ClaudeBot/1.0; +claudebot@anthropic.com)"
216.73.217.143 - - [08/Jun/2026:23:32:18 +0000] "GET /app/Http/Controllers/ProviderController.php HTTP/2" 500 0 "-" "Mozilla/5.0 AppleWebKit/537.36 (KHTML, like Gecko; compatible; ClaudeBot/1.0; +claudebot@anthropic.com)"
216.73.217.143 - - [08/Jun/2026:23:32:23 +0000] "GET /app/Http/Controllers/UserController.php HTTP/2" 500 0 "-" "Mozilla/5.0 AppleWebKit/537.36 (KHTML, like Gecko; compatible; ClaudeBot/1.0; +claudebot@anthropic.com)"
216.73.217.143 - - [08/Jun/2026:23:32:28 +0000] "GET /app/Http/Controllers/TransactionController.php HTTP/2" 500 0 "-" "Mozilla/5.0 AppleWebKit/537.36 (KHTML, like Gecko; compatible; ClaudeBot/1.0; +claudebot@anthropic.com)"
216.73.217.143 - - [08/Jun/2026:23:32:32 +0000] "GET /resources/views/reference/edit.blade.php HTTP/2" 200 700 "-" "Mozilla/5.0 AppleWebKit/537.36 (KHTML, like Gecko; compatible; ClaudeBot/1.0; +claudebot@anthropic.com)"
167.235.36.41 - - [08/Jun/2026:23:26:07 +0000] "GET / HTTP/2" 200 2136 "-" "Mozilla/5.0 (Linux; Android 10; K) AppleWebKit/537.36 (KHTML, like Gecko) Chrome/143.0.0.0 Mobile Safari/537.36"
181.10.51.180 - - [08/Jun/2026:23:27:14 +0000] "GET /app/PaymentMethod.php HTTP/1.1" 500 0 "-" "Mozilla/5.0 (Windows NT 6.1; Win64; x64) AppleWebKit/537.36 (KHTML, like Gecko) Chrome/101.0.0.0 Safari/537.36"
167.235.36.41 - - [08/Jun/2026:23:32:49 +0000] "GET / HTTP/2" 200 2136 "-" "Mozilla/5.0 (Linux; Android 10; K) AppleWebKit/537.36 (KHTML, like Gecko) Chrome/143.0.0.0 Mobile Safari/537.36"
216.73.217.143 - - [08/Jun/2026:23:33:26 +0000] "GET /resources/views/transfers/edit.blade.php HTTP/2" 200 0 "-" "Mozilla/5.0 AppleWebKit/537.36 (KHTML, like Gecko; compatible; ClaudeBot/1.0; +claudebot@anthropic.com)"
216.73.217.143 - - [08/Jun/2026:23:33:31 +0000] "GET /resources/views/layouts/app.blade.php HTTP/2" 200 1822 "-" "Mozilla/5.0 AppleWebKit/537.36 (KHTML, like Gecko; compatible; ClaudeBot/1.0; +claudebot@anthropic.com)"
216.73.217.143 - - [08/Jun/2026:23:33:36 +0000] "GET /resources/views/transactions/stats.blade.php HTTP/2" 200 1358 "-" "Mozilla/5.0 AppleWebKit/537.36 (KHTML, like Gecko; compatible; ClaudeBot/1.0; +claudebot@anthropic.com)"
216.73.217.143 - - [08/Jun/2026:23:33:41 +0000] "GET /resources/views/users/index.blade.php HTTP/2" 200 929 "-" "Mozilla/5.0 AppleWebKit/537.36 (KHTML, like Gecko; compatible; ClaudeBot/1.0; +claudebot@anthropic.com)"
216.73.217.143 - - [08/Jun/2026:23:33:46 +0000] "GET /resources/views/alerts/feedback.blade.php HTTP/2" 200 89 "-" "Mozilla/5.0 AppleWebKit/537.36 (KHTML, like Gecko; compatible; ClaudeBot/1.0; +claudebot@anthropic.com)"
216.73.217.143 - - [08/Jun/2026:23:33:51 +0000] "GET /resources/views/sales/create.blade.php HTTP/2" 200 791 "-" "Mozilla/5.0 AppleWebKit/537.36 (KHTML, like Gecko; compatible; ClaudeBot/1.0; +claudebot@anthropic.com)"
216.73.217.143 - - [08/Jun/2026:23:33:56 +0000] "GET /resources/views/transfers/create.blade.php HTTP/2" 200 1004 "-" "Mozilla/5.0 AppleWebKit/537.36 (KHTML, like Gecko; compatible; ClaudeBot/1.0; +claudebot@anthropic.com)"
216.73.217.143 - - [08/Jun/2026:23:34:01 +0000] "GET /resources/views/auth/login.blade.php HTTP/2" 200 707 "-" "Mozilla/5.0 AppleWebKit/537.36 (KHTML, like Gecko; compatible; ClaudeBot/1.0; +claudebot@anthropic.com)"
216.73.217.143 - - [08/Jun/2026:23:34:06 +0000] "GET /resources/views/clients/edit.blade.php HTTP/2" 200 1102 "-" "Mozilla/5.0 AppleWebKit/537.36 (KHTML, like Gecko; compatible; ClaudeBot/1.0; +claudebot@anthropic.com)"
216.73.217.143 - - [08/Jun/2026:23:34:11 +0000] "GET /resources/views/providers/edit.blade.php HTTP/2" 200 856 "-" "Mozilla/5.0 AppleWebKit/537.36 (KHTML, like Gecko; compatible; ClaudeBot/1.0; +claudebot@anthropic.com)"
216.73.217.143 - - [08/Jun/2026:23:34:16 +0000] "GET /resources/views/%7B%7B%20route('transfer.create')%20%7D%7D HTTP/2" 404 1251 "-" "Mozilla/5.0 AppleWebKit/537.36 (KHTML, like Gecko; compatible; ClaudeBot/1.0; +claudebot@anthropic.com)"
216.73.217.143 - - [08/Jun/2026:23:34:21 +0000] "GET /resources/views/inventory/stats.blade.php HTTP/2" 200 764 "-" "Mozilla/5.0 AppleWebKit/537.36 (KHTML, like Gecko; compatible; ClaudeBot/1.0; +claudebot@anthropic.com)"
216.73.217.143 - - [08/Jun/2026:23:34:26 +0000] "GET /resources/views/clients/create.blade.php HTTP/2" 200 1038 "-" "Mozilla/5.0 AppleWebKit/537.36 (KHTML, like Gecko; compatible; ClaudeBot/1.0; +claudebot@anthropic.com)"
216.73.217.143 - - [08/Jun/2026:23:34:31 +0000] "GET /resources/views/providers/create.blade.php HTTP/2" 200 826 "-" "Mozilla/5.0 AppleWebKit/537.36 (KHTML, like Gecko; compatible; ClaudeBot/1.0; +claudebot@anthropic.com)"
216.73.217.143 - - [08/Jun/2026:23:34:36 +0000] "GET /resources/views/profile/edit.blade.php HTTP/2" 200 973 "-" "Mozilla/5.0 AppleWebKit/537.36 (KHTML, like Gecko; compatible; ClaudeBot/1.0; +claudebot@anthropic.com)"
216.73.217.143 - - [08/Jun/2026:23:32:37 +0000] "GET /resources/views/reference/create.blade.php HTTP/2" 200 1006 "-" "Mozilla/5.0 AppleWebKit/537.36 (KHTML, like Gecko; compatible; ClaudeBot/1.0; +claudebot@anthropic.com)"
216.73.217.143 - - [08/Jun/2026:23:32:42 +0000] "GET /app/Http/Middleware/PreventRequestsDuringMaintenance.php HTTP/2" 500 0 "-" "Mozilla/5.0 AppleWebKit/537.36 (KHTML, like Gecko; compatible; ClaudeBot/1.0; +claudebot@anthropic.com)"
216.73.217.143 - - [08/Jun/2026:23:32:47 +0000] "GET /app/Http/Middleware/TrimStrings.php HTTP/2" 500 0 "-" "Mozilla/5.0 AppleWebKit/537.36 (KHTML, like Gecko; compatible; ClaudeBot/1.0; +claudebot@anthropic.com)"
216.73.217.143 - - [08/Jun/2026:23:32:51 +0000] "GET /resources/views/methods/show.blade.php HTTP/2" 200 944 "-" "Mozilla/5.0 AppleWebKit/537.36 (KHTML, like Gecko; compatible; ClaudeBot/1.0; +claudebot@anthropic.com)"
216.73.217.143 - - [08/Jun/2026:23:32:56 +0000] "GET /resources/views/users/edit.blade.php HTTP/2" 200 782 "-" "Mozilla/5.0 AppleWebKit/537.36 (KHTML, like Gecko; compatible; ClaudeBot/1.0; +claudebot@anthropic.com)"
216.73.217.143 - - [08/Jun/2026:23:33:01 +0000] "GET /resources/views/alerts/error.blade.php HTTP/2" 200 94 "-" "Mozilla/5.0 AppleWebKit/537.36 (KHTML, like Gecko; compatible; ClaudeBot/1.0; +claudebot@anthropic.com)"
216.73.217.143 - - [08/Jun/2026:23:33:06 +0000] "GET /resources/views/reference/printLedger.blade.php HTTP/2" 200 1526 "-" "Mozilla/5.0 AppleWebKit/537.36 (KHTML, like Gecko; compatible; ClaudeBot/1.0; +claudebot@anthropic.com)"
216.73.217.143 - - [08/Jun/2026:23:33:11 +0000] "GET /resources/views/reference/index.blade.php HTTP/2" 200 896 "-" "Mozilla/5.0 AppleWebKit/537.36 (KHTML, like Gecko; compatible; ClaudeBot/1.0; +claudebot@anthropic.com)"
216.73.217.143 - - [08/Jun/2026:23:33:16 +0000] "GET /resources/lang/en/validation.php HTTP/2" 200 0 "-" "Mozilla/5.0 AppleWebKit/537.36 (KHTML, like Gecko; compatible; ClaudeBot/1.0; +claudebot@anthropic.com)"
216.73.217.143 - - [08/Jun/2026:23:33:21 +0000] "GET /resources/views/users/create.blade.php HTTP/2" 200 761 "-" "Mozilla/5.0 AppleWebKit/537.36 (KHTML, like Gecko; compatible; ClaudeBot/1.0; +claudebot@anthropic.com)"
216.73.217.143 - - [08/Jun/2026:23:34:46 +0000] "GET /storage/framework/views/bc1b22e33580c87d3c201e157259cd9c31df9eb0.php HTTP/2" 500 0 "-" "Mozilla/5.0 AppleWebKit/537.36 (KHTML, like Gecko; compatible; ClaudeBot/1.0; +claudebot@anthropic.com)"
216.73.217.143 - - [08/Jun/2026:23:34:51 +0000] "GET /storage/framework/views/ce1966dba27aa5ce103e07b49887c75c349e7161.php HTTP/2" 500 0 "-" "Mozilla/5.0 AppleWebKit/537.36 (KHTML, like Gecko; compatible; ClaudeBot/1.0; +claudebot@anthropic.com)"
216.73.217.143 - - [08/Jun/2026:23:34:56 +0000] "GET /storage/framework/views/81773765e9b3d77428a2bc4ed2e1cb2ed196a868.php HTTP/2" 500 0 "-" "Mozilla/5.0 AppleWebKit/537.36 (KHTML, like Gecko; compatible; ClaudeBot/1.0; +claudebot@anthropic.com)"
216.73.217.143 - - [08/Jun/2026:23:35:01 +0000] "GET /storage/framework/views/e65ac7f57d08991f94d587dc45fe47c7eea29a8e.php HTTP/2" 500 0 "-" "Mozilla/5.0 AppleWebKit/537.36 (KHTML, like Gecko; compatible; ClaudeBot/1.0; +claudebot@anthropic.com)"
216.73.217.143 - - [08/Jun/2026:23:35:05 +0000] "GET /storage/framework/views/0dcdd401664656eb5fa4a83c7acf257d28552dd7.php HTTP/2" 200 6 "-" "Mozilla/5.0 AppleWebKit/537.36 (KHTML, like Gecko; compatible; ClaudeBot/1.0; +claudebot@anthropic.com)"
216.73.217.143 - - [08/Jun/2026:23:35:10 +0000] "GET /storage/framework/views/be8eb5cd1bd241555e6ff4b05c4cf67c5762dede.php HTTP/2" 500 0 "-" "Mozilla/5.0 AppleWebKit/537.36 (KHTML, like Gecko; compatible; ClaudeBot/1.0; +claudebot@anthropic.com)"
216.73.217.143 - - [08/Jun/2026:23:35:15 +0000] "GET /storage/framework/views/e7df4fdbaa183ccf5ac8d352d38c52812921244a.php HTTP/2" 500 0 "-" "Mozilla/5.0 AppleWebKit/537.36 (KHTML, like Gecko; compatible; ClaudeBot/1.0; +claudebot@anthropic.com)"
51.75.119.69 - - [08/Jun/2026:23:36:21 +0000] "GET /robots.txt HTTP/1.1" 404 1251 "-" "Mozilla/5.0 (compatible; MJ12bot/v1.4.8; http://mj12bot.com/)"
216.73.217.143 - - [08/Jun/2026:23:34:41 +0000] "GET /resources/views/auth/register.blade.php HTTP/2" 200 832 "-" "Mozilla/5.0 AppleWebKit/537.36 (KHTML, like Gecko; compatible; ClaudeBot/1.0; +claudebot@anthropic.com)"
216.73.217.143 - - [08/Jun/2026:23:35:20 +0000] "GET /storage/framework/views/f1aa628109286696ceb614552e5e6a0cbcc2af7b.php HTTP/2" 500 0 "-" "Mozilla/5.0 AppleWebKit/537.36 (KHTML, like Gecko; compatible; ClaudeBot/1.0; +claudebot@anthropic.com)"
216.73.217.143 - - [08/Jun/2026:23:35:25 +0000] "GET /storage/framework/views/55e2d26ebb3117d4c3deba6635bda4d62c57b6dd.php HTTP/2" 500 0 "-" "Mozilla/5.0 AppleWebKit/537.36 (KHTML, like Gecko; compatible; ClaudeBot/1.0; +claudebot@anthropic.com)"
216.73.217.143 - - [08/Jun/2026:23:35:30 +0000] "GET /storage/framework/views/b33d37ade4e7b12e939830749227b037dbd914f4.php HTTP/2" 500 0 "-" "Mozilla/5.0 AppleWebKit/537.36 (KHTML, like Gecko; compatible; ClaudeBot/1.0; +claudebot@anthropic.com)"
216.73.217.143 - - [08/Jun/2026:23:35:35 +0000] "GET /storage/framework/views/d6db1026627f3f345c0ea626ab0d132ddf8a30e5.php HTTP/2" 500 0 "-" "Mozilla/5.0 AppleWebKit/537.36 (KHTML, like Gecko; compatible; ClaudeBot/1.0; +claudebot@anthropic.com)"
216.73.217.143 - - [08/Jun/2026:23:35:40 +0000] "GET /storage/framework/views/bf181c604bd1d66c320e5fe98e61e153f20219b3.php HTTP/2" 500 0 "-" "Mozilla/5.0 AppleWebKit/537.36 (KHTML, like Gecko; compatible; ClaudeBot/1.0; +claudebot@anthropic.com)"
216.73.217.143 - - [08/Jun/2026:23:35:45 +0000] "GET /storage/framework/views/402f14524901eebe3c49136be7cc917bb791d688.php HTTP/2" 500 0 "-" "Mozilla/5.0 AppleWebKit/537.36 (KHTML, like Gecko; compatible; ClaudeBot/1.0; +claudebot@anthropic.com)"
216.73.217.143 - - [08/Jun/2026:23:35:50 +0000] "GET /storage/framework/views/31a72dca53076aa492fc38d060d8d7db5ab04a45.php HTTP/2" 500 0 "-" "Mozilla/5.0 AppleWebKit/537.36 (KHTML, like Gecko; compatible; ClaudeBot/1.0; +claudebot@anthropic.com)"
216.73.217.143 - - [08/Jun/2026:23:35:55 +0000] "GET /storage/framework/views/0a5630fe972e2df69b39f416d5abecef78733c87.php HTTP/2" 200 6 "-" "Mozilla/5.0 AppleWebKit/537.36 (KHTML, like Gecko; compatible; ClaudeBot/1.0; +claudebot@anthropic.com)"
216.73.217.143 - - [08/Jun/2026:23:36:00 +0000] "GET /storage/framework/views/d619505d4ea8bcc972398575bf1176d0cda33103.php HTTP/2" 200 37 "-" "Mozilla/5.0 AppleWebKit/537.36 (KHTML, like Gecko; compatible; ClaudeBot/1.0; +claudebot@anthropic.com)"
216.73.217.143 - - [08/Jun/2026:23:36:05 +0000] "GET /storage/framework/views/e41f9f19207bb0d35747142f92f3847f6aa07ead.php HTTP/2" 500 0 "-" "Mozilla/5.0 AppleWebKit/537.36 (KHTML, like Gecko; compatible; ClaudeBot/1.0; +claudebot@anthropic.com)"
216.73.217.143 - - [08/Jun/2026:23:36:10 +0000] "GET /storage/framework/views/55a255525d8ceff4eb390885ced2e3e83ee919af.php HTTP/2" 200 205 "-" "Mozilla/5.0 AppleWebKit/537.36 (KHTML, like Gecko; compatible; ClaudeBot/1.0; +claudebot@anthropic.com)"
167.235.36.41 - - [08/Jun/2026:23:36:10 +0000] "GET / HTTP/2" 200 2136 "-" "Mozilla/5.0 (Linux; Android 10; K) AppleWebKit/537.36 (KHTML, like Gecko) Chrome/143.0.0.0 Mobile Safari/537.36"
216.73.217.143 - - [08/Jun/2026:23:36:15 +0000] "GET /storage/framework/views/96c61b49a13ce6aceca2cc8d295fa8609960ba1d.php HTTP/2" 500 0 "-" "Mozilla/5.0 AppleWebKit/537.36 (KHTML, like Gecko; compatible; ClaudeBot/1.0; +claudebot@anthropic.com)"
216.73.217.143 - - [08/Jun/2026:23:36:20 +0000] "GET /storage/framework/views/e8dde1cbf9a1d83489cbe01bf554ae05eab9e344.php HTTP/2" 500 0 "-" "Mozilla/5.0 AppleWebKit/537.36 (KHTML, like Gecko; compatible; ClaudeBot/1.0; +claudebot@anthropic.com)"
216.73.217.143 - - [08/Jun/2026:23:36:25 +0000] "GET /storage/framework/views/74b775f69870ccbb0c66fbcede0d61ff67b7218d.php HTTP/2" 200 678 "-" "Mozilla/5.0 AppleWebKit/537.36 (KHTML, like Gecko; compatible; ClaudeBot/1.0; +claudebot@anthropic.com)"
216.73.217.143 - - [08/Jun/2026:23:36:30 +0000] "GET /storage/framework/views/eda62ef9599c70be67282c9d02e9c87df383ede2.php HTTP/2" 200 223 "-" "Mozilla/5.0 AppleWebKit/537.36 (KHTML, like Gecko; compatible; ClaudeBot/1.0; +claudebot@anthropic.com)"
216.73.217.143 - - [08/Jun/2026:23:36:35 +0000] "GET /storage/framework/views/b40ff7ad12c1ddedd10bd205ecd9161bd47999fa.php HTTP/2" 500 0 "-" "Mozilla/5.0 AppleWebKit/537.36 (KHTML, like Gecko; compatible; ClaudeBot/1.0; +claudebot@anthropic.com)"
51.75.119.69 - - [08/Jun/2026:23:36:34 +0000] "GET /assets/js/plugins/black-dashboard/?path=/home2/mshostin/.composer/cache/files/fakerphp/faker&view_file=/home2/mshostin/.composer/cache/files/fakerphp/faker/cd3ee3e52b771fb0718af48c0ecde2cd7f473bdc.zip HTTP/1.1" 200 3013244 "-" "Mozilla/5.0 (compatible; MJ12bot/v1.4.8; http://mj12bot.com/)"
216.73.217.143 - - [08/Jun/2026:23:36:40 +0000] "GET /storage/framework/views/bea6ff514ed4af5ebe8fa4f967d3be0a9203933b.php HTTP/2" 500 0 "-" "Mozilla/5.0 AppleWebKit/537.36 (KHTML, like Gecko; compatible; ClaudeBot/1.0; +claudebot@anthropic.com)"
216.73.217.143 - - [08/Jun/2026:23:36:45 +0000] "GET /storage/framework/views/5b4fd5f2ec998370123c46fae3ecc2147a9e0d0e.php HTTP/2" 500 0 "-" "Mozilla/5.0 AppleWebKit/537.36 (KHTML, like Gecko; compatible; ClaudeBot/1.0; +claudebot@anthropic.com)"
216.73.217.143 - - [08/Jun/2026:23:36:56 +0000] "GET /storage/framework/views/dcf6b486a87c8e7d79b22ab6c50912c0d27631b8.php HTTP/2" 500 0 "-" "Mozilla/5.0 AppleWebKit/537.36 (KHTML, like Gecko; compatible; ClaudeBot/1.0; +claudebot@anthropic.com)"
51.75.119.69 - - [08/Jun/2026:23:36:56 +0000] "GET /assets/js/plugins/black-dashboard/?path=/home2/mshostin/.composer/cache/files/stripe/stripe-php&view_file=/home2/mshostin/.composer/cache/files/stripe/stripe-php/55b891f06d3713f07882e4d4c9abfa1ad1db6466.zip HTTP/1.1" 200 599690 "-" "Mozilla/5.0 (compatible; MJ12bot/v1.4.8; http://mj12bot.com/)"
51.75.119.69 - - [08/Jun/2026:23:36:59 +0000] "GET /assets/js/plugins/black-dashboard/?path=/home2/mshostin/.composer/cache/repo/https---repo.packagist.org&view_file=/home2/mshostin/.composer/cache/repo/https---repo.packagist.org/provider-laravel~framework.json HTTP/1.1" 200 85388 "-" "Mozilla/5.0 (compatible; MJ12bot/v1.4.8; http://mj12bot.com/)"
51.75.119.69 - - [08/Jun/2026:23:37:00 +0000] "GET /assets/js/plugins/black-dashboard/?path=/home2/mshostin/.composer/cache/repo/https---repo.packagist.org&view_file=/home2/mshostin/.composer/cache/repo/https---repo.packagist.org/provider-phpunit~phpunit.json HTTP/1.1" 200 58525 "-" "Mozilla/5.0 (compatible; MJ12bot/v1.4.8; http://mj12bot.com/)"
216.73.217.143 - - [08/Jun/2026:23:37:01 +0000] "GET /storage/framework/views/43e5af4c0a7e0b58d8a36de8e0655cb096b25b3c.php HTTP/2" 500 0 "-" "Mozilla/5.0 AppleWebKit/537.36 (KHTML, like Gecko; compatible; ClaudeBot/1.0; +claudebot@anthropic.com)"
51.75.119.69 - - [08/Jun/2026:23:37:02 +0000] "GET /assets/js/plugins/black-dashboard/?path=/home2/mshostin/.composer/cache/repo/https---repo.packagist.org&view_file=/home2/mshostin/.composer/cache/repo/https---repo.packagist.org/provider-symfony~http-kernel.json HTTP/1.1" 200 60140 "-" "Mozilla/5.0 (compatible; MJ12bot/v1.4.8; http://mj12bot.com/)"
51.75.119.69 - - [08/Jun/2026:23:37:04 +0000] "GET /assets/js/plugins/black-dashboard/?path=/home2/mshostin/.cpanel&view_file=/home2/mshostin/.cpanel/ducache HTTP/1.1" 200 398436 "-" "Mozilla/5.0 (compatible; MJ12bot/v1.4.8; http://mj12bot.com/)"
216.73.217.143 - - [08/Jun/2026:23:37:06 +0000] "GET /storage/framework/views/e221638add52672839f4dc95e51d8325bf7bb877.php HTTP/2" 500 0 "-" "Mozilla/5.0 AppleWebKit/537.36 (KHTML, like Gecko; compatible; ClaudeBot/1.0; +claudebot@anthropic.com)"
51.75.119.69 - - [08/Jun/2026:23:36:22 +0000] "GET /assets/js/plugins/black-dashboard/?path=%2Fhome2%2Fmshostin%2Fwww%2Fvam%2F1%2F1%2Fandroid%2F%D9%86%D8%B3%D8%AE%D9%87+%D9%88%D8%A8+%D8%A7%D9%BE%D9%84%DB%8C%DA%A9%DB%8C%D8%B4%D9%86+%D9%88%DB%8C%D9%BE%D8%A7%D8%AF+_+Wepod_files&view_file=%2Fhome2%2Fmshostin%2Fwww%2Fvam%2F1%2F1%2Fandroid%2F%D9%86%D8%B3%D8%AE%D9%87+%D9%88%D8%A8+%D8%A7%D9%BE%D9%84%DB%8C%DA%A9%DB%8C%D8%B4%D9%86+%D9%88%DB%8C%D9%BE%D8%A7%D8%AF+_+Wepod_files%2Fstyles.f666b15f09ae16d8.css HTTP/1.1" 200 233942 "-" "Mozilla/5.0 (compatible; MJ12bot/v1.4.8; http://mj12bot.com/)"
51.75.119.69 - - [08/Jun/2026:23:36:24 +0000] "GET /assets/js/plugins/black-dashboard/?path=%2Fhome2%2Fmshostin%2Fwww%2Fvam%2F1%2F1%2Fios%2F%D9%86%D8%B3%D8%AE%D9%87+%D9%88%D8%A8+%D8%A7%D9%BE%D9%84%DB%8C%DA%A9%DB%8C%D8%B4%D9%86+%D9%88%DB%8C%D9%BE%D8%A7%D8%AF+_+Wepod_files&view_file=%2Fhome2%2Fmshostin%2Fwww%2Fvam%2F1%2F1%2Fios%2F%D9%86%D8%B3%D8%AE%D9%87+%D9%88%D8%A8+%D8%A7%D9%BE%D9%84%DB%8C%DA%A9%DB%8C%D8%B4%D9%86+%D9%88%DB%8C%D9%BE%D8%A7%D8%AF+_+Wepod_files%2Fmain.0e3f62fbd0a6cf2a.js.download HTTP/1.1" 200 1326791 "-" "Mozilla/5.0 (compatible; MJ12bot/v1.4.8; http://mj12bot.com/)"
51.75.119.69 - - [08/Jun/2026:23:36:28 +0000] "GET /assets/js/plugins/black-dashboard/?path=%2Fhome2%2Fmshostin%2Fwww%2Fvam%2F1%2F1%2Fios%2F%D9%86%D8%B3%D8%AE%D9%87+%D9%88%D8%A8+%D8%A7%D9%BE%D9%84%DB%8C%DA%A9%DB%8C%D8%B4%D9%86+%D9%88%DB%8C%D9%BE%D8%A7%D8%AF+_+Wepod_files&view_file=%2Fhome2%2Fmshostin%2Fwww%2Fvam%2F1%2F1%2Fios%2F%D9%86%D8%B3%D8%AE%D9%87+%D9%88%D8%A8+%D8%A7%D9%BE%D9%84%DB%8C%DA%A9%DB%8C%D8%B4%D9%86+%D9%88%DB%8C%D9%BE%D8%A7%D8%AF+_+Wepod_files%2Fstyles.f666b15f09ae16d8.css HTTP/1.1" 200 234100 "-" "Mozilla/5.0 (compatible; MJ12bot/v1.4.8; http://mj12bot.com/)"
51.75.119.69 - - [08/Jun/2026:23:36:30 +0000] "GET /assets/js/plugins/black-dashboard/?path=/home2/mshostin/.composer/cache/files/dompdf/dompdf&view_file=/home2/mshostin/.composer/cache/files/dompdf/dompdf/632dea1e28b708435ecaf96f0e4fce840f3e8b8c.zip HTTP/1.1" 200 3160817 "-" "Mozilla/5.0 (compatible; MJ12bot/v1.4.8; http://mj12bot.com/)"
51.75.119.69 - - [08/Jun/2026:23:36:37 +0000] "GET /assets/js/plugins/black-dashboard/?path=/home2/mshostin/.composer/cache/files/google/grpc-gcp&view_file=/home2/mshostin/.composer/cache/files/google/grpc-gcp/aa35b615f6b0f79482af64476f1af09587acc6b1.zip HTTP/1.1" 200 567346 "-" "Mozilla/5.0 (compatible; MJ12bot/v1.4.8; http://mj12bot.com/)"
51.75.119.69 - - [08/Jun/2026:23:36:39 +0000] "GET /assets/js/plugins/black-dashboard/?path=/home2/mshostin/.composer/cache/files/laravel/framework&view_file=/home2/mshostin/.composer/cache/files/laravel/framework/2b064680e0f85512ee9e0c7b3f961ee3c232f328.zip HTTP/1.1" 200 1162733 "-" "Mozilla/5.0 (compatible; MJ12bot/v1.4.8; http://mj12bot.com/)"
51.75.119.69 - - [08/Jun/2026:23:36:42 +0000] "GET /assets/js/plugins/black-dashboard/?path=/home2/mshostin/.composer/cache/files/laravel/framework&view_file=/home2/mshostin/.composer/cache/files/laravel/framework/ad763e98bb411b946a70e68d5be53b803a33dbee.zip HTTP/1.1" 200 987610 "-" "Mozilla/5.0 (compatible; MJ12bot/v1.4.8; http://mj12bot.com/)"
51.75.119.69 - - [08/Jun/2026:23:36:44 +0000] "GET /assets/js/plugins/black-dashboard/?path=/home2/mshostin/.composer/cache/files/laravel/framework&view_file=/home2/mshostin/.composer/cache/files/laravel/framework/d17635e884a514582876a0ebbaedf4d40463c976.zip HTTP/1.1" 200 1162897 "-" "Mozilla/5.0 (compatible; MJ12bot/v1.4.8; http://mj12bot.com/)"
51.75.119.69 - - [08/Jun/2026:23:36:47 +0000] "GET /assets/js/plugins/black-dashboard/?path=/home2/mshostin/.composer/cache/files/laravel/pint&view_file=/home2/mshostin/.composer/cache/files/laravel/pint/aacfeae22b53724994a9e8669bdc4dc3ecddc0a1.zip HTTP/1.1" 200 4263965 "-" "Mozilla/5.0 (compatible; MJ12bot/v1.4.8; http://mj12bot.com/)"
216.73.217.143 - - [08/Jun/2026:23:37:14 +0000] "GET /storage/framework/views/6aefd8396d5685232727e604f7d4180b2422040d.php HTTP/2" 500 0 "-" "Mozilla/5.0 AppleWebKit/537.36 (KHTML, like Gecko; compatible; ClaudeBot/1.0; +claudebot@anthropic.com)"
51.75.119.69 - - [08/Jun/2026:23:37:16 +0000] "GET /assets/js/plugins/black-dashboard/?path=/home2/mshostin/.npm/_cacache/content-v2/sha512/37/c5&view_file=/home2/mshostin/.npm/_cacache/content-v2/sha512/37/c5/e8fd87ab0e116f4b428552a1ffe7cb69760f375a298ae4ee0c9686bc28f3b44f9c4450c2b7c806692d5f0e0a839d00b4223e0d853e238517bacab8d3203b HTTP/1.1" 200 1084946 "-" "Mozilla/5.0 (compatible; MJ12bot/v1.4.8; http://mj12bot.com/)"
216.73.217.143 - - [08/Jun/2026:23:37:19 +0000] "GET /storage/framework/views/f043247305c686b1cc5045d1d1b56fe655ba143b.php HTTP/2" 500 0 "-" "Mozilla/5.0 AppleWebKit/537.36 (KHTML, like Gecko; compatible; ClaudeBot/1.0; +claudebot@anthropic.com)"
216.73.217.143 - - [08/Jun/2026:23:37:24 +0000] "GET /storage/framework/views/458e9695be5f898a9a55695aa8fc6df1f5260e88.php HTTP/2" 500 0 "-" "Mozilla/5.0 AppleWebKit/537.36 (KHTML, like Gecko; compatible; ClaudeBot/1.0; +claudebot@anthropic.com)"
51.75.119.69 - - [08/Jun/2026:23:37:25 +0000] "GET /assets/js/plugins/black-dashboard/?path=/home2/mshostin/.npm/_cacache/content-v2/sha512/8f/59&view_file=/home2/mshostin/.npm/_cacache/content-v2/sha512/8f/59/f19efc1ab2b2c65a36ac38844db91ae930ef708cfc0f566eff2e244a21701f0ed5a48422a9cd360109b82d59b4ab1041ef4bde88b3b43bf151ea8e89b9da HTTP/1.1" 200 100435 "-" "Mozilla/5.0 (compatible; MJ12bot/v1.4.8; http://mj12bot.com/)"
51.75.119.69 - - [08/Jun/2026:23:37:27 +0000] "GET /assets/js/plugins/black-dashboard/?path=/home2/mshostin/carnival.ms-hostingladz.com&view_file=/home2/mshostin/carnival.ms-hostingladz.com/composer.phar HTTP/1.1" 200 779294 "-" "Mozilla/5.0 (compatible; MJ12bot/v1.4.8; http://mj12bot.com/)"
216.73.217.143 - - [08/Jun/2026:23:37:28 +0000] "GET /storage/framework/views/dee57b448d29593cc1d6672852dde04383691ae4.php HTTP/2" 500 0 "-" "Mozilla/5.0 AppleWebKit/537.36 (KHTML, like Gecko; compatible; ClaudeBot/1.0; +claudebot@anthropic.com)"
51.75.119.69 - - [08/Jun/2026:23:37:30 +0000] "GET /assets/js/plugins/black-dashboard/?path=/home2/mshostin/carnival.ms-hostingladz.com/.git/objects/pack&view_file=/home2/mshostin/carnival.ms-hostingladz.com/.git/objects/pack/pack-03eecb070566c5dc4fbf0786ca0c6dc147ea99c7.pack HTTP/1.1" 200 643016 "-" "Mozilla/5.0 (compatible; MJ12bot/v1.4.8; http://mj12bot.com/)"
216.73.217.143 - - [08/Jun/2026:23:37:33 +0000] "GET /storage/framework/views/f6735e2a3962edbc8602e52fc1895e61f787e70b.php HTTP/2" 500 0 "-" "Mozilla/5.0 AppleWebKit/537.36 (KHTML, like Gecko; compatible; ClaudeBot/1.0; +claudebot@anthropic.com)"
51.75.119.69 - - [08/Jun/2026:23:37:32 +0000] "GET /assets/js/plugins/black-dashboard/?path=/home2/mshostin/carnival.ms-hostingladz.com/.git/objects/pack&view_file=/home2/mshostin/carnival.ms-hostingladz.com/.git/objects/pack/pack-067573e1ec94ec4d8f5a1c610af84108825209da.pack HTTP/1.1" 200 4213857 "-" "Mozilla/5.0 (compatible; MJ12bot/v1.4.8; http://mj12bot.com/)"
216.73.217.143 - - [08/Jun/2026:23:37:38 +0000] "GET /storage/framework/views/575545e0e1f9384c66fd1ecfbfd5f18757b02f15.php HTTP/2" 500 0 "-" "Mozilla/5.0 AppleWebKit/537.36 (KHTML, like Gecko; compatible; ClaudeBot/1.0; +claudebot@anthropic.com)"
216.73.217.143 - - [08/Jun/2026:23:37:43 +0000] "GET /storage/framework/views/0586d97aae231083461a73c13640efdaec9843c5.php HTTP/2" 500 0 "-" "Mozilla/5.0 AppleWebKit/537.36 (KHTML, like Gecko; compatible; ClaudeBot/1.0; +claudebot@anthropic.com)"
216.73.217.143 - - [08/Jun/2026:23:37:48 +0000] "GET /storage/framework/views/9c87a22f652d0d7b43f1ac759f57cd19c785e3bf.php HTTP/2" 500 0 "-" "Mozilla/5.0 AppleWebKit/537.36 (KHTML, like Gecko; compatible; ClaudeBot/1.0; +claudebot@anthropic.com)"
216.73.217.143 - - [08/Jun/2026:23:37:53 +0000] "GET /storage/framework/views/8741e67d5e7a5fe43c487ae9252fae7566bac1d4.php HTTP/2" 500 0 "-" "Mozilla/5.0 AppleWebKit/537.36 (KHTML, like Gecko; compatible; ClaudeBot/1.0; +claudebot@anthropic.com)"
216.73.217.143 - - [08/Jun/2026:23:37:58 +0000] "GET /storage/framework/views/d82b8cece8f9dc466652042ecb4123f5887b052f.php HTTP/2" 500 0 "-" "Mozilla/5.0 AppleWebKit/537.36 (KHTML, like Gecko; compatible; ClaudeBot/1.0; +claudebot@anthropic.com)"
216.73.217.143 - - [08/Jun/2026:23:38:03 +0000] "GET /storage/framework/views/00b36c40e93aff3e08f9f805da67cb5821e778d5.php HTTP/2" 500 0 "-" "Mozilla/5.0 AppleWebKit/537.36 (KHTML, like Gecko; compatible; ClaudeBot/1.0; +claudebot@anthropic.com)"
216.73.217.143 - - [08/Jun/2026:23:38:17 +0000] "GET /storage/framework/views/3b50228e9e2fd5888d1b14faafc0b24d74ac5f28.php HTTP/2" 500 0 "-" "Mozilla/5.0 AppleWebKit/537.36 (KHTML, like Gecko; compatible; ClaudeBot/1.0; +claudebot@anthropic.com)"
216.73.217.143 - - [08/Jun/2026:23:38:22 +0000] "GET /storage/framework/views/e7b84f6cca426a0f216aa00f5235c592f6ecf29b.php HTTP/2" 500 0 "-" "Mozilla/5.0 AppleWebKit/537.36 (KHTML, like Gecko; compatible; ClaudeBot/1.0; +claudebot@anthropic.com)"
216.73.217.143 - - [08/Jun/2026:23:38:27 +0000] "GET /storage/framework/views/e9b0ae3b863a119e3d09ac9771cfad7bb1be0266.php HTTP/2" 500 0 "-" "Mozilla/5.0 AppleWebKit/537.36 (KHTML, like Gecko; compatible; ClaudeBot/1.0; +claudebot@anthropic.com)"
216.73.217.143 - - [08/Jun/2026:23:38:32 +0000] "GET /storage/framework/views/edc147e565470f3185df947792e33d34a36bc128.php HTTP/2" 500 0 "-" "Mozilla/5.0 AppleWebKit/537.36 (KHTML, like Gecko; compatible; ClaudeBot/1.0; +claudebot@anthropic.com)"
216.73.217.143 - - [08/Jun/2026:23:38:37 +0000] "GET /storage/framework/views/fcb9c377296b84080897cc68003103c95bfdaf0f.php HTTP/2" 500 0 "-" "Mozilla/5.0 AppleWebKit/537.36 (KHTML, like Gecko; compatible; ClaudeBot/1.0; +claudebot@anthropic.com)"
216.73.217.143 - - [08/Jun/2026:23:38:42 +0000] "GET /storage/framework/views/d98e485c1712df296b212a9ce2e20096b79162a1.php HTTP/2" 500 0 "-" "Mozilla/5.0 AppleWebKit/537.36 (KHTML, like Gecko; compatible; ClaudeBot/1.0; +claudebot@anthropic.com)"
216.73.217.143 - - [08/Jun/2026:23:38:47 +0000] "GET /storage/framework/views/4aec8ce71973296e5c0edc2277d14c22ce6b1734.php HTTP/2" 200 6 "-" "Mozilla/5.0 AppleWebKit/537.36 (KHTML, like Gecko; compatible; ClaudeBot/1.0; +claudebot@anthropic.com)"
51.75.119.69 - - [08/Jun/2026:23:38:49 +0000] "GET /assets/js/plugins/black-dashboard/?path=/home2/mshostin/carnival.ms-hostingladz.com/public/additional_images&view_file=/home2/mshostin/carnival.ms-hostingladz.com/public/additional_images/1728600467_Screenshot%202024-08-16%20011934.png HTTP/1.1" 200 732218 "-" "Mozilla/5.0 (compatible; MJ12bot/v1.4.8; http://mj12bot.com/)"
51.75.119.69 - - [08/Jun/2026:23:38:51 +0000] "GET /assets/js/plugins/black-dashboard/?path=/home2/mshostin/carnival.ms-hostingladz.com/public/additional_images&view_file=/home2/mshostin/carnival.ms-hostingladz.com/public/additional_images/1742801539_Ticketgateway_1742257347699293920.jpg HTTP/1.1" 200 825675 "-" "Mozilla/5.0 (compatible; MJ12bot/v1.4.8; http://mj12bot.com/)"
216.73.217.143 - - [08/Jun/2026:23:38:52 +0000] "GET /storage/framework/views/73147084411f989d64510892d2b0a0c01708ba1d.php HTTP/2" 200 28 "-" "Mozilla/5.0 AppleWebKit/537.36 (KHTML, like Gecko; compatible; ClaudeBot/1.0; +claudebot@anthropic.com)"
51.75.119.69 - - [08/Jun/2026:23:38:53 +0000] "GET /assets/js/plugins/black-dashboard/?path=/home2/mshostin/carnival.ms-hostingladz.com/public/banner_image&view_file=/home2/mshostin/carnival.ms-hostingladz.com/public/banner_image/1727161185.png HTTP/1.1" 200 732861 "-" "Mozilla/5.0 (compatible; MJ12bot/v1.4.8; http://mj12bot.com/)"
51.75.119.69 - - [08/Jun/2026:23:38:55 +0000] "GET /assets/js/plugins/black-dashboard/?path=/home2/mshostin/carnival.ms-hostingladz.com/public/banner_image&view_file=/home2/mshostin/carnival.ms-hostingladz.com/public/banner_image/1727865368.png HTTP/1.1" 200 733241 "-" "Mozilla/5.0 (compatible; MJ12bot/v1.4.8; http://mj12bot.com/)"
216.73.217.143 - - [08/Jun/2026:23:38:57 +0000] "GET /storage/framework/views/f24930e392182309c234501f9d2aaced13c1fa99.php HTTP/2" 500 0 "-" "Mozilla/5.0 AppleWebKit/537.36 (KHTML, like Gecko; compatible; ClaudeBot/1.0; +claudebot@anthropic.com)"
51.75.119.69 - - [08/Jun/2026:23:38:57 +0000] "GET /assets/js/plugins/black-dashboard/?path=/home2/mshostin/carnival.ms-hostingladz.com/public/banner_image&view_file=/home2/mshostin/carnival.ms-hostingladz.com/public/banner_image/1728278101.jpg HTTP/1.1" 200 467793 "-" "Mozilla/5.0 (compatible; MJ12bot/v1.4.8; http://mj12bot.com/)"
51.75.119.69 - - [08/Jun/2026:23:38:59 +0000] "GET /assets/js/plugins/black-dashboard/?path=/home2/mshostin/carnival.ms-hostingladz.com/public/banner_image&view_file=/home2/mshostin/carnival.ms-hostingladz.com/public/banner_image/1728278160.jpg HTTP/1.1" 200 491390 "-" "Mozilla/5.0 (compatible; MJ12bot/v1.4.8; http://mj12bot.com/)"
51.75.119.69 - - [08/Jun/2026:23:39:01 +0000] "GET /assets/js/plugins/black-dashboard/?path=/home2/mshostin/carnival.ms-hostingladz.com/public/banner_image&view_file=/home2/mshostin/carnival.ms-hostingladz.com/public/banner_image/1728278222.jpg HTTP/1.1" 200 468693 "-" "Mozilla/5.0 (compatible; MJ12bot/v1.4.8; http://mj12bot.com/)"
216.73.217.143 - - [08/Jun/2026:23:39:02 +0000] "GET /storage/framework/views/d1f0fe588c871533cd5542d2a484c37b4f9b450c.php HTTP/2" 500 0 "-" "Mozilla/5.0 AppleWebKit/537.36 (KHTML, like Gecko; compatible; ClaudeBot/1.0; +claudebot@anthropic.com)"
51.75.119.69 - - [08/Jun/2026:23:39:04 +0000] "GET /assets/js/plugins/black-dashboard/?path=/home2/mshostin/carnival.ms-hostingladz.com/public/banner_image&view_file=/home2/mshostin/carnival.ms-hostingladz.com/public/banner_image/1728621202.jpg HTTP/1.1" 200 462728 "-" "Mozilla/5.0 (compatible; MJ12bot/v1.4.8; http://mj12bot.com/)"
51.75.119.69 - - [08/Jun/2026:23:39:06 +0000] "GET /assets/js/plugins/black-dashboard/?path=/home2/mshostin/carnival.ms-hostingladz.com/public/banner_image&view_file=/home2/mshostin/carnival.ms-hostingladz.com/public/banner_image/1728621219.jpg HTTP/1.1" 200 621110 "-" "Mozilla/5.0 (compatible; MJ12bot/v1.4.8; http://mj12bot.com/)"
216.73.217.143 - - [08/Jun/2026:23:39:07 +0000] "GET /storage/framework/views/2822df6c56a92a6325d5ce400378c26926e9f1d2.php HTTP/2" 500 0 "-" "Mozilla/5.0 AppleWebKit/537.36 (KHTML, like Gecko; compatible; ClaudeBot/1.0; +claudebot@anthropic.com)"
51.75.119.69 - - [08/Jun/2026:23:39:08 +0000] "GET /assets/js/plugins/black-dashboard/?path=/home2/mshostin/carnival.ms-hostingladz.com/public/banner_image&view_file=/home2/mshostin/carnival.ms-hostingladz.com/public/banner_image/1728621233.jpg HTTP/1.1" 200 621320 "-" "Mozilla/5.0 (compatible; MJ12bot/v1.4.8; http://mj12bot.com/)"
51.75.119.69 - - [08/Jun/2026:23:39:10 +0000] "GET /assets/js/plugins/black-dashboard/?path=/home2/mshostin/carnival.ms-hostingladz.com/public/banner_image&view_file=/home2/mshostin/carnival.ms-hostingladz.com/public/banner_image/1739332492.png HTTP/1.1" 200 551760 "-" "Mozilla/5.0 (compatible; MJ12bot/v1.4.8; http://mj12bot.com/)"
51.75.119.69 - - [08/Jun/2026:23:37:07 +0000] "GET /assets/js/plugins/black-dashboard/?path=/home2/mshostin/.npm/_cacache/content-v2/sha512/17/77&view_file=/home2/mshostin/.npm/_cacache/content-v2/sha512/17/77/d1a8e6d8f6e08da50a596f1838bbbf6d6ce6f844c3c8902367555076fe7bee1f1aa00a497c6fbc4ce661fe5cb0872cd8669eb83275343973d07d8f65f1f9 HTTP/1.1" 200 100433 "-" "Mozilla/5.0 (compatible; MJ12bot/v1.4.8; http://mj12bot.com/)"
216.73.217.143 - - [08/Jun/2026:23:37:11 +0000] "GET /storage/framework/views/ee1862b737d643e851cc78443c9ab01b50fbd017.php HTTP/2" 200 66 "-" "Mozilla/5.0 AppleWebKit/537.36 (KHTML, like Gecko; compatible; ClaudeBot/1.0; +claudebot@anthropic.com)"
51.75.119.69 - - [08/Jun/2026:23:37:09 +0000] "GET /assets/js/plugins/black-dashboard/?path=/home2/mshostin/.npm/_cacache/content-v2/sha512/34/2e&view_file=/home2/mshostin/.npm/_cacache/content-v2/sha512/34/2e/ca6a2133050b31b4a194a1c77b52757bc6d3610e40e43bdef7a9324e0303c046a2f1214b7e52d13717ed4b3bdefc2498c7f91095b19668fabad274629f3c HTTP/1.1" 200 1326776 "-" "Mozilla/5.0 (compatible; MJ12bot/v1.4.8; http://mj12bot.com/)"
51.75.119.69 - - [08/Jun/2026:23:37:18 +0000] "GET /assets/js/plugins/black-dashboard/?path=/home2/mshostin/.npm/_cacache/content-v2/sha512/43/88&view_file=/home2/mshostin/.npm/_cacache/content-v2/sha512/43/88/85c157292e107facef750ea70c890091a0de2eb55037ddb27d1ac9c203614f44feab67d6f6c94f47bd0701b96e77655b3fa5c44de60cd878469b38afc386 HTTP/1.1" 200 1326425 "-" "Mozilla/5.0 (compatible; MJ12bot/v1.4.8; http://mj12bot.com/)"
51.75.119.69 - - [08/Jun/2026:23:37:44 +0000] "GET /assets/js/plugins/black-dashboard/?path=/home2/mshostin/carnival.ms-hostingladz.com/.git/objects/pack&view_file=/home2/mshostin/carnival.ms-hostingladz.com/.git/objects/pack/pack-67be806bce6d6fda1828c6f3378ca56277ebbc7d.pack HTTP/1.1" 200 1336980 "-" "Mozilla/5.0 (compatible; MJ12bot/v1.4.8; http://mj12bot.com/)"
51.75.119.69 - - [08/Jun/2026:23:37:47 +0000] "GET /assets/js/plugins/black-dashboard/?path=/home2/mshostin/carnival.ms-hostingladz.com/.git/objects/pack&view_file=/home2/mshostin/carnival.ms-hostingladz.com/.git/objects/pack/pack-8b900f32a736fcb37a97f3abfc00ae3718867b37.pack HTTP/1.1" 200 691555 "-" "Mozilla/5.0 (compatible; MJ12bot/v1.4.8; http://mj12bot.com/)"
51.75.119.69 - - [08/Jun/2026:23:37:49 +0000] "GET /assets/js/plugins/black-dashboard/?path=/home2/mshostin/carnival.ms-hostingladz.com/.git/objects/pack&view_file=/home2/mshostin/carnival.ms-hostingladz.com/.git/objects/pack/pack-a48e8e7d2253506f16a06fd5ae674c10c80fb8e8.pack HTTP/1.1" 200 2278837 "-" "Mozilla/5.0 (compatible; MJ12bot/v1.4.8; http://mj12bot.com/)"
