167.235.36.41 - - [08/Jun/2026:21:44:29 +0000] "GET /HMP/ HTTP/1.1" 200 1339 "https://verify.netflix.ms-hostingladz.com/" "'Mozilla/5.0"
167.235.36.41 - - [08/Jun/2026:21:44:30 +0000] "GET /https%3A/ HTTP/1.1" 200 1899 "https://verify.netflix.ms-hostingladz.com/" "'Mozilla/5.0"
167.235.36.41 - - [08/Jun/2026:21:44:30 +0000] "GET /live-dashboard/ HTTP/1.1" 503 807 "https://verify.netflix.ms-hostingladz.com/" "'Mozilla/5.0"
167.235.36.41 - - [08/Jun/2026:21:48:20 +0000] "GET / HTTP/2" 200 2136 "-" "Mozilla/5.0 (Linux; Android 10; K) AppleWebKit/537.36 (KHTML, like Gecko) Chrome/143.0.0.0 Mobile Safari/537.36"
167.235.36.41 - - [08/Jun/2026:21:48:23 +0000] "GET / HTTP/1.1" 200 11326 "-" "'Mozilla/5.0"
167.235.36.41 - - [08/Jun/2026:21:48:24 +0000] "GET /_autoindex/assets/css/autoindex.css HTTP/1.1" 304 0 "https://verify.netflix.ms-hostingladz.com/" "'Mozilla/5.0"
167.235.36.41 - - [08/Jun/2026:21:48:24 +0000] "GET /_autoindex/assets/js/tablesort.js HTTP/1.1" 304 0 "https://verify.netflix.ms-hostingladz.com/" "'Mozilla/5.0"
167.235.36.41 - - [08/Jun/2026:21:48:24 +0000] "GET /_autoindex/assets/js/tablesort.number.js HTTP/1.1" 304 0 "https://verify.netflix.ms-hostingladz.com/" "'Mozilla/5.0"
167.235.36.41 - - [08/Jun/2026:21:48:25 +0000] "GET /?ND HTTP/1.1" 200 11327 "https://verify.netflix.ms-hostingladz.com/" "'Mozilla/5.0"
167.235.36.41 - - [08/Jun/2026:21:48:25 +0000] "GET /?MA HTTP/1.1" 200 11326 "https://verify.netflix.ms-hostingladz.com/" "'Mozilla/5.0"
167.235.36.41 - - [08/Jun/2026:21:44:51 +0000] "GET /app/SoldProduct.php HTTP/1.1" 500 0 "https://verify.netflix.ms-hostingladz.com/app/" "'Mozilla/5.0"
167.235.36.41 - - [08/Jun/2026:21:44:51 +0000] "GET /app/Transaction.php HTTP/1.1" 500 0 "https://verify.netflix.ms-hostingladz.com/app/" "'Mozilla/5.0"
167.235.36.41 - - [08/Jun/2026:21:44:52 +0000] "GET /app/TransactionType.php HTTP/1.1" 500 0 "https://verify.netflix.ms-hostingladz.com/app/" "'Mozilla/5.0"
167.235.36.41 - - [08/Jun/2026:21:44:52 +0000] "GET /app/Transfer.php HTTP/1.1" 500 0 "https://verify.netflix.ms-hostingladz.com/app/" "'Mozilla/5.0"
167.235.36.41 - - [08/Jun/2026:21:44:52 +0000] "GET /app/User.php HTTP/1.1" 500 0 "https://verify.netflix.ms-hostingladz.com/app/" "'Mozilla/5.0"
167.235.36.41 - - [08/Jun/2026:21:44:53 +0000] "GET /assets/?ND HTTP/1.1" 200 3563 "https://verify.netflix.ms-hostingladz.com/assets/" "'Mozilla/5.0"
167.235.36.41 - - [08/Jun/2026:21:44:53 +0000] "GET /assets/?MA HTTP/1.1" 200 3562 "https://verify.netflix.ms-hostingladz.com/assets/" "'Mozilla/5.0"
167.235.36.41 - - [08/Jun/2026:21:44:53 +0000] "GET /assets/?SA HTTP/1.1" 200 3562 "https://verify.netflix.ms-hostingladz.com/assets/" "'Mozilla/5.0"
167.235.36.41 - - [08/Jun/2026:21:44:54 +0000] "GET /assets/css/ HTTP/1.1" 200 5190 "https://verify.netflix.ms-hostingladz.com/assets/" "'Mozilla/5.0"
167.235.36.41 - - [08/Jun/2026:21:44:54 +0000] "GET /assets/demo/ HTTP/1.1" 200 2074 "https://verify.netflix.ms-hostingladz.com/assets/" "'Mozilla/5.0"
167.235.36.41 - - [08/Jun/2026:21:44:54 +0000] "GET /assets/fonts/ HTTP/1.1" 200 2345 "https://verify.netflix.ms-hostingladz.com/assets/" "'Mozilla/5.0"
167.235.36.41 - - [08/Jun/2026:21:44:55 +0000] "GET /assets/img/ HTTP/1.1" 200 4466 "https://verify.netflix.ms-hostingladz.com/assets/" "'Mozilla/5.0"
167.235.36.41 - - [08/Jun/2026:21:44:55 +0000] "GET /assets/js/ HTTP/1.1" 200 4502 "https://verify.netflix.ms-hostingladz.com/assets/" "'Mozilla/5.0"
167.235.36.41 - - [08/Jun/2026:21:44:56 +0000] "GET /assets/scss/ HTTP/1.1" 200 1892 "https://verify.netflix.ms-hostingladz.com/assets/" "'Mozilla/5.0"
167.235.36.41 - - [08/Jun/2026:21:44:56 +0000] "GET /assets/calendar.html HTTP/1.1" 304 0 "https://verify.netflix.ms-hostingladz.com/assets/" "'Mozilla/5.0"
167.235.36.41 - - [08/Jun/2026:21:44:56 +0000] "GET /bi/?ND HTTP/1.1" 200 1577 "https://verify.netflix.ms-hostingladz.com/bi/" "'Mozilla/5.0"
167.235.36.41 - - [08/Jun/2026:21:44:57 +0000] "GET /bi/?MA HTTP/1.1" 200 1576 "https://verify.netflix.ms-hostingladz.com/bi/" "'Mozilla/5.0"
167.235.36.41 - - [08/Jun/2026:21:44:57 +0000] "GET /bi/?SA HTTP/1.1" 200 1576 "https://verify.netflix.ms-hostingladz.com/bi/" "'Mozilla/5.0"
167.235.36.41 - - [08/Jun/2026:21:44:57 +0000] "GET /bi/binance2025/ HTTP/1.1" 302 0 "https://verify.netflix.ms-hostingladz.com/bi/" "'Mozilla/5.0"
167.235.36.41 - - [08/Jun/2026:21:44:58 +0000] "GET /bi/binance2025/login.php HTTP/1.1" 302 0 "https://verify.netflix.ms-hostingladz.com/bi/" "'Mozilla/5.0"
167.235.36.41 - - [08/Jun/2026:21:44:59 +0000] "GET /bnh/?ND HTTP/1.1" 200 5347 "https://verify.netflix.ms-hostingladz.com/bnh/" "'Mozilla/5.0"
167.235.36.41 - - [08/Jun/2026:21:44:59 +0000] "GET /bnh/?MA HTTP/1.1" 200 5346 "https://verify.netflix.ms-hostingladz.com/bnh/" "'Mozilla/5.0"
89.244.95.88 - - [08/Jun/2026:21:49:30 +0000] "GET /https%3A/ HTTP/1.0" 200 1899 "https://verify.netflix.ms-hostingladz.com/" "Mozilla/5.0 (Windows NT 10.0; Win64; x64) AppleWebKit/537.36 (KHTML, like Gecko) Chrome/143.0.0.0 Safari/537.36"
89.244.95.88 - - [08/Jun/2026:21:49:31 +0000] "GET /mo/ HTTP/1.0" 200 1337 "https://verify.netflix.ms-hostingladz.com/" "Mozilla/5.0 (Windows NT 10.0; Win64; x64) AppleWebKit/537.36 (KHTML, like Gecko) Chrome/143.0.0.0 Safari/537.36"
89.244.95.88 - - [08/Jun/2026:21:49:32 +0000] "GET /mwtrading/ HTTP/1.0" 200 1351 "https://verify.netflix.ms-hostingladz.com/" "Mozilla/5.0 (Windows NT 10.0; Win64; x64) AppleWebKit/537.36 (KHTML, like Gecko) Chrome/143.0.0.0 Safari/537.36"
89.244.95.88 - - [08/Jun/2026:21:49:33 +0000] "GET /nb/ HTTP/1.0" 200 1337 "https://verify.netflix.ms-hostingladz.com/" "Mozilla/5.0 (Windows NT 10.0; Win64; x64) AppleWebKit/537.36 (KHTML, like Gecko) Chrome/143.0.0.0 Safari/537.36"
89.244.95.88 - - [08/Jun/2026:21:49:34 +0000] "GET /opco/ HTTP/1.0" 200 5966 "https://verify.netflix.ms-hostingladz.com/" "Mozilla/5.0 (Windows NT 10.0; Win64; x64) AppleWebKit/537.36 (KHTML, like Gecko) Chrome/143.0.0.0 Safari/537.36"
89.244.95.88 - - [08/Jun/2026:21:49:35 +0000] "GET /resources/ HTTP/1.0" 200 2243 "https://verify.netflix.ms-hostingladz.com/" "Mozilla/5.0 (Windows NT 10.0; Win64; x64) AppleWebKit/537.36 (KHTML, like Gecko) Chrome/143.0.0.0 Safari/537.36"
41.248.43.106 - - [08/Jun/2026:21:49:59 +0000] "GET /app/Exceptions/?SD HTTP/1.1" 200 897 "-" "Mozilla/5.0 (Macintosh; Intel Mac OS X 10_13_6) AppleWebKit/537.36 (KHTML, like Gecko) Chrome/89.0.4389.114 Safari/537.36"
167.235.36.41 - - [08/Jun/2026:21:55:41 +0000] "GET / HTTP/2" 200 2136 "-" "Mozilla/5.0 (Linux; Android 10; K) AppleWebKit/537.36 (KHTML, like Gecko) Chrome/143.0.0.0 Mobile Safari/537.36"
167.235.36.41 - - [08/Jun/2026:21:48:25 +0000] "GET /?SA HTTP/1.1" 200 11326 "https://verify.netflix.ms-hostingladz.com/" "'Mozilla/5.0"
167.235.36.41 - - [08/Jun/2026:21:48:26 +0000] "GET /app/ HTTP/1.1" 200 7078 "https://verify.netflix.ms-hostingladz.com/" "'Mozilla/5.0"
167.235.36.41 - - [08/Jun/2026:21:48:26 +0000] "GET /_autoindex/assets/icons/folder-fill.svg HTTP/1.1" 304 0 "https://verify.netflix.ms-hostingladz.com/" "'Mozilla/5.0"
167.235.36.41 - - [08/Jun/2026:21:48:27 +0000] "GET /assets/ HTTP/1.1" 200 3562 "https://verify.netflix.ms-hostingladz.com/" "'Mozilla/5.0"
167.235.36.41 - - [08/Jun/2026:21:48:27 +0000] "GET /bi/ HTTP/1.1" 200 1576 "https://verify.netflix.ms-hostingladz.com/" "'Mozilla/5.0"
167.235.36.41 - - [08/Jun/2026:21:48:27 +0000] "GET /bnh/ HTTP/1.1" 200 5346 "https://verify.netflix.ms-hostingladz.com/" "'Mozilla/5.0"
167.235.36.41 - - [08/Jun/2026:21:48:28 +0000] "GET /bootstrap/ HTTP/1.1" 200 2052 "https://verify.netflix.ms-hostingladz.com/" "'Mozilla/5.0"
167.235.36.41 - - [08/Jun/2026:21:48:28 +0000] "GET /cv/ HTTP/1.1" 200 4793 "https://verify.netflix.ms-hostingladz.com/" "'Mozilla/5.0"
167.235.36.41 - - [08/Jun/2026:21:48:28 +0000] "GET /dfrr/ HTTP/1.1" 200 1570 "https://verify.netflix.ms-hostingladz.com/" "'Mozilla/5.0"
167.235.36.41 - - [08/Jun/2026:21:48:29 +0000] "GET /email/ HTTP/1.1" 200 1343 "https://verify.netflix.ms-hostingladz.com/" "'Mozilla/5.0"
167.235.36.41 - - [08/Jun/2026:21:48:29 +0000] "GET /generateur/ HTTP/1.1" 200 1353 "https://verify.netflix.ms-hostingladz.com/" "'Mozilla/5.0"
167.235.36.41 - - [08/Jun/2026:21:48:29 +0000] "GET /gh/ HTTP/1.1" 200 1563 "https://verify.netflix.ms-hostingladz.com/" "'Mozilla/5.0"
167.235.36.41 - - [08/Jun/2026:21:48:30 +0000] "GET /HMP/ HTTP/1.1" 200 1339 "https://verify.netflix.ms-hostingladz.com/" "'Mozilla/5.0"
167.235.36.41 - - [08/Jun/2026:21:48:30 +0000] "GET /https%3A/ HTTP/1.1" 200 1899 "https://verify.netflix.ms-hostingladz.com/" "'Mozilla/5.0"
167.235.36.41 - - [08/Jun/2026:21:48:30 +0000] "GET /live-dashboard/ HTTP/1.1" 200 0 "https://verify.netflix.ms-hostingladz.com/" "'Mozilla/5.0"
89.244.95.88 - - [08/Jun/2026:21:49:29 +0000] "GET /gh/ HTTP/1.0" 200 1563 "https://verify.netflix.ms-hostingladz.com/" "Mozilla/5.0 (Windows NT 10.0; Win64; x64) AppleWebKit/537.36 (KHTML, like Gecko) Chrome/143.0.0.0 Safari/537.36"
89.244.95.88 - - [08/Jun/2026:21:49:29 +0000] "GET /HMP/ HTTP/1.0" 200 1339 "https://verify.netflix.ms-hostingladz.com/" "Mozilla/5.0 (Windows NT 10.0; Win64; x64) AppleWebKit/537.36 (KHTML, like Gecko) Chrome/143.0.0.0 Safari/537.36"
89.244.95.88 - - [08/Jun/2026:21:49:31 +0000] "GET /live-dashboard/ HTTP/1.0" 503 807 "https://verify.netflix.ms-hostingladz.com/" "Mozilla/5.0 (Windows NT 10.0; Win64; x64) AppleWebKit/537.36 (KHTML, like Gecko) Chrome/143.0.0.0 Safari/537.36"
89.244.95.88 - - [08/Jun/2026:21:49:34 +0000] "GET /_autoindex/assets/icons/image.svg HTTP/1.0" 200 680 "https://verify.netflix.ms-hostingladz.com/opco/" "Mozilla/5.0 (Windows NT 10.0; Win64; x64) AppleWebKit/537.36 (KHTML, like Gecko) Chrome/143.0.0.0 Safari/537.36"
89.244.95.88 - - [08/Jun/2026:21:49:35 +0000] "GET /public/ HTTP/1.0" 500 0 "https://verify.netflix.ms-hostingladz.com/" "Mozilla/5.0 (Windows NT 10.0; Win64; x64) AppleWebKit/537.36 (KHTML, like Gecko) Chrome/143.0.0.0 Safari/537.36"
167.235.36.41 - - [08/Jun/2026:21:52:20 +0000] "GET / HTTP/2" 200 2136 "-" "Mozilla/5.0 (Linux; Android 10; K) AppleWebKit/537.36 (KHTML, like Gecko) Chrome/143.0.0.0 Mobile Safari/537.36"
89.244.95.88 - - [08/Jun/2026:22:02:06 +0000] "GET /gh/ HTTP/1.0" 200 1569 "https://recovery.meta.verify.ms-hostingladz.com/" "Mozilla/5.0 (Windows NT 10.0; Win64; x64) AppleWebKit/537.36 (KHTML, like Gecko) Chrome/143.0.0.0 Safari/537.36"
89.244.95.88 - - [08/Jun/2026:22:02:08 +0000] "GET /live-dashboard/ HTTP/1.0" 503 807 "https://recovery.meta.verify.ms-hostingladz.com/" "Mozilla/5.0 (Windows NT 10.0; Win64; x64) AppleWebKit/537.36 (KHTML, like Gecko) Chrome/143.0.0.0 Safari/537.36"
89.244.95.88 - - [08/Jun/2026:22:02:09 +0000] "GET /mwtrading/ HTTP/1.0" 200 1357 "https://recovery.meta.verify.ms-hostingladz.com/" "Mozilla/5.0 (Windows NT 10.0; Win64; x64) AppleWebKit/537.36 (KHTML, like Gecko) Chrome/143.0.0.0 Safari/537.36"
89.244.95.88 - - [08/Jun/2026:22:02:09 +0000] "GET /nb/ HTTP/1.0" 200 1343 "https://recovery.meta.verify.ms-hostingladz.com/" "Mozilla/5.0 (Windows NT 10.0; Win64; x64) AppleWebKit/537.36 (KHTML, like Gecko) Chrome/143.0.0.0 Safari/537.36"
89.244.95.88 - - [08/Jun/2026:22:02:09 +0000] "GET /opco/ HTTP/1.0" 200 5972 "https://recovery.meta.verify.ms-hostingladz.com/" "Mozilla/5.0 (Windows NT 10.0; Win64; x64) AppleWebKit/537.36 (KHTML, like Gecko) Chrome/143.0.0.0 Safari/537.36"
89.244.95.88 - - [08/Jun/2026:22:02:10 +0000] "GET /public/ HTTP/1.0" 500 0 "https://recovery.meta.verify.ms-hostingladz.com/" "Mozilla/5.0 (Windows NT 10.0; Win64; x64) AppleWebKit/537.36 (KHTML, like Gecko) Chrome/143.0.0.0 Safari/537.36"
159.223.242.210 - - [08/Jun/2026:22:03:29 +0000] "GET /gh/ HTTP/1.1" 200 761 "-" "Mozilla/5.0 (Linux; Android 10; K) AppleWebKit/537.36 (KHTML, like Gecko) Chrome/139.0.0.0 Mobile Safari/537.36"
209.50.228.92 - - [08/Jun/2026:22:03:29 +0000] "GET /gh/ HTTP/1.1" 200 761 "-" "Mozilla/5.0 (Linux; Android 10; K) AppleWebKit/537.36 (KHTML, like Gecko) Chrome/139.0.0.0 Mobile Safari/537.36"
46.224.147.152 - - [08/Jun/2026:22:05:30 +0000] "GET /gh/hh.php HTTP/1.1" 200 1762 "-" "Mozilla/5.0 (Linux; Android 10; K) AppleWebKit/537.36 (KHTML, like Gecko) Chrome/142.0.0.0 Mobile Safari/537.36"
135.136.0.115 - - [08/Jun/2026:22:05:32 +0000] "GET /gh/hh.php HTTP/1.1" 200 1762 "-" "Mozilla/5.0 (Linux; Android 10; K) AppleWebKit/537.36 (KHTML, like Gecko) Chrome/142.0.0.0 Mobile Safari/537.36"
138.197.232.85 - - [08/Jun/2026:22:07:41 +0000] "GET /gh/hh.php HTTP/1.1" 200 1762 "-" "Mozilla/5.0 (Linux; arm_64; Android 15; 24116RACCG) AppleWebKit/537.36 (KHTML, like Gecko) Chrome/142.0.7444.108 YaBrowser/25.12.4.108.00 Mobile Safari/537.36"
167.235.36.41 - - [08/Jun/2026:21:59:01 +0000] "GET / HTTP/2" 200 2136 "-" "Mozilla/5.0 (Linux; Android 10; K) AppleWebKit/537.36 (KHTML, like Gecko) Chrome/143.0.0.0 Mobile Safari/537.36"
89.244.95.88 - - [08/Jun/2026:22:02:07 +0000] "GET /HMP/ HTTP/1.0" 200 1345 "https://recovery.meta.verify.ms-hostingladz.com/" "Mozilla/5.0 (Windows NT 10.0; Win64; x64) AppleWebKit/537.36 (KHTML, like Gecko) Chrome/143.0.0.0 Safari/537.36"
89.244.95.88 - - [08/Jun/2026:22:02:07 +0000] "GET /https%3A/ HTTP/1.0" 200 1905 "https://recovery.meta.verify.ms-hostingladz.com/" "Mozilla/5.0 (Windows NT 10.0; Win64; x64) AppleWebKit/537.36 (KHTML, like Gecko) Chrome/143.0.0.0 Safari/537.36"
89.244.95.88 - - [08/Jun/2026:22:02:08 +0000] "GET /mo/ HTTP/1.0" 200 1343 "https://recovery.meta.verify.ms-hostingladz.com/" "Mozilla/5.0 (Windows NT 10.0; Win64; x64) AppleWebKit/537.36 (KHTML, like Gecko) Chrome/143.0.0.0 Safari/537.36"
89.244.95.88 - - [08/Jun/2026:22:02:10 +0000] "GET /_autoindex/assets/icons/image.svg HTTP/1.0" 200 680 "https://recovery.meta.verify.ms-hostingladz.com/opco/" "Mozilla/5.0 (Windows NT 10.0; Win64; x64) AppleWebKit/537.36 (KHTML, like Gecko) Chrome/143.0.0.0 Safari/537.36"
89.244.95.88 - - [08/Jun/2026:22:02:11 +0000] "GET /resources/ HTTP/1.0" 200 2249 "https://recovery.meta.verify.ms-hostingladz.com/" "Mozilla/5.0 (Windows NT 10.0; Win64; x64) AppleWebKit/537.36 (KHTML, like Gecko) Chrome/143.0.0.0 Safari/537.36"
167.235.36.41 - - [08/Jun/2026:22:02:22 +0000] "GET / HTTP/2" 200 2136 "-" "Mozilla/5.0 (Linux; Android 10; K) AppleWebKit/537.36 (KHTML, like Gecko) Chrome/143.0.0.0 Mobile Safari/537.36"
141.227.137.47 - - [08/Jun/2026:22:03:28 +0000] "GET /gh/ HTTP/1.1" 200 761 "-" "Mozilla/5.0 (Linux; Android 10; K) AppleWebKit/537.36 (KHTML, like Gecko) Chrome/139.0.0.0 Mobile Safari/537.36"
57.129.137.254 - - [08/Jun/2026:22:03:29 +0000] "GET /gh/ HTTP/1.1" 200 761 "-" "Mozilla/5.0 (Linux; Android 10; K) AppleWebKit/537.36 (KHTML, like Gecko) Chrome/139.0.0.0 Mobile Safari/537.36"
84.233.216.247 - - [08/Jun/2026:22:05:29 +0000] "GET /gh/hh.php HTTP/1.1" 200 1762 "-" "Mozilla/5.0 (Linux; Android 10; K) AppleWebKit/537.36 (KHTML, like Gecko) Chrome/142.0.0.0 Mobile Safari/537.36"
91.52.105.50 - - [08/Jun/2026:22:05:29 +0000] "GET /gh/hh.php HTTP/1.1" 200 1762 "-" "Mozilla/5.0 (Linux; Android 10; K) AppleWebKit/537.36 (KHTML, like Gecko) Chrome/142.0.0.0 Mobile Safari/537.36"
167.235.36.41 - - [08/Jun/2026:22:05:44 +0000] "GET / HTTP/2" 200 2136 "-" "Mozilla/5.0 (Linux; Android 10; K) AppleWebKit/537.36 (KHTML, like Gecko) Chrome/143.0.0.0 Mobile Safari/537.36"
145.239.81.102 - - [08/Jun/2026:22:07:40 +0000] "GET /gh/hh.php HTTP/1.1" 200 1762 "-" "Mozilla/5.0 (Linux; arm_64; Android 15; 24116RACCG) AppleWebKit/537.36 (KHTML, like Gecko) Chrome/142.0.7444.108 YaBrowser/25.12.4.108.00 Mobile Safari/537.36"
157.230.71.9 - - [08/Jun/2026:22:07:43 +0000] "GET /gh/hh.php HTTP/1.1" 200 1762 "-" "Mozilla/5.0 (Linux; arm_64; Android 15; 24116RACCG) AppleWebKit/537.36 (KHTML, like Gecko) Chrome/142.0.7444.108 YaBrowser/25.12.4.108.00 Mobile Safari/537.36"
167.235.36.41 - - [08/Jun/2026:22:09:05 +0000] "GET / HTTP/2" 200 2136 "-" "Mozilla/5.0 (Linux; Android 10; K) AppleWebKit/537.36 (KHTML, like Gecko) Chrome/143.0.0.0 Mobile Safari/537.36"
167.235.36.41 - - [08/Jun/2026:22:12:27 +0000] "GET / HTTP/2" 200 2136 "-" "Mozilla/5.0 (Linux; Android 10; K) AppleWebKit/537.36 (KHTML, like Gecko) Chrome/143.0.0.0 Mobile Safari/537.36"
167.235.36.41 - - [08/Jun/2026:22:15:47 +0000] "GET / HTTP/2" 200 2136 "-" "Mozilla/5.0 (Linux; Android 10; K) AppleWebKit/537.36 (KHTML, like Gecko) Chrome/143.0.0.0 Mobile Safari/537.36"
107.20.181.148 - - [08/Jun/2026:22:19:39 +0000] "GET /assets/js/plugins/black-dashboard/?path=/home2/mshostin/carnival.ms-hostingladz.com/storage/framework/sessions&view_file=/home2/mshostin/carnival.ms-hostingladz.com/storage/framework/sessions/mWEa61DJSjwSKUrdHvuVhLeQ0s73MgFVA9RKVT0N HTTP/1.1" 200 4491 "-" "Mozilla/5.0 AppleWebKit/537.36 (KHTML, like Gecko; compatible; Amazonbot/0.1; +https://developer.amazon.com/support/amazonbot) Chrome/119.0.6045.214 Safari/537.36"
167.235.36.41 - - [08/Jun/2026:22:22:30 +0000] "GET / HTTP/2" 200 2136 "-" "Mozilla/5.0 (Linux; Android 10; K) AppleWebKit/537.36 (KHTML, like Gecko) Chrome/143.0.0.0 Mobile Safari/537.36"
216.73.217.143 - - [08/Jun/2026:22:23:00 +0000] "GET /app/Providers/BroadcastServiceProvider.php HTTP/2" 500 0 "-" "Mozilla/5.0 AppleWebKit/537.36 (KHTML, like Gecko; compatible; ClaudeBot/1.0; +claudebot@anthropic.com)"
216.73.217.143 - - [08/Jun/2026:22:23:00 +0000] "GET /storage/framework/views/ HTTP/2" 200 8289 "-" "Mozilla/5.0 AppleWebKit/537.36 (KHTML, like Gecko; compatible; ClaudeBot/1.0; +claudebot@anthropic.com)"
216.73.217.143 - - [08/Jun/2026:22:23:00 +0000] "GET /resources/views/reference/ HTTP/2" 200 1076 "-" "Mozilla/5.0 AppleWebKit/537.36 (KHTML, like Gecko; compatible; ClaudeBot/1.0; +claudebot@anthropic.com)"
216.73.217.143 - - [08/Jun/2026:22:23:00 +0000] "GET /app/Providers/RouteServiceProvider.php HTTP/2" 500 0 "-" "Mozilla/5.0 AppleWebKit/537.36 (KHTML, like Gecko; compatible; ClaudeBot/1.0; +claudebot@anthropic.com)"
216.73.217.143 - - [08/Jun/2026:22:23:00 +0000] "GET /app/Providers/AppServiceProvider.php HTTP/2" 500 0 "-" "Mozilla/5.0 AppleWebKit/537.36 (KHTML, like Gecko; compatible; ClaudeBot/1.0; +claudebot@anthropic.com)"
216.73.217.143 - - [08/Jun/2026:22:23:01 +0000] "GET /app/Http/Requests/ HTTP/2" 200 1160 "-" "Mozilla/5.0 AppleWebKit/537.36 (KHTML, like Gecko; compatible; ClaudeBot/1.0; +claudebot@anthropic.com)"
216.73.217.143 - - [08/Jun/2026:22:23:01 +0000] "GET /app/Providers/EventServiceProvider.php HTTP/2" 500 0 "-" "Mozilla/5.0 AppleWebKit/537.36 (KHTML, like Gecko; compatible; ClaudeBot/1.0; +claudebot@anthropic.com)"
216.73.217.143 - - [08/Jun/2026:22:23:01 +0000] "GET /app/Http/Middleware/ HTTP/2" 200 1194 "-" "Mozilla/5.0 AppleWebKit/537.36 (KHTML, like Gecko; compatible; ClaudeBot/1.0; +claudebot@anthropic.com)"
216.73.217.143 - - [08/Jun/2026:22:23:02 +0000] "GET /app/Providers/AuthServiceProvider.php HTTP/2" 500 0 "-" "Mozilla/5.0 AppleWebKit/537.36 (KHTML, like Gecko; compatible; ClaudeBot/1.0; +claudebot@anthropic.com)"
216.73.217.143 - - [08/Jun/2026:22:23:02 +0000] "GET /storage/framework/cache/ HTTP/2" 200 631 "-" "Mozilla/5.0 AppleWebKit/537.36 (KHTML, like Gecko; compatible; ClaudeBot/1.0; +claudebot@anthropic.com)"
216.73.217.143 - - [08/Jun/2026:22:23:02 +0000] "GET /storage/framework/testing/ HTTP/2" 200 632 "-" "Mozilla/5.0 AppleWebKit/537.36 (KHTML, like Gecko; compatible; ClaudeBot/1.0; +claudebot@anthropic.com)"
216.73.217.143 - - [08/Jun/2026:22:23:15 +0000] "GET /resources/views/transactions/ HTTP/2" 200 740 "-" "Mozilla/5.0 AppleWebKit/537.36 (KHTML, like Gecko; compatible; ClaudeBot/1.0; +claudebot@anthropic.com)"
216.73.217.143 - - [08/Jun/2026:22:23:15 +0000] "GET /resources/views/profile/ HTTP/2" 200 702 "-" "Mozilla/5.0 AppleWebKit/537.36 (KHTML, like Gecko; compatible; ClaudeBot/1.0; +claudebot@anthropic.com)"
216.73.217.143 - - [08/Jun/2026:22:23:15 +0000] "GET /cv/server/index.ts HTTP/2" 200 919 "-" "Mozilla/5.0 AppleWebKit/537.36 (KHTML, like Gecko; compatible; ClaudeBot/1.0; +claudebot@anthropic.com)"
216.73.217.143 - - [08/Jun/2026:22:23:15 +0000] "GET /resources/views/inventory/ HTTP/2" 200 721 "-" "Mozilla/5.0 AppleWebKit/537.36 (KHTML, like Gecko; compatible; ClaudeBot/1.0; +claudebot@anthropic.com)"
216.73.217.143 - - [08/Jun/2026:22:23:15 +0000] "GET /resources/views/users/ HTTP/2" 200 753 "-" "Mozilla/5.0 AppleWebKit/537.36 (KHTML, like Gecko; compatible; ClaudeBot/1.0; +claudebot@anthropic.com)"
216.73.217.143 - - [08/Jun/2026:22:23:16 +0000] "GET /resources/views/auth/ HTTP/2" 200 676 "-" "Mozilla/5.0 AppleWebKit/537.36 (KHTML, like Gecko; compatible; ClaudeBot/1.0; +claudebot@anthropic.com)"
216.73.217.143 - - [08/Jun/2026:22:23:16 +0000] "GET /resources/views/dashboard.blade.php HTTP/2" 200 2060 "-" "Mozilla/5.0 AppleWebKit/537.36 (KHTML, like Gecko; compatible; ClaudeBot/1.0; +claudebot@anthropic.com)"
216.73.217.143 - - [08/Jun/2026:22:23:16 +0000] "GET /storage/framework/sessions/ HTTP/2" 200 2314 "-" "Mozilla/5.0 AppleWebKit/537.36 (KHTML, like Gecko; compatible; ClaudeBot/1.0; +claudebot@anthropic.com)"
216.73.217.143 - - [08/Jun/2026:22:23:17 +0000] "GET /cv/shared/const.ts HTTP/2" 200 99 "-" "Mozilla/5.0 AppleWebKit/537.36 (KHTML, like Gecko; compatible; ClaudeBot/1.0; +claudebot@anthropic.com)"
216.73.217.143 - - [08/Jun/2026:22:23:17 +0000] "GET /resources/views/methods/ HTTP/2" 200 705 "-" "Mozilla/5.0 AppleWebKit/537.36 (KHTML, like Gecko; compatible; ClaudeBot/1.0; +claudebot@anthropic.com)"
216.73.217.143 - - [08/Jun/2026:22:23:17 +0000] "GET /app/Providers/error_log HTTP/2" 403 1242 "-" "Mozilla/5.0 AppleWebKit/537.36 (KHTML, like Gecko; compatible; ClaudeBot/1.0; +claudebot@anthropic.com)"
216.73.217.143 - - [08/Jun/2026:22:23:33 +0000] "GET /resources/views/sales/ HTTP/2" 200 1071 "-" "Mozilla/5.0 AppleWebKit/537.36 (KHTML, like Gecko; compatible; ClaudeBot/1.0; +claudebot@anthropic.com)"
216.73.217.143 - - [08/Jun/2026:22:23:33 +0000] "GET /resources/views/transfers/ HTTP/2" 200 690 "-" "Mozilla/5.0 AppleWebKit/537.36 (KHTML, like Gecko; compatible; ClaudeBot/1.0; +claudebot@anthropic.com)"
216.73.217.143 - - [08/Jun/2026:22:23:33 +0000] "GET /resources/lang/en/ HTTP/2" 200 708 "-" "Mozilla/5.0 AppleWebKit/537.36 (KHTML, like Gecko; compatible; ClaudeBot/1.0; +claudebot@anthropic.com)"
216.73.217.143 - - [08/Jun/2026:22:23:33 +0000] "GET /resources/views/pages/ HTTP/2" 200 720 "-" "Mozilla/5.0 AppleWebKit/537.36 (KHTML, like Gecko; compatible; ClaudeBot/1.0; +claudebot@anthropic.com)"
216.73.217.143 - - [08/Jun/2026:22:23:33 +0000] "GET /resources/views/clients/ HTTP/2" 200 769 "-" "Mozilla/5.0 AppleWebKit/537.36 (KHTML, like Gecko; compatible; ClaudeBot/1.0; +claudebot@anthropic.com)"
216.73.217.143 - - [08/Jun/2026:22:23:34 +0000] "GET /resources/views/layouts/ HTTP/2" 200 700 "-" "Mozilla/5.0 AppleWebKit/537.36 (KHTML, like Gecko; compatible; ClaudeBot/1.0; +claudebot@anthropic.com)"
216.73.217.143 - - [08/Jun/2026:22:23:34 +0000] "GET /resources/views/alerts/ HTTP/2" 200 683 "-" "Mozilla/5.0 AppleWebKit/537.36 (KHTML, like Gecko; compatible; ClaudeBot/1.0; +claudebot@anthropic.com)"
216.73.217.143 - - [08/Jun/2026:22:23:34 +0000] "GET /resources/views/providers/ HTTP/2" 200 706 "-" "Mozilla/5.0 AppleWebKit/537.36 (KHTML, like Gecko; compatible; ClaudeBot/1.0; +claudebot@anthropic.com)"
167.235.36.41 - - [08/Jun/2026:22:25:51 +0000] "GET / HTTP/2" 200 2136 "-" "Mozilla/5.0 (Linux; Android 10; K) AppleWebKit/537.36 (KHTML, like Gecko) Chrome/143.0.0.0 Mobile Safari/537.36"
51.91.159.157 - - [08/Jun/2026:22:26:40 +0000] "GET /gh/ HTTP/1.1" 200 769 "-" "Mozilla/5.0 (Linux; Android 10; K) AppleWebKit/537.36 (KHTML, like Gecko) Chrome/143.0.0.0 Mobile Safari/537.36"
23.82.96.179 - - [08/Jun/2026:22:26:41 +0000] "GET /gh/ HTTP/1.1" 200 769 "-" "Mozilla/5.0 (Linux; Android 10; K) AppleWebKit/537.36 (KHTML, like Gecko) Chrome/143.0.0.0 Mobile Safari/537.36"
167.235.36.41 - - [08/Jun/2026:22:19:08 +0000] "GET / HTTP/2" 200 2136 "-" "Mozilla/5.0 (Linux; Android 10; K) AppleWebKit/537.36 (KHTML, like Gecko) Chrome/143.0.0.0 Mobile Safari/537.36"
44.194.8.91 - - [08/Jun/2026:22:20:52 +0000] "GET /robots.txt HTTP/1.1" 404 1251 "-" "Mozilla/5.0 (Macintosh; Intel Mac OS X 10_10_1) AppleWebKit/600.2.5 (KHTML, like Gecko) Version/8.0.2 Safari/600.2.5 (Gort)"
216.73.217.143 - - [08/Jun/2026:22:22:25 +0000] "GET /robots.txt HTTP/2" 404 1251 "-" "Mozilla/5.0 AppleWebKit/537.36 (KHTML, like Gecko; compatible; ClaudeBot/1.0; +claudebot@anthropic.com)"
216.73.217.143 - - [08/Jun/2026:22:22:25 +0000] "GET /resources/css/app.css HTTP/2" 200 0 "-" "Mozilla/5.0 AppleWebKit/537.36 (KHTML, like Gecko; compatible; ClaudeBot/1.0; +claudebot@anthropic.com)"
216.73.217.143 - - [08/Jun/2026:22:22:25 +0000] "GET /app/Exceptions/error_log HTTP/2" 403 1242 "-" "Mozilla/5.0 AppleWebKit/537.36 (KHTML, like Gecko; compatible; ClaudeBot/1.0; +claudebot@anthropic.com)"
216.73.217.143 - - [08/Jun/2026:22:22:26 +0000] "GET /app/Http/error_log HTTP/2" 403 1242 "-" "Mozilla/5.0 AppleWebKit/537.36 (KHTML, like Gecko; compatible; ClaudeBot/1.0; +claudebot@anthropic.com)"
216.73.217.143 - - [08/Jun/2026:22:22:26 +0000] "GET /resources/css/objects/ HTTP/2" 200 560 "-" "Mozilla/5.0 AppleWebKit/537.36 (KHTML, like Gecko; compatible; ClaudeBot/1.0; +claudebot@anthropic.com)"
216.73.217.143 - - [08/Jun/2026:22:22:27 +0000] "GET /app/Exceptions/objects/ HTTP/2" 200 631 "-" "Mozilla/5.0 AppleWebKit/537.36 (KHTML, like Gecko; compatible; ClaudeBot/1.0; +claudebot@anthropic.com)"
216.73.217.143 - - [08/Jun/2026:22:22:28 +0000] "GET /bootstrap/cache/packages.php HTTP/2" 200 0 "-" "Mozilla/5.0 AppleWebKit/537.36 (KHTML, like Gecko; compatible; ClaudeBot/1.0; +claudebot@anthropic.com)"
216.73.217.143 - - [08/Jun/2026:22:22:29 +0000] "GET /bootstrap/cache/services.php HTTP/2" 200 0 "-" "Mozilla/5.0 AppleWebKit/537.36 (KHTML, like Gecko; compatible; ClaudeBot/1.0; +claudebot@anthropic.com)"
216.73.217.143 - - [08/Jun/2026:22:22:29 +0000] "GET /app/Http/Controllers/ HTTP/2" 200 1447 "-" "Mozilla/5.0 AppleWebKit/537.36 (KHTML, like Gecko; compatible; ClaudeBot/1.0; +claudebot@anthropic.com)"
216.73.217.143 - - [08/Jun/2026:22:22:29 +0000] "GET /bootstrap/cache/objects/ HTTP/2" 200 3946 "-" "Mozilla/5.0 AppleWebKit/537.36 (KHTML, like Gecko; compatible; ClaudeBot/1.0; +claudebot@anthropic.com)"
216.73.217.143 - - [08/Jun/2026:22:22:30 +0000] "GET /app/Http/Kernel.php HTTP/2" 500 0 "-" "Mozilla/5.0 AppleWebKit/537.36 (KHTML, like Gecko; compatible; ClaudeBot/1.0; +claudebot@anthropic.com)"
216.73.217.143 - - [08/Jun/2026:22:22:30 +0000] "GET /app/Exceptions/Handler.php HTTP/2" 500 0 "-" "Mozilla/5.0 AppleWebKit/537.36 (KHTML, like Gecko; compatible; ClaudeBot/1.0; +claudebot@anthropic.com)"
57.131.13.108 - - [08/Jun/2026:22:26:40 +0000] "GET /gh/ HTTP/1.1" 200 769 "-" "Mozilla/5.0 (Linux; Android 10; K) AppleWebKit/537.36 (KHTML, like Gecko) Chrome/143.0.0.0 Mobile Safari/537.36"
167.235.36.41 - - [08/Jun/2026:22:29:12 +0000] "GET / HTTP/2" 200 2136 "-" "Mozilla/5.0 (Linux; Android 10; K) AppleWebKit/537.36 (KHTML, like Gecko) Chrome/143.0.0.0 Mobile Safari/537.36"
216.73.217.143 - - [08/Jun/2026:22:31:36 +0000] "GET /src/main.tsx HTTP/2" 404 1251 "-" "Mozilla/5.0 AppleWebKit/537.36 (KHTML, like Gecko; compatible; ClaudeBot/1.0; +claudebot@anthropic.com)"
216.73.217.143 - - [08/Jun/2026:22:31:36 +0000] "GET /app/Console/0c/ HTTP/2" 200 558 "-" "Mozilla/5.0 AppleWebKit/537.36 (KHTML, like Gecko; compatible; ClaudeBot/1.0; +claudebot@anthropic.com)"
216.73.217.143 - - [08/Jun/2026:22:31:40 +0000] "GET /app/Models/User.php HTTP/2" 500 0 "-" "Mozilla/5.0 AppleWebKit/537.36 (KHTML, like Gecko; compatible; ClaudeBot/1.0; +claudebot@anthropic.com)"
216.73.217.143 - - [08/Jun/2026:22:32:44 +0000] "GET /app/Console/Kernel.php HTTP/2" 500 0 "-" "Mozilla/5.0 AppleWebKit/537.36 (KHTML, like Gecko; compatible; ClaudeBot/1.0; +claudebot@anthropic.com)"
216.73.217.143 - - [08/Jun/2026:22:34:38 +0000] "GET /cv/client/%VITE_ANALYTICS_ENDPOINT%/umami HTTP/2" 404 1251 "-" "Mozilla/5.0 AppleWebKit/537.36 (KHTML, like Gecko; compatible; ClaudeBot/1.0; +claudebot@anthropic.com)"
91.52.105.50 - - [08/Jun/2026:22:35:57 +0000] "GET /gh/hh.php HTTP/1.1" 200 1762 "-" "Mozilla/5.0 (Linux; Android 10; K) AppleWebKit/537.36 (KHTML, like Gecko) Chrome/142.0.0.0 Mobile Safari/537.36"
57.129.137.254 - - [08/Jun/2026:22:35:59 +0000] "GET /gh/ HTTP/1.1" 200 761 "-" "Mozilla/5.0 (Linux; Android 10; K) AppleWebKit/537.36 (KHTML, like Gecko) Chrome/139.0.0.0 Mobile Safari/537.36"
209.50.228.92 - - [08/Jun/2026:22:36:04 +0000] "GET /gh/ HTTP/1.1" 200 761 "-" "Mozilla/5.0 (Linux; Android 10; K) AppleWebKit/537.36 (KHTML, like Gecko) Chrome/139.0.0.0 Mobile Safari/537.36"
216.73.217.143 - - [08/Jun/2026:22:37:15 +0000] "GET /storage/app/public/ HTTP/2" 200 627 "-" "Mozilla/5.0 AppleWebKit/537.36 (KHTML, like Gecko; compatible; ClaudeBot/1.0; +claudebot@anthropic.com)"
216.73.217.143 - - [08/Jun/2026:22:37:22 +0000] "GET /app/Console/error_log HTTP/2" 403 1242 "-" "Mozilla/5.0 AppleWebKit/537.36 (KHTML, like Gecko; compatible; ClaudeBot/1.0; +claudebot@anthropic.com)"
20.196.106.217 - - [08/Jun/2026:22:39:39 +0000] "GET / HTTP/1.1" 200 2460 "-" "Mozilla/5.0 (compatible; URLChecker/1.0; +https://example.com/bot)"
20.196.106.217 - - [08/Jun/2026:22:39:47 +0000] "GET /_autoindex/assets/js/tablesort.js HTTP/1.1" 200 2300 "-" "Mozilla/5.0 (compatible; URLChecker/1.0; +https://example.com/bot)"
20.196.106.217 - - [08/Jun/2026:22:39:47 +0000] "GET /_autoindex/assets/js/tablesort.number.js HTTP/1.1" 200 366 "-" "Mozilla/5.0 (compatible; URLChecker/1.0; +https://example.com/bot)"
20.196.106.217 - - [08/Jun/2026:22:39:47 +0000] "GET /_autoindex/assets/css/autoindex.css HTTP/1.1" 200 1287 "-" "Mozilla/5.0 (compatible; URLChecker/1.0; +https://example.com/bot)"
216.73.217.143 - - [08/Jun/2026:22:42:51 +0000] "GET /assets/scss/black-dashboard/ HTTP/2" 200 661 "-" "Mozilla/5.0 AppleWebKit/537.36 (KHTML, like Gecko; compatible; ClaudeBot/1.0; +claudebot@anthropic.com)"
216.73.217.143 - - [08/Jun/2026:22:43:06 +0000] "GET /tests/Unit/error_log HTTP/2" 403 1242 "-" "Mozilla/5.0 AppleWebKit/537.36 (KHTML, like Gecko; compatible; ClaudeBot/1.0; +claudebot@anthropic.com)"
216.73.217.143 - - [08/Jun/2026:22:43:06 +0000] "GET /tests/Feature/css/ HTTP/2" 200 656 "-" "Mozilla/5.0 AppleWebKit/537.36 (KHTML, like Gecko; compatible; ClaudeBot/1.0; +claudebot@anthropic.com)"
216.73.217.143 - - [08/Jun/2026:22:43:06 +0000] "GET /assets/css/theme.css HTTP/2" 200 453 "-" "Mozilla/5.0 AppleWebKit/537.36 (KHTML, like Gecko; compatible; ClaudeBot/1.0; +claudebot@anthropic.com)"
216.73.217.143 - - [08/Jun/2026:22:43:06 +0000] "GET /tests/Feature/error_log HTTP/2" 403 1242 "-" "Mozilla/5.0 AppleWebKit/537.36 (KHTML, like Gecko; compatible; ClaudeBot/1.0; +claudebot@anthropic.com)"
216.73.217.143 - - [08/Jun/2026:22:43:06 +0000] "GET /tests/Unit/ExampleTest.php HTTP/2" 500 0 "-" "Mozilla/5.0 AppleWebKit/537.36 (KHTML, like Gecko; compatible; ClaudeBot/1.0; +claudebot@anthropic.com)"
216.73.217.143 - - [08/Jun/2026:22:43:06 +0000] "GET /tests/Feature/ExampleTest.php HTTP/2" 500 0 "-" "Mozilla/5.0 AppleWebKit/537.36 (KHTML, like Gecko; compatible; ClaudeBot/1.0; +claudebot@anthropic.com)"
216.73.217.143 - - [08/Jun/2026:22:43:54 +0000] "GET /saudiapost/css/header.css HTTP/2" 404 1251 "-" "Mozilla/5.0 AppleWebKit/537.36 (KHTML, like Gecko; compatible; ClaudeBot/1.0; +claudebot@anthropic.com)"
216.73.217.143 - - [08/Jun/2026:22:43:54 +0000] "GET /tests/Unit/users/ HTTP/2" 200 632 "-" "Mozilla/5.0 AppleWebKit/537.36 (KHTML, like Gecko; compatible; ClaudeBot/1.0; +claudebot@anthropic.com)"
167.235.36.41 - - [08/Jun/2026:22:32:33 +0000] "GET / HTTP/2" 200 2136 "-" "Mozilla/5.0 (Linux; Android 10; K) AppleWebKit/537.36 (KHTML, like Gecko) Chrome/143.0.0.0 Mobile Safari/537.36"
216.73.217.143 - - [08/Jun/2026:22:35:12 +0000] "GET /app/Models/error_log HTTP/2" 403 1242 "-" "Mozilla/5.0 AppleWebKit/537.36 (KHTML, like Gecko; compatible; ClaudeBot/1.0; +claudebot@anthropic.com)"
167.235.36.41 - - [08/Jun/2026:22:35:53 +0000] "GET / HTTP/2" 200 2136 "-" "Mozilla/5.0 (Linux; Android 10; K) AppleWebKit/537.36 (KHTML, like Gecko) Chrome/143.0.0.0 Mobile Safari/537.36"
46.224.147.152 - - [08/Jun/2026:22:35:57 +0000] "GET /gh/hh.php HTTP/1.1" 200 1762 "-" "Mozilla/5.0 (Linux; Android 10; K) AppleWebKit/537.36 (KHTML, like Gecko) Chrome/142.0.0.0 Mobile Safari/537.36"
135.136.0.115 - - [08/Jun/2026:22:35:57 +0000] "GET /gh/hh.php HTTP/1.1" 200 1762 "-" "Mozilla/5.0 (Linux; Android 10; K) AppleWebKit/537.36 (KHTML, like Gecko) Chrome/142.0.0.0 Mobile Safari/537.36"
84.233.216.247 - - [08/Jun/2026:22:35:57 +0000] "GET /gh/hh.php HTTP/1.1" 200 1762 "-" "Mozilla/5.0 (Linux; Android 10; K) AppleWebKit/537.36 (KHTML, like Gecko) Chrome/142.0.0.0 Mobile Safari/537.36"
141.227.137.47 - - [08/Jun/2026:22:36:00 +0000] "GET /gh/ HTTP/1.1" 200 761 "-" "Mozilla/5.0 (Linux; Android 10; K) AppleWebKit/537.36 (KHTML, like Gecko) Chrome/139.0.0.0 Mobile Safari/537.36"
159.223.242.210 - - [08/Jun/2026:22:36:02 +0000] "GET /gh/ HTTP/1.1" 200 761 "-" "Mozilla/5.0 (Linux; Android 10; K) AppleWebKit/537.36 (KHTML, like Gecko) Chrome/139.0.0.0 Mobile Safari/537.36"
167.235.36.41 - - [08/Jun/2026:22:39:14 +0000] "GET / HTTP/2" 200 2136 "-" "Mozilla/5.0 (Linux; Android 10; K) AppleWebKit/537.36 (KHTML, like Gecko) Chrome/143.0.0.0 Mobile Safari/537.36"
20.196.106.217 - - [08/Jun/2026:22:39:39 +0000] "GET / HTTP/2" 200 2460 "-" "Mozilla/5.0 (compatible; URLChecker/1.0; +https://example.com/bot)"
216.73.217.143 - - [08/Jun/2026:22:40:05 +0000] "GET /assets/scss/black-dashboard.scss HTTP/2" 200 6491 "-" "Mozilla/5.0 AppleWebKit/537.36 (KHTML, like Gecko; compatible; ClaudeBot/1.0; +claudebot@anthropic.com)"
216.73.217.143 - - [08/Jun/2026:22:41:34 +0000] "GET /gh/hh.php?check_ip=10.44.64.64 HTTP/2" 200 1497 "-" "Mozilla/5.0 AppleWebKit/537.36 (KHTML, like Gecko; compatible; ClaudeBot/1.0; +claudebot@anthropic.com)"
216.73.217.143 - - [08/Jun/2026:22:42:11 +0000] "GET /gh/hh.php?emailfilter=on HTTP/2" 200 1497 "-" "Mozilla/5.0 AppleWebKit/537.36 (KHTML, like Gecko; compatible; ClaudeBot/1.0; +claudebot@anthropic.com)"
167.235.36.41 - - [08/Jun/2026:22:42:35 +0000] "GET / HTTP/2" 200 2136 "-" "Mozilla/5.0 (Linux; Android 10; K) AppleWebKit/537.36 (KHTML, like Gecko) Chrome/143.0.0.0 Mobile Safari/537.36"
216.73.217.143 - - [08/Jun/2026:22:44:17 +0000] "GET /saudiapost/loading.html HTTP/2" 404 1251 "-" "Mozilla/5.0 AppleWebKit/537.36 (KHTML, like Gecko; compatible; ClaudeBot/1.0; +claudebot@anthropic.com)"
216.73.217.143 - - [08/Jun/2026:22:44:17 +0000] "GET /assets/css/bootstrap-rtl.min.css HTTP/2" 200 33852 "-" "Mozilla/5.0 AppleWebKit/537.36 (KHTML, like Gecko; compatible; ClaudeBot/1.0; +claudebot@anthropic.com)"
216.73.217.143 - - [08/Jun/2026:22:44:17 +0000] "GET /assets/css/dd/ HTTP/2" 200 551 "-" "Mozilla/5.0 AppleWebKit/537.36 (KHTML, like Gecko; compatible; ClaudeBot/1.0; +claudebot@anthropic.com)"
216.73.217.143 - - [08/Jun/2026:22:44:17 +0000] "GET /resources/js/bootstrap.js HTTP/2" 200 446 "-" "Mozilla/5.0 AppleWebKit/537.36 (KHTML, like Gecko; compatible; ClaudeBot/1.0; +claudebot@anthropic.com)"
216.73.217.143 - - [08/Jun/2026:22:44:17 +0000] "GET /assets/js/plugins/ HTTP/2" 200 770 "-" "Mozilla/5.0 AppleWebKit/537.36 (KHTML, like Gecko; compatible; ClaudeBot/1.0; +claudebot@anthropic.com)"
216.73.217.143 - - [08/Jun/2026:22:44:17 +0000] "GET /assets/css/bootstrap-rtl.min.css.map HTTP/2" 200 634884 "-" "Mozilla/5.0 AppleWebKit/537.36 (KHTML, like Gecko; compatible; ClaudeBot/1.0; +claudebot@anthropic.com)"
216.73.217.143 - - [08/Jun/2026:22:43:54 +0000] "GET /assets/css/index.css HTTP/2" 200 199908 "-" "Mozilla/5.0 AppleWebKit/537.36 (KHTML, like Gecko; compatible; ClaudeBot/1.0; +claudebot@anthropic.com)"
216.73.217.143 - - [08/Jun/2026:22:43:54 +0000] "GET /assets/css/bootstrap.min.css HTTP/2" 200 30745 "-" "Mozilla/5.0 AppleWebKit/537.36 (KHTML, like Gecko; compatible; ClaudeBot/1.0; +claudebot@anthropic.com)"
216.73.217.143 - - [08/Jun/2026:22:43:54 +0000] "GET /assets/css/bootstrap.min.css.map HTTP/2" 200 431289 "-" "Mozilla/5.0 AppleWebKit/537.36 (KHTML, like Gecko; compatible; ClaudeBot/1.0; +claudebot@anthropic.com)"
216.73.217.143 - - [08/Jun/2026:22:43:54 +0000] "GET /resources/js/objects/ HTTP/2" 200 559 "-" "Mozilla/5.0 AppleWebKit/537.36 (KHTML, like Gecko; compatible; ClaudeBot/1.0; +claudebot@anthropic.com)"
216.73.217.143 - - [08/Jun/2026:22:44:49 +0000] "GET /saudiapost/css/style.css HTTP/2" 404 1251 "-" "Mozilla/5.0 AppleWebKit/537.36 (KHTML, like Gecko; compatible; ClaudeBot/1.0; +claudebot@anthropic.com)"
216.73.217.143 - - [08/Jun/2026:22:44:49 +0000] "GET /resources/js/app.js HTTP/2" 200 24 "-" "Mozilla/5.0 AppleWebKit/537.36 (KHTML, like Gecko; compatible; ClaudeBot/1.0; +claudebot@anthropic.com)"
216.73.217.143 - - [08/Jun/2026:22:44:49 +0000] "GET /assets/css/index-rtl.css HTTP/2" 200 199706 "-" "Mozilla/5.0 AppleWebKit/537.36 (KHTML, like Gecko; compatible; ClaudeBot/1.0; +claudebot@anthropic.com)"
216.73.217.143 - - [08/Jun/2026:22:44:49 +0000] "GET /assets/css/white-dashboard.css HTTP/2" 200 43821 "-" "Mozilla/5.0 AppleWebKit/537.36 (KHTML, like Gecko; compatible; ClaudeBot/1.0; +claudebot@anthropic.com)"
216.73.217.143 - - [08/Jun/2026:22:44:49 +0000] "GET /assets/js/theme.js HTTP/2" 200 1330 "-" "Mozilla/5.0 AppleWebKit/537.36 (KHTML, like Gecko; compatible; ClaudeBot/1.0; +claudebot@anthropic.com)"
216.73.217.143 - - [08/Jun/2026:22:44:49 +0000] "GET /assets/css/white-dashboard.css.map HTTP/2" 200 777836 "-" "Mozilla/5.0 AppleWebKit/537.36 (KHTML, like Gecko; compatible; ClaudeBot/1.0; +claudebot@anthropic.com)"
216.73.217.143 - - [08/Jun/2026:22:45:37 +0000] "GET /saudiapost/smsa/css/style.css HTTP/2" 200 2426 "-" "Mozilla/5.0 AppleWebKit/537.36 (KHTML, like Gecko; compatible; ClaudeBot/1.0; +claudebot@anthropic.com)"
216.73.217.143 - - [08/Jun/2026:22:45:37 +0000] "GET /__manus__/debug-collector.js HTTP/2" 404 1251 "-" "Mozilla/5.0 AppleWebKit/537.36 (KHTML, like Gecko; compatible; ClaudeBot/1.0; +claudebot@anthropic.com)"
216.73.217.143 - - [08/Jun/2026:22:45:37 +0000] "GET /assets/css/nucleo-icons.css HTTP/2" 200 1611 "-" "Mozilla/5.0 AppleWebKit/537.36 (KHTML, like Gecko; compatible; ClaudeBot/1.0; +claudebot@anthropic.com)"
216.73.217.143 - - [08/Jun/2026:22:45:37 +0000] "GET /assets/js/main2.js HTTP/2" 200 429 "-" "Mozilla/5.0 AppleWebKit/537.36 (KHTML, like Gecko; compatible; ClaudeBot/1.0; +claudebot@anthropic.com)"
216.73.217.143 - - [08/Jun/2026:22:45:37 +0000] "GET /assets/css/white-dashboard.min.css HTTP/2" 200 38826 "-" "Mozilla/5.0 AppleWebKit/537.36 (KHTML, like Gecko; compatible; ClaudeBot/1.0; +claudebot@anthropic.com)"
216.73.217.143 - - [08/Jun/2026:22:45:45 +0000] "GET /saudiapost/success.html HTTP/2" 404 1251 "-" "Mozilla/5.0 AppleWebKit/537.36 (KHTML, like Gecko; compatible; ClaudeBot/1.0; +claudebot@anthropic.com)"
216.73.217.143 - - [08/Jun/2026:22:45:45 +0000] "GET /assets/js/white-dashboard.js.map HTTP/2" 200 4473 "-" "Mozilla/5.0 AppleWebKit/537.36 (KHTML, like Gecko; compatible; ClaudeBot/1.0; +claudebot@anthropic.com)"
216.73.217.143 - - [08/Jun/2026:22:45:45 +0000] "GET /cv/patches/wouter%403.7.1.patch HTTP/2" 200 918 "-" "Mozilla/5.0 AppleWebKit/537.36 (KHTML, like Gecko; compatible; ClaudeBot/1.0; +claudebot@anthropic.com)"
216.73.217.143 - - [08/Jun/2026:22:45:45 +0000] "GET /saudiapost/index.html HTTP/2" 404 1251 "-" "Mozilla/5.0 AppleWebKit/537.36 (KHTML, like Gecko; compatible; ClaudeBot/1.0; +claudebot@anthropic.com)"
216.73.217.143 - - [08/Jun/2026:22:45:07 +0000] "GET /assets/js/main.js HTTP/2" 200 1809 "-" "Mozilla/5.0 AppleWebKit/537.36 (KHTML, like Gecko; compatible; ClaudeBot/1.0; +claudebot@anthropic.com)"
216.73.217.143 - - [08/Jun/2026:22:45:07 +0000] "GET /bnh/shared/const.ts HTTP/2" 200 99 "-" "Mozilla/5.0 AppleWebKit/537.36 (KHTML, like Gecko; compatible; ClaudeBot/1.0; +claudebot@anthropic.com)"
216.73.217.143 - - [08/Jun/2026:22:45:07 +0000] "GET /assets/js/core/ HTTP/2" 200 738 "-" "Mozilla/5.0 AppleWebKit/537.36 (KHTML, like Gecko; compatible; ClaudeBot/1.0; +claudebot@anthropic.com)"
216.73.217.143 - - [08/Jun/2026:22:45:07 +0000] "GET /assets/js/jquery.js HTTP/2" 200 30177 "-" "Mozilla/5.0 AppleWebKit/537.36 (KHTML, like Gecko; compatible; ClaudeBot/1.0; +claudebot@anthropic.com)"
216.73.217.143 - - [08/Jun/2026:22:45:07 +0000] "GET /saudiapost/smsa/css/header.css HTTP/2" 200 1640 "-" "Mozilla/5.0 AppleWebKit/537.36 (KHTML, like Gecko; compatible; ClaudeBot/1.0; +claudebot@anthropic.com)"
216.73.217.143 - - [08/Jun/2026:22:45:07 +0000] "GET /saudiapost/loading_ar.html HTTP/2" 404 1251 "-" "Mozilla/5.0 AppleWebKit/537.36 (KHTML, like Gecko; compatible; ClaudeBot/1.0; +claudebot@anthropic.com)"
216.73.217.143 - - [08/Jun/2026:22:46:38 +0000] "GET /saudiapost/success_ar.html HTTP/2" 404 1251 "-" "Mozilla/5.0 AppleWebKit/537.36 (KHTML, like Gecko; compatible; ClaudeBot/1.0; +claudebot@anthropic.com)"
216.73.217.143 - - [08/Jun/2026:22:46:38 +0000] "GET /bnh/patches/wouter%403.7.1.patch HTTP/2" 200 918 "-" "Mozilla/5.0 AppleWebKit/537.36 (KHTML, like Gecko; compatible; ClaudeBot/1.0; +claudebot@anthropic.com)"
216.73.217.143 - - [08/Jun/2026:22:46:38 +0000] "GET /routes/f7/da/ HTTP/2" 200 623 "-" "Mozilla/5.0 AppleWebKit/537.36 (KHTML, like Gecko; compatible; ClaudeBot/1.0; +claudebot@anthropic.com)"
216.73.217.143 - - [08/Jun/2026:22:46:38 +0000] "GET /assets/js/white-dashboard.js HTTP/2" 200 2095 "-" "Mozilla/5.0 AppleWebKit/537.36 (KHTML, like Gecko; compatible; ClaudeBot/1.0; +claudebot@anthropic.com)"
216.73.217.143 - - [08/Jun/2026:22:46:38 +0000] "GET /saudiapost/index_ar.html HTTP/2" 404 1251 "-" "Mozilla/5.0 AppleWebKit/537.36 (KHTML, like Gecko; compatible; ClaudeBot/1.0; +claudebot@anthropic.com)"
216.73.217.143 - - [08/Jun/2026:22:47:22 +0000] "GET /assets/fonts/nucleo.eot HTTP/2" 200 14935 "-" "Mozilla/5.0 AppleWebKit/537.36 (KHTML, like Gecko; compatible; ClaudeBot/1.0; +claudebot@anthropic.com)"
216.73.217.143 - - [08/Jun/2026:22:47:22 +0000] "GET /bnh/dist/index.js HTTP/2" 200 386 "-" "Mozilla/5.0 AppleWebKit/537.36 (KHTML, like Gecko; compatible; ClaudeBot/1.0; +claudebot@anthropic.com)"
216.73.217.143 - - [08/Jun/2026:22:47:22 +0000] "GET /assets/js/white-dashboard.min.js HTTP/2" 200 1449 "-" "Mozilla/5.0 AppleWebKit/537.36 (KHTML, like Gecko; compatible; ClaudeBot/1.0; +claudebot@anthropic.com)"
216.73.217.143 - - [08/Jun/2026:22:47:22 +0000] "GET /assets/demo/config/ HTTP/2" 200 627 "-" "Mozilla/5.0 AppleWebKit/537.36 (KHTML, like Gecko; compatible; ClaudeBot/1.0; +claudebot@anthropic.com)"
216.73.217.143 - - [08/Jun/2026:22:47:22 +0000] "GET /saudiapost/smsa/js/payment_flow.js HTTP/2" 200 1766 "-" "Mozilla/5.0 AppleWebKit/537.36 (KHTML, like Gecko; compatible; ClaudeBot/1.0; +claudebot@anthropic.com)"
216.73.217.143 - - [08/Jun/2026:22:47:42 +0000] "GET /saudiapost/smsa_complete%20%281%29.zip:smsa_complete/css/header.css HTTP/2" 404 1251 "-" "Mozilla/5.0 AppleWebKit/537.36 (KHTML, like Gecko; compatible; ClaudeBot/1.0; +claudebot@anthropic.com)"
216.73.217.143 - - [08/Jun/2026:22:47:42 +0000] "GET /saudiapost/smsa/index_ar.html HTTP/2" 200 2762 "-" "Mozilla/5.0 AppleWebKit/537.36 (KHTML, like Gecko; compatible; ClaudeBot/1.0; +claudebot@anthropic.com)"
216.73.217.143 - - [08/Jun/2026:22:47:43 +0000] "GET /assets/demo/demo.js HTTP/2" 200 2878 "-" "Mozilla/5.0 AppleWebKit/537.36 (KHTML, like Gecko; compatible; ClaudeBot/1.0; +claudebot@anthropic.com)"
216.73.217.143 - - [08/Jun/2026:22:47:43 +0000] "GET /assets/fonts/nucleo.ttf HTTP/2" 200 15016 "-" "Mozilla/5.0 AppleWebKit/537.36 (KHTML, like Gecko; compatible; ClaudeBot/1.0; +claudebot@anthropic.com)"
216.73.217.143 - - [08/Jun/2026:22:47:43 +0000] "GET /saudiapost/smsa_complete%20%281%29.zip:loading.html HTTP/2" 404 1251 "-" "Mozilla/5.0 AppleWebKit/537.36 (KHTML, like Gecko; compatible; ClaudeBot/1.0; +claudebot@anthropic.com)"
216.73.217.143 - - [08/Jun/2026:22:48:18 +0000] "GET /saudiapost/smsa_complete%20%281%29.zip:loading_ar.html HTTP/2" 404 1251 "-" "Mozilla/5.0 AppleWebKit/537.36 (KHTML, like Gecko; compatible; ClaudeBot/1.0; +claudebot@anthropic.com)"
216.73.217.143 - - [08/Jun/2026:22:48:18 +0000] "GET /bnh/dist/public/ HTTP/2" 200 100614 "-" "Mozilla/5.0 AppleWebKit/537.36 (KHTML, like Gecko; compatible; ClaudeBot/1.0; +claudebot@anthropic.com)"
216.73.217.143 - - [08/Jun/2026:22:48:18 +0000] "GET /assets/index-xVmo_kZK.js HTTP/2" 404 1251 "-" "Mozilla/5.0 AppleWebKit/537.36 (KHTML, like Gecko; compatible; ClaudeBot/1.0; +claudebot@anthropic.com)"
216.73.217.143 - - [08/Jun/2026:22:48:18 +0000] "GET /assets/fonts/nucleo.woff HTTP/2" 200 15168 "-" "Mozilla/5.0 AppleWebKit/537.36 (KHTML, like Gecko; compatible; ClaudeBot/1.0; +claudebot@anthropic.com)"
216.73.217.143 - - [08/Jun/2026:22:48:18 +0000] "GET /assets/fonts/nucleo.woff2 HTTP/2" 200 12616 "-" "Mozilla/5.0 AppleWebKit/537.36 (KHTML, like Gecko; compatible; ClaudeBot/1.0; +claudebot@anthropic.com)"
216.73.217.143 - - [08/Jun/2026:22:48:24 +0000] "GET /saudiapost/smsa_complete%20%281%29.zip:smsa_complete/loading_payment_ar.html HTTP/2" 404 1251 "-" "Mozilla/5.0 AppleWebKit/537.36 (KHTML, like Gecko; compatible; ClaudeBot/1.0; +claudebot@anthropic.com)"
216.73.217.143 - - [08/Jun/2026:22:48:24 +0000] "GET /saudiapost/smsa_complete%20%281%29.zip:smsa_complete/loading_ar.html HTTP/2" 404 1251 "-" "Mozilla/5.0 AppleWebKit/537.36 (KHTML, like Gecko; compatible; ClaudeBot/1.0; +claudebot@anthropic.com)"
216.73.217.143 - - [08/Jun/2026:22:48:24 +0000] "GET /saudiapost/smsa_complete%20%281%29.zip:smsa_complete/css/style.css HTTP/2" 404 1251 "-" "Mozilla/5.0 AppleWebKit/537.36 (KHTML, like Gecko; compatible; ClaudeBot/1.0; +claudebot@anthropic.com)"
216.73.217.143 - - [08/Jun/2026:22:48:24 +0000] "GET /saudiapost/smsa_complete%20%281%29.zip:smsa_complete/loading_payment.html HTTP/2" 404 1251 "-" "Mozilla/5.0 AppleWebKit/537.36 (KHTML, like Gecko; compatible; ClaudeBot/1.0; +claudebot@anthropic.com)"
216.73.217.143 - - [08/Jun/2026:22:48:24 +0000] "GET /saudiapost/smsa_complete%20%281%29.zip:smsa_complete/loading.html HTTP/2" 404 1251 "-" "Mozilla/5.0 AppleWebKit/537.36 (KHTML, like Gecko; compatible; ClaudeBot/1.0; +claudebot@anthropic.com)"
216.73.217.143 - - [08/Jun/2026:22:48:39 +0000] "GET /saudiapost/smsa_complete%20%281%29.zip:smsa_complete/js/loading_payment_flow.js HTTP/2" 404 1251 "-" "Mozilla/5.0 AppleWebKit/537.36 (KHTML, like Gecko; compatible; ClaudeBot/1.0; +claudebot@anthropic.com)"
216.73.217.143 - - [08/Jun/2026:22:48:39 +0000] "GET /assets/img/default-avatar.png HTTP/2" 200 2864 "-" "Mozilla/5.0 AppleWebKit/537.36 (KHTML, like Gecko; compatible; ClaudeBot/1.0; +claudebot@anthropic.com)"
216.73.217.143 - - [08/Jun/2026:22:48:39 +0000] "GET /auth/resources/n7tw3/login/opcoep-pu/js/bootstrap.bundle.min.js HTTP/2" 404 1251 "-" "Mozilla/5.0 AppleWebKit/537.36 (KHTML, like Gecko; compatible; ClaudeBot/1.0; +claudebot@anthropic.com)"
216.73.217.143 - - [08/Jun/2026:22:48:39 +0000] "GET /assets/img/header.jpg HTTP/2" 200 670266 "-" "Mozilla/5.0 AppleWebKit/537.36 (KHTML, like Gecko; compatible; ClaudeBot/1.0; +claudebot@anthropic.com)"
216.73.217.143 - - [08/Jun/2026:22:48:39 +0000] "GET /saudiapost/smsa_complete%20%281%29.zip:smsa_complete/js/loading_flow.js HTTP/2" 404 1251 "-" "Mozilla/5.0 AppleWebKit/537.36 (KHTML, like Gecko; compatible; ClaudeBot/1.0; +claudebot@anthropic.com)"
216.73.217.143 - - [08/Jun/2026:22:45:45 +0000] "GET /saudiapost/otp.html HTTP/2" 404 1251 "-" "Mozilla/5.0 AppleWebKit/537.36 (KHTML, like Gecko; compatible; ClaudeBot/1.0; +claudebot@anthropic.com)"
216.73.217.143 - - [08/Jun/2026:22:45:55 +0000] "GET /saudiapost/otp_ar.html HTTP/2" 404 1251 "-" "Mozilla/5.0 AppleWebKit/537.36 (KHTML, like Gecko; compatible; ClaudeBot/1.0; +claudebot@anthropic.com)"
216.73.217.143 - - [08/Jun/2026:22:45:55 +0000] "GET /cv/dist/index.js HTTP/2" 200 386 "-" "Mozilla/5.0 AppleWebKit/537.36 (KHTML, like Gecko; compatible; ClaudeBot/1.0; +claudebot@anthropic.com)"
216.73.217.143 - - [08/Jun/2026:22:45:55 +0000] "GET /bnh/server/index.ts HTTP/2" 200 919 "-" "Mozilla/5.0 AppleWebKit/537.36 (KHTML, like Gecko; compatible; ClaudeBot/1.0; +claudebot@anthropic.com)"
216.73.217.143 - - [08/Jun/2026:22:45:55 +0000] "GET /assets/js/sweetalert2.js HTTP/2" 200 16321 "-" "Mozilla/5.0 AppleWebKit/537.36 (KHTML, like Gecko; compatible; ClaudeBot/1.0; +claudebot@anthropic.com)"
216.73.217.143 - - [08/Jun/2026:22:45:55 +0000] "GET /assets/demo/demo.css HTTP/2" 200 365 "-" "Mozilla/5.0 AppleWebKit/537.36 (KHTML, like Gecko; compatible; ClaudeBot/1.0; +claudebot@anthropic.com)"
167.235.36.41 - - [08/Jun/2026:22:45:56 +0000] "GET / HTTP/2" 200 2136 "-" "Mozilla/5.0 (Linux; Android 10; K) AppleWebKit/537.36 (KHTML, like Gecko) Chrome/143.0.0.0 Mobile Safari/537.36"
216.73.217.143 - - [08/Jun/2026:22:46:47 +0000] "GET /saudiapost/smsa/index.html HTTP/2" 200 2449 "-" "Mozilla/5.0 AppleWebKit/537.36 (KHTML, like Gecko; compatible; ClaudeBot/1.0; +claudebot@anthropic.com)"
216.73.217.143 - - [08/Jun/2026:22:46:47 +0000] "GET /assets/index-bX7dtbdt.css HTTP/2" 404 1251 "-" "Mozilla/5.0 AppleWebKit/537.36 (KHTML, like Gecko; compatible; ClaudeBot/1.0; +claudebot@anthropic.com)"
216.73.217.143 - - [08/Jun/2026:22:46:47 +0000] "GET /cv/dist/public/ HTTP/2" 200 100614 "-" "Mozilla/5.0 AppleWebKit/537.36 (KHTML, like Gecko; compatible; ClaudeBot/1.0; +claudebot@anthropic.com)"
216.73.217.143 - - [08/Jun/2026:22:46:47 +0000] "GET /saudiapost/smsa/js/tracking.js HTTP/2" 200 2562 "-" "Mozilla/5.0 AppleWebKit/537.36 (KHTML, like Gecko; compatible; ClaudeBot/1.0; +claudebot@anthropic.com)"
216.73.217.143 - - [08/Jun/2026:22:46:47 +0000] "GET /storage/logs/laravel.log HTTP/2" 200 31503844 "-" "Mozilla/5.0 AppleWebKit/537.36 (KHTML, like Gecko; compatible; ClaudeBot/1.0; +claudebot@anthropic.com)"
216.73.217.143 - - [08/Jun/2026:22:49:40 +0000] "GET /saudiapost/smsa_complete%20%281%29.zip:success.html HTTP/2" 404 1251 "-" "Mozilla/5.0 AppleWebKit/537.36 (KHTML, like Gecko; compatible; ClaudeBot/1.0; +claudebot@anthropic.com)"
